{"id":213008,"date":"2023-11-10T17:44:57","date_gmt":"2023-11-10T17:44:57","guid":{"rendered":"https:\/\/didacta.com.uy\/sitio\/?post_type=product&#038;p=213008"},"modified":"2023-11-14T14:59:30","modified_gmt":"2023-11-14T14:59:30","slug":"x-shot-skins-lock-c-16-dardos","status":"publish","type":"product","link":"https:\/\/didacta.com.uy\/sitio\/producto\/x-shot-skins-lock-c-16-dardos\/","title":{"rendered":"X SHOT SKINS LOCK C\/ 16 DARDOS"},"content":{"rendered":"<p>Viv\u00ed una experiencia \u00fanica con el lanzador X-Shot Skins Lock Blaster!<br \/>\nBloqueo de seguridad, solo se puede usar cuando est\u00e1 desbloqueado.<br \/>\nPuede alcanzar objetos de hasta 27 metros de distancia.<br \/>\nCilindro giratorio autom\u00e1tico con capacidad de 8 dardos.<br \/>\nIncluye: 16 Dardos.<\/p>\n<p><strong>C\u00f3digo:\u00a0<\/strong>36606<br \/>\n<strong>C\u00f3digo de barras:<\/strong> 7730549006777<br \/>\n<strong>Edad:<\/strong>\u00a08 a\u00f1os en adelante<br \/>\n<strong>Medidas: <\/strong>60 x 6,5 x 29 cm<\/p>\n<p><iframe loading=\"lazy\" width=\"560\" height=\"315\" src=\"https:\/\/www.youtube.com\/embed\/Y7zucXOMcMw?si=flwLaWzoG4opbpyR\" title=\"YouTube video player\" frameborder=\"0\" allow=\"accelerometer; autoplay; clipboard-write; encrypted-media; gyroscope; picture-in-picture; web-share\" allowfullscreen><\/iframe><\/p>\n","protected":false},"excerpt":{"rendered":"<p>Viv\u00ed una experiencia \u00fanica con el lanzador X-Shot Skins Lock Blaster!<br \/>\nBloqueo de seguridad, solo se puede usar cuando est\u00e1 desbloqueado.<br \/>\nPuede alcanzar objetos de hasta 27 metros de distancia.<br \/>\nCilindro giratorio autom\u00e1tico con capacidad de 8 dardos.<br \/>\nIncluye: 16 Dardos.<\/p>\n<p><strong>C\u00f3digo:\u00a0<\/strong>36606<br \/>\n<strong>C\u00f3digo de barras:<\/strong> 7730549006777<br \/>\n<strong>Edad:<\/strong>\u00a08 a\u00f1os en adelante<br \/>\n<strong>Medidas: <\/strong>60 x 6,5 x 29 cm<\/p>\n<p><iframe loading=\"lazy\" width=\"560\" height=\"315\" src=\"https:\/\/www.youtube.com\/embed\/Y7zucXOMcMw?si=flwLaWzoG4opbpyR\" title=\"YouTube video player\" frameborder=\"0\" allow=\"accelerometer; autoplay; clipboard-write; encrypted-media; gyroscope; picture-in-picture; web-share\" allowfullscreen><\/iframe><\/p>\n","protected":false},"featured_media":213009,"comment_status":"closed","ping_status":"closed","template":"","meta":{"_et_pb_use_builder":"","_et_pb_old_content":"","_et_gb_content_width":"","_uf_show_specific_survey":0,"_uf_disable_surveys":false},"product_brand":[],"product_cat":[209],"product_tag":[],"class_list":{"0":"post-213008","1":"product","2":"type-product","3":"status-publish","4":"has-post-thumbnail","6":"product_cat-pets-alive","8":"first","9":"instock","10":"taxable","11":"shipping-taxable","12":"product-type-simple"},"aioseo_notices":[],"yoast_head":"<!-- This site is optimized with the Yoast SEO plugin v24.8.1 - https:\/\/yoast.com\/wordpress\/plugins\/seo\/ -->\n<title>X SHOT SKINS LOCK C\/ 16 DARDOS - Didacta<\/title>\n<meta name=\"robots\" content=\"index, follow, max-snippet:-1, max-image-preview:large, max-video-preview:-1\" \/>\n<link rel=\"canonical\" href=\"https:\/\/didacta.com.uy\/sitio\/producto\/x-shot-skins-lock-c-16-dardos\/\" \/>\n<meta property=\"og:locale\" content=\"es_ES\" \/>\n<meta property=\"og:type\" content=\"article\" \/>\n<meta property=\"og:title\" content=\"X SHOT SKINS LOCK C\/ 16 DARDOS - Didacta\" \/>\n<meta property=\"og:description\" content=\"Viv\u00ed una experiencia \u00fanica con el lanzador X-Shot Skins Lock Blaster! Bloqueo de seguridad, solo se puede usar cuando est\u00e1 desbloqueado. Puede alcanzar objetos de hasta 27 metros de distancia. Cilindro giratorio autom\u00e1tico con capacidad de 8 dardos. Incluye: 16 Dardos.  C\u00f3digo:\u00a036606 C\u00f3digo de barras: 7730549006777 Edad:\u00a08 a\u00f1os en adelante Medidas: 60 x 6,5 x 29 cm\" \/>\n<meta property=\"og:url\" content=\"https:\/\/didacta.com.uy\/sitio\/producto\/x-shot-skins-lock-c-16-dardos\/\" \/>\n<meta property=\"og:site_name\" content=\"Didacta\" \/>\n<meta property=\"article:modified_time\" content=\"2023-11-14T14:59:30+00:00\" \/>\n<meta property=\"og:image\" content=\"https:\/\/didacta.com.uy\/sitio\/wp-content\/uploads\/2023\/11\/36606.jpg\" \/>\n\t<meta property=\"og:image:width\" content=\"700\" \/>\n\t<meta property=\"og:image:height\" content=\"700\" \/>\n\t<meta property=\"og:image:type\" content=\"image\/jpeg\" \/>\n<meta name=\"twitter:card\" content=\"summary_large_image\" \/>\n<meta name=\"twitter:label1\" content=\"Tiempo de lectura\" \/>\n\t<meta name=\"twitter:data1\" content=\"1 minuto\" \/>\n<script type=\"application\/ld+json\" class=\"yoast-schema-graph\">{\"@context\":\"https:\/\/schema.org\",\"@graph\":[{\"@type\":\"WebPage\",\"@id\":\"https:\/\/didacta.com.uy\/sitio\/producto\/x-shot-skins-lock-c-16-dardos\/\",\"url\":\"https:\/\/didacta.com.uy\/sitio\/producto\/x-shot-skins-lock-c-16-dardos\/\",\"name\":\"X SHOT SKINS LOCK C\/ 16 DARDOS - Didacta\",\"isPartOf\":{\"@id\":\"https:\/\/didacta.com.uy\/sitio\/#website\"},\"primaryImageOfPage\":{\"@id\":\"https:\/\/didacta.com.uy\/sitio\/producto\/x-shot-skins-lock-c-16-dardos\/#primaryimage\"},\"image\":{\"@id\":\"https:\/\/didacta.com.uy\/sitio\/producto\/x-shot-skins-lock-c-16-dardos\/#primaryimage\"},\"thumbnailUrl\":\"https:\/\/didacta.com.uy\/sitio\/wp-content\/uploads\/2023\/11\/36606.jpg\",\"datePublished\":\"2023-11-10T17:44:57+00:00\",\"dateModified\":\"2023-11-14T14:59:30+00:00\",\"breadcrumb\":{\"@id\":\"https:\/\/didacta.com.uy\/sitio\/producto\/x-shot-skins-lock-c-16-dardos\/#breadcrumb\"},\"inLanguage\":\"es\",\"potentialAction\":[{\"@type\":\"ReadAction\",\"target\":[\"https:\/\/didacta.com.uy\/sitio\/producto\/x-shot-skins-lock-c-16-dardos\/\"]}]},{\"@type\":\"ImageObject\",\"inLanguage\":\"es\",\"@id\":\"https:\/\/didacta.com.uy\/sitio\/producto\/x-shot-skins-lock-c-16-dardos\/#primaryimage\",\"url\":\"https:\/\/didacta.com.uy\/sitio\/wp-content\/uploads\/2023\/11\/36606.jpg\",\"contentUrl\":\"https:\/\/didacta.com.uy\/sitio\/wp-content\/uploads\/2023\/11\/36606.jpg\",\"width\":700,\"height\":700},{\"@type\":\"BreadcrumbList\",\"@id\":\"https:\/\/didacta.com.uy\/sitio\/producto\/x-shot-skins-lock-c-16-dardos\/#breadcrumb\",\"itemListElement\":[{\"@type\":\"ListItem\",\"position\":1,\"name\":\"Portada\",\"item\":\"https:\/\/didacta.com.uy\/sitio\/\"},{\"@type\":\"ListItem\",\"position\":2,\"name\":\"Inicio\",\"item\":\"https:\/\/didacta.com.uy\/sitio\/\"},{\"@type\":\"ListItem\",\"position\":3,\"name\":\"X SHOT SKINS LOCK C\/ 16 DARDOS\"}]},{\"@type\":\"WebSite\",\"@id\":\"https:\/\/didacta.com.uy\/sitio\/#website\",\"url\":\"https:\/\/didacta.com.uy\/sitio\/\",\"name\":\"Didacta\",\"description\":\"Con m\u00e1s de 20 a\u00f1os de experiencia, DIDACTA es la marca l\u00edder en el mercado uruguayo de juegos de mesa.\",\"potentialAction\":[{\"@type\":\"SearchAction\",\"target\":{\"@type\":\"EntryPoint\",\"urlTemplate\":\"https:\/\/didacta.com.uy\/sitio\/?s={search_term_string}\"},\"query-input\":{\"@type\":\"PropertyValueSpecification\",\"valueRequired\":true,\"valueName\":\"search_term_string\"}}],\"inLanguage\":\"es\"}]}<\/script>\n<!-- \/ Yoast SEO plugin. -->","yoast_head_json":{"title":"X SHOT SKINS LOCK C\/ 16 DARDOS - Didacta","robots":{"index":"index","follow":"follow","max-snippet":"max-snippet:-1","max-image-preview":"max-image-preview:large","max-video-preview":"max-video-preview:-1"},"canonical":"https:\/\/didacta.com.uy\/sitio\/producto\/x-shot-skins-lock-c-16-dardos\/","og_locale":"es_ES","og_type":"article","og_title":"X SHOT SKINS LOCK C\/ 16 DARDOS - Didacta","og_description":"Viv\u00ed una experiencia \u00fanica con el lanzador X-Shot Skins Lock Blaster! Bloqueo de seguridad, solo se puede usar cuando est\u00e1 desbloqueado. Puede alcanzar objetos de hasta 27 metros de distancia. Cilindro giratorio autom\u00e1tico con capacidad de 8 dardos. Incluye: 16 Dardos.  C\u00f3digo:\u00a036606 C\u00f3digo de barras: 7730549006777 Edad:\u00a08 a\u00f1os en adelante Medidas: 60 x 6,5 x 29 cm","og_url":"https:\/\/didacta.com.uy\/sitio\/producto\/x-shot-skins-lock-c-16-dardos\/","og_site_name":"Didacta","article_modified_time":"2023-11-14T14:59:30+00:00","og_image":[{"width":700,"height":700,"url":"https:\/\/didacta.com.uy\/sitio\/wp-content\/uploads\/2023\/11\/36606.jpg","type":"image\/jpeg"}],"twitter_card":"summary_large_image","twitter_misc":{"Tiempo de lectura":"1 minuto"},"schema":{"@context":"https:\/\/schema.org","@graph":[{"@type":"WebPage","@id":"https:\/\/didacta.com.uy\/sitio\/producto\/x-shot-skins-lock-c-16-dardos\/","url":"https:\/\/didacta.com.uy\/sitio\/producto\/x-shot-skins-lock-c-16-dardos\/","name":"X SHOT SKINS LOCK C\/ 16 DARDOS - Didacta","isPartOf":{"@id":"https:\/\/didacta.com.uy\/sitio\/#website"},"primaryImageOfPage":{"@id":"https:\/\/didacta.com.uy\/sitio\/producto\/x-shot-skins-lock-c-16-dardos\/#primaryimage"},"image":{"@id":"https:\/\/didacta.com.uy\/sitio\/producto\/x-shot-skins-lock-c-16-dardos\/#primaryimage"},"thumbnailUrl":"https:\/\/didacta.com.uy\/sitio\/wp-content\/uploads\/2023\/11\/36606.jpg","datePublished":"2023-11-10T17:44:57+00:00","dateModified":"2023-11-14T14:59:30+00:00","breadcrumb":{"@id":"https:\/\/didacta.com.uy\/sitio\/producto\/x-shot-skins-lock-c-16-dardos\/#breadcrumb"},"inLanguage":"es","potentialAction":[{"@type":"ReadAction","target":["https:\/\/didacta.com.uy\/sitio\/producto\/x-shot-skins-lock-c-16-dardos\/"]}]},{"@type":"ImageObject","inLanguage":"es","@id":"https:\/\/didacta.com.uy\/sitio\/producto\/x-shot-skins-lock-c-16-dardos\/#primaryimage","url":"https:\/\/didacta.com.uy\/sitio\/wp-content\/uploads\/2023\/11\/36606.jpg","contentUrl":"https:\/\/didacta.com.uy\/sitio\/wp-content\/uploads\/2023\/11\/36606.jpg","width":700,"height":700},{"@type":"BreadcrumbList","@id":"https:\/\/didacta.com.uy\/sitio\/producto\/x-shot-skins-lock-c-16-dardos\/#breadcrumb","itemListElement":[{"@type":"ListItem","position":1,"name":"Portada","item":"https:\/\/didacta.com.uy\/sitio\/"},{"@type":"ListItem","position":2,"name":"Inicio","item":"https:\/\/didacta.com.uy\/sitio\/"},{"@type":"ListItem","position":3,"name":"X SHOT SKINS LOCK C\/ 16 DARDOS"}]},{"@type":"WebSite","@id":"https:\/\/didacta.com.uy\/sitio\/#website","url":"https:\/\/didacta.com.uy\/sitio\/","name":"Didacta","description":"Con m\u00e1s de 20 a\u00f1os de experiencia, DIDACTA es la marca l\u00edder en el mercado uruguayo de juegos de mesa.","potentialAction":[{"@type":"SearchAction","target":{"@type":"EntryPoint","urlTemplate":"https:\/\/didacta.com.uy\/sitio\/?s={search_term_string}"},"query-input":{"@type":"PropertyValueSpecification","valueRequired":true,"valueName":"search_term_string"}}],"inLanguage":"es"}]}},"_links":{"self":[{"href":"https:\/\/didacta.com.uy\/sitio\/wp-json\/wp\/v2\/product\/213008","targetHints":{"allow":["GET"]}}],"collection":[{"href":"https:\/\/didacta.com.uy\/sitio\/wp-json\/wp\/v2\/product"}],"about":[{"href":"https:\/\/didacta.com.uy\/sitio\/wp-json\/wp\/v2\/types\/product"}],"replies":[{"embeddable":true,"href":"https:\/\/didacta.com.uy\/sitio\/wp-json\/wp\/v2\/comments?post=213008"}],"wp:featuredmedia":[{"embeddable":true,"href":"https:\/\/didacta.com.uy\/sitio\/wp-json\/wp\/v2\/media\/213009"}],"wp:attachment":[{"href":"https:\/\/didacta.com.uy\/sitio\/wp-json\/wp\/v2\/media?parent=213008"}],"wp:term":[{"taxonomy":"product_brand","embeddable":true,"href":"https:\/\/didacta.com.uy\/sitio\/wp-json\/wp\/v2\/product_brand?post=213008"},{"taxonomy":"product_cat","embeddable":true,"href":"https:\/\/didacta.com.uy\/sitio\/wp-json\/wp\/v2\/product_cat?post=213008"},{"taxonomy":"product_tag","embeddable":true,"href":"https:\/\/didacta.com.uy\/sitio\/wp-json\/wp\/v2\/product_tag?post=213008"}],"curies":[{"name":"wp","href":"https:\/\/api.w.org\/{rel}","templated":true}]}}