{"id":210306,"date":"2022-10-28T17:10:53","date_gmt":"2022-10-28T17:10:53","guid":{"rendered":"https:\/\/didacta.com.uy\/sitio\/?post_type=product&#038;p=210306"},"modified":"2023-11-13T19:03:15","modified_gmt":"2023-11-13T19:03:15","slug":"robo-alive-dinosaurio","status":"publish","type":"product","link":"https:\/\/didacta.com.uy\/sitio\/producto\/robo-alive-dinosaurio\/","title":{"rendered":"ROBO ALIVE DINOSAURIO T- REX"},"content":{"rendered":"<p><span class=\"a-list-item\"> Drag\u00f3n Robo Alive Azul Zuru Super Real Sienta la Quemadura o Dinosaurio T-rex War Robo Alive Zuru \u00a1Prep\u00e1rate para una Batalla \u00e9Pica de Dinosaurios! Ponte la Armadura Defensiva, Carga el Dino Blaster y Lucha. con Rugidos Realistas y Movimientos Comprobamos Que Esta No es una Mascota Com\u00fan. Este T-rex Pisa Fuerte y Camina con un Movimiento de Dinosaurio Real. Incluso Muerde y Ruge con Ojos S\u00faper Realistas Que Parecen Vivos. Ahora, con Armadura Defensiva, Este T-rex es Imprescindible en Tu Pr\u00f3xima Batalla de Dinosaurios. las Caracter\u00edsticas Iluminadas Significan Que Este T-rex Puede Correr y Cazar en la Oscuridad. Est\u00e1 Mas Que Vivo, \u00a1es Robo Alive!\u00a0<\/span><\/p>\n<p><strong><span style=\"color: #ff0000;\">C\u00f3digo:<\/span><\/strong> 7132<br \/>\n<strong><span style=\"color: #ff0000;\">C\u00f3digo de barras:<\/span> <\/strong>7730549005947<br \/>\n<strong><span style=\"color: #ff0000;\">Cantidad de jugadores:<\/span> <\/strong>1 a mas<br \/>\n<strong><span style=\"color: #ff0000;\">Edad:<\/span><\/strong> De 3 a\u00f1os en adelante<br \/>\n<strong><span style=\"color: #ff0000;\">Cantidad de piezas:<\/span> <\/strong>1 Dinosaurio T-Rex<br \/>\n<strong><span style=\"color: #ff0000;\">Medidas:<\/span> <\/strong>38 x 11 x 23 cm<\/p>\n<p>&nbsp;<\/p>\n<p>&nbsp;<\/p>\n<p><iframe loading=\"lazy\" width=\"560\" height=\"315\" src=\"https:\/\/www.youtube.com\/embed\/2aWXGEBGVGE?si=KyPPep0HiA9yAZXx\" title=\"YouTube video player\" frameborder=\"0\" allow=\"accelerometer; autoplay; clipboard-write; encrypted-media; gyroscope; picture-in-picture; web-share\" allowfullscreen><\/iframe><\/p>\n","protected":false},"excerpt":{"rendered":"<p><span class=\"a-list-item\">Drag\u00f3n Robo Alive Azul Zuru Super Real Sienta la Quemadura o Dinosaurio T-rex War Robo Alive Zuru \u00a1Prep\u00e1rate para una Batalla \u00e9Pica de Dinosaurios! Ponte la Armadura Defensiva, Carga el Dino Blaster y Lucha. con Rugidos Realistas y Movimientos Comprobamos Que Esta No es una Mascota Com\u00fan. Este T-rex Pisa Fuerte y Camina con un Movimiento de Dinosaurio Real. Incluso Muerde y Ruge con Ojos S\u00faper Realistas Que Parecen Vivos. Ahora, con Armadura Defensiva, Este T-rex es Imprescindible en Tu Pr\u00f3xima Batalla de Dinosaurios. las Caracter\u00edsticas Iluminadas Significan Que Este T-rex Puede Correr y Cazar en la Oscuridad. Est\u00e1 Mas Que Vivo, \u00a1es Robo Alive!\u00a0<\/span><\/p>\n<p><strong><span style=\"color: #ff0000;\">C\u00f3digo:<\/span><\/strong> 7132<br \/>\n<strong><span style=\"color: #ff0000;\">C\u00f3digo de barras:<\/span> <\/strong>7730549005947<br \/>\n<strong><span style=\"color: #ff0000;\">Cantidad de jugadores:<\/span> <\/strong>1 a mas<br \/>\n<strong><span style=\"color: #ff0000;\">Edad:<\/span><\/strong> De 3 a\u00f1os en adelante<br \/>\n<strong><span style=\"color: #ff0000;\">Cantidad de piezas:<\/span> <\/strong>1 Dinosaurio T-Rex<br \/>\n<strong><span style=\"color: #ff0000;\">Medidas:<\/span> <\/strong>38 x 11 x 23 cm<\/p>\n<p><iframe loading=\"lazy\" width=\"560\" height=\"315\" src=\"https:\/\/www.youtube.com\/embed\/2aWXGEBGVGE?si=KyPPep0HiA9yAZXx\" title=\"YouTube video player\" frameborder=\"0\" allow=\"accelerometer; autoplay; clipboard-write; encrypted-media; gyroscope; picture-in-picture; web-share\" allowfullscreen><\/iframe><\/p>\n","protected":false},"featured_media":210309,"comment_status":"closed","ping_status":"closed","template":"","meta":{"_et_pb_use_builder":"off","_et_pb_old_content":"<span class=\"a-list-item\">Lil' Paw Paw Paw es perfecto para cepillar y abrazar por su pelo suave con\u00a0<\/span><span class=\"a-list-item\">Hermosos detalles: la pata de pata de Lil' como sus ojos azules brillantes, que brillan casi tanto como su lazo y cuello perfectamente rosados. Sus <\/span><span class=\"a-list-item\">Movimientos realista camina hacia adelante y para mostrarla a todos tus amigos y ver su ladrido como un cachorro real controlandola con su correa.\u00a0<\/span>\r\n\r\n<strong><span style=\"color: #ff0000\">C\u00f3digo:<\/span><\/strong> 9531\r\n<strong><span style=\"color: #ff0000\">C\u00f3digo de barras:<\/span> <\/strong>7730549006401\r\n<strong><span style=\"color: #ff0000\">Cantidad de jugadores:<\/span> <\/strong>1 a mas\r\n<strong><span style=\"color: #ff0000\">Edad:<\/span><\/strong> De 3 a\u00f1os en adelante\r\n<strong><span style=\"color: #ff0000\">Cantidad de piezas:<\/span> <\/strong>1 Perrito con correa\r\n<strong><span style=\"color: #ff0000\">Medidas:<\/span> <\/strong>29 x 14 x 29 cm","_et_gb_content_width":"","_uf_show_specific_survey":0,"_uf_disable_surveys":false},"product_brand":[],"product_cat":[230],"product_tag":[],"class_list":{"0":"post-210306","1":"product","2":"type-product","3":"status-publish","4":"has-post-thumbnail","6":"product_cat-robo-alive","8":"first","9":"instock","10":"purchasable","11":"product-type-simple"},"aioseo_notices":[],"yoast_head":"<!-- This site is optimized with the Yoast SEO plugin v24.8.1 - https:\/\/yoast.com\/wordpress\/plugins\/seo\/ -->\n<title>ROBO ALIVE DINOSAURIO T- REX - Didacta<\/title>\n<meta name=\"robots\" content=\"index, follow, max-snippet:-1, max-image-preview:large, max-video-preview:-1\" \/>\n<link rel=\"canonical\" href=\"https:\/\/didacta.com.uy\/sitio\/producto\/robo-alive-dinosaurio\/\" \/>\n<meta property=\"og:locale\" content=\"es_ES\" \/>\n<meta property=\"og:type\" content=\"article\" \/>\n<meta property=\"og:title\" content=\"ROBO ALIVE DINOSAURIO T- REX - Didacta\" \/>\n<meta property=\"og:description\" content=\"Drag\u00f3n Robo Alive Azul Zuru Super Real Sienta la Quemadura o Dinosaurio T-rex War Robo Alive Zuru \u00a1Prep\u00e1rate para una Batalla \u00e9Pica de Dinosaurios! Ponte la Armadura Defensiva, Carga el Dino Blaster y Lucha. con Rugidos Realistas y Movimientos Comprobamos Que Esta No es una Mascota Com\u00fan. Este T-rex Pisa Fuerte y Camina con un Movimiento de Dinosaurio Real. Incluso Muerde y Ruge con Ojos S\u00faper Realistas Que Parecen Vivos. Ahora, con Armadura Defensiva, Este T-rex es Imprescindible en Tu Pr\u00f3xima Batalla de Dinosaurios. las Caracter\u00edsticas Iluminadas Significan Que Este T-rex Puede Correr y Cazar en la Oscuridad. Est\u00e1 Mas Que Vivo, \u00a1es Robo Alive!\u00a0  C\u00f3digo: 7132 C\u00f3digo de barras: 7730549005947 Cantidad de jugadores: 1 a mas Edad: De 3 a\u00f1os en adelante Cantidad de piezas: 1 Dinosaurio T-Rex Medidas: 38 x 11 x 23 cm\" \/>\n<meta property=\"og:url\" content=\"https:\/\/didacta.com.uy\/sitio\/producto\/robo-alive-dinosaurio\/\" \/>\n<meta property=\"og:site_name\" content=\"Didacta\" \/>\n<meta property=\"article:modified_time\" content=\"2023-11-13T19:03:15+00:00\" \/>\n<meta property=\"og:image\" content=\"https:\/\/didacta.com.uy\/sitio\/wp-content\/uploads\/2022\/10\/7132-ZURU-ROBO-ALIVE-DINO-WARS-SERIES-1-T-REX-03-scaled.webp\" \/>\n\t<meta property=\"og:image:width\" content=\"2560\" \/>\n\t<meta property=\"og:image:height\" content=\"2560\" \/>\n\t<meta property=\"og:image:type\" content=\"image\/webp\" \/>\n<meta name=\"twitter:card\" content=\"summary_large_image\" \/>\n<meta name=\"twitter:label1\" content=\"Tiempo de lectura\" \/>\n\t<meta name=\"twitter:data1\" content=\"1 minuto\" \/>\n<script type=\"application\/ld+json\" class=\"yoast-schema-graph\">{\"@context\":\"https:\/\/schema.org\",\"@graph\":[{\"@type\":\"WebPage\",\"@id\":\"https:\/\/didacta.com.uy\/sitio\/producto\/robo-alive-dinosaurio\/\",\"url\":\"https:\/\/didacta.com.uy\/sitio\/producto\/robo-alive-dinosaurio\/\",\"name\":\"ROBO ALIVE DINOSAURIO T- REX - Didacta\",\"isPartOf\":{\"@id\":\"https:\/\/didacta.com.uy\/sitio\/#website\"},\"primaryImageOfPage\":{\"@id\":\"https:\/\/didacta.com.uy\/sitio\/producto\/robo-alive-dinosaurio\/#primaryimage\"},\"image\":{\"@id\":\"https:\/\/didacta.com.uy\/sitio\/producto\/robo-alive-dinosaurio\/#primaryimage\"},\"thumbnailUrl\":\"https:\/\/didacta.com.uy\/sitio\/wp-content\/uploads\/2022\/10\/7132-ZURU-ROBO-ALIVE-DINO-WARS-SERIES-1-T-REX-03-scaled.webp\",\"datePublished\":\"2022-10-28T17:10:53+00:00\",\"dateModified\":\"2023-11-13T19:03:15+00:00\",\"breadcrumb\":{\"@id\":\"https:\/\/didacta.com.uy\/sitio\/producto\/robo-alive-dinosaurio\/#breadcrumb\"},\"inLanguage\":\"es\",\"potentialAction\":[{\"@type\":\"ReadAction\",\"target\":[\"https:\/\/didacta.com.uy\/sitio\/producto\/robo-alive-dinosaurio\/\"]}]},{\"@type\":\"ImageObject\",\"inLanguage\":\"es\",\"@id\":\"https:\/\/didacta.com.uy\/sitio\/producto\/robo-alive-dinosaurio\/#primaryimage\",\"url\":\"https:\/\/didacta.com.uy\/sitio\/wp-content\/uploads\/2022\/10\/7132-ZURU-ROBO-ALIVE-DINO-WARS-SERIES-1-T-REX-03-scaled.webp\",\"contentUrl\":\"https:\/\/didacta.com.uy\/sitio\/wp-content\/uploads\/2022\/10\/7132-ZURU-ROBO-ALIVE-DINO-WARS-SERIES-1-T-REX-03-scaled.webp\",\"width\":2560,\"height\":2560},{\"@type\":\"BreadcrumbList\",\"@id\":\"https:\/\/didacta.com.uy\/sitio\/producto\/robo-alive-dinosaurio\/#breadcrumb\",\"itemListElement\":[{\"@type\":\"ListItem\",\"position\":1,\"name\":\"Portada\",\"item\":\"https:\/\/didacta.com.uy\/sitio\/\"},{\"@type\":\"ListItem\",\"position\":2,\"name\":\"Inicio\",\"item\":\"https:\/\/didacta.com.uy\/sitio\/\"},{\"@type\":\"ListItem\",\"position\":3,\"name\":\"ROBO ALIVE DINOSAURIO T- REX\"}]},{\"@type\":\"WebSite\",\"@id\":\"https:\/\/didacta.com.uy\/sitio\/#website\",\"url\":\"https:\/\/didacta.com.uy\/sitio\/\",\"name\":\"Didacta\",\"description\":\"Con m\u00e1s de 20 a\u00f1os de experiencia, DIDACTA es la marca l\u00edder en el mercado uruguayo de juegos de mesa.\",\"potentialAction\":[{\"@type\":\"SearchAction\",\"target\":{\"@type\":\"EntryPoint\",\"urlTemplate\":\"https:\/\/didacta.com.uy\/sitio\/?s={search_term_string}\"},\"query-input\":{\"@type\":\"PropertyValueSpecification\",\"valueRequired\":true,\"valueName\":\"search_term_string\"}}],\"inLanguage\":\"es\"}]}<\/script>\n<!-- \/ Yoast SEO plugin. -->","yoast_head_json":{"title":"ROBO ALIVE DINOSAURIO T- REX - Didacta","robots":{"index":"index","follow":"follow","max-snippet":"max-snippet:-1","max-image-preview":"max-image-preview:large","max-video-preview":"max-video-preview:-1"},"canonical":"https:\/\/didacta.com.uy\/sitio\/producto\/robo-alive-dinosaurio\/","og_locale":"es_ES","og_type":"article","og_title":"ROBO ALIVE DINOSAURIO T- REX - Didacta","og_description":"Drag\u00f3n Robo Alive Azul Zuru Super Real Sienta la Quemadura o Dinosaurio T-rex War Robo Alive Zuru \u00a1Prep\u00e1rate para una Batalla \u00e9Pica de Dinosaurios! Ponte la Armadura Defensiva, Carga el Dino Blaster y Lucha. con Rugidos Realistas y Movimientos Comprobamos Que Esta No es una Mascota Com\u00fan. Este T-rex Pisa Fuerte y Camina con un Movimiento de Dinosaurio Real. Incluso Muerde y Ruge con Ojos S\u00faper Realistas Que Parecen Vivos. Ahora, con Armadura Defensiva, Este T-rex es Imprescindible en Tu Pr\u00f3xima Batalla de Dinosaurios. las Caracter\u00edsticas Iluminadas Significan Que Este T-rex Puede Correr y Cazar en la Oscuridad. Est\u00e1 Mas Que Vivo, \u00a1es Robo Alive!\u00a0  C\u00f3digo: 7132 C\u00f3digo de barras: 7730549005947 Cantidad de jugadores: 1 a mas Edad: De 3 a\u00f1os en adelante Cantidad de piezas: 1 Dinosaurio T-Rex Medidas: 38 x 11 x 23 cm","og_url":"https:\/\/didacta.com.uy\/sitio\/producto\/robo-alive-dinosaurio\/","og_site_name":"Didacta","article_modified_time":"2023-11-13T19:03:15+00:00","og_image":[{"width":2560,"height":2560,"url":"https:\/\/didacta.com.uy\/sitio\/wp-content\/uploads\/2022\/10\/7132-ZURU-ROBO-ALIVE-DINO-WARS-SERIES-1-T-REX-03-scaled.webp","type":"image\/webp"}],"twitter_card":"summary_large_image","twitter_misc":{"Tiempo de lectura":"1 minuto"},"schema":{"@context":"https:\/\/schema.org","@graph":[{"@type":"WebPage","@id":"https:\/\/didacta.com.uy\/sitio\/producto\/robo-alive-dinosaurio\/","url":"https:\/\/didacta.com.uy\/sitio\/producto\/robo-alive-dinosaurio\/","name":"ROBO ALIVE DINOSAURIO T- REX - Didacta","isPartOf":{"@id":"https:\/\/didacta.com.uy\/sitio\/#website"},"primaryImageOfPage":{"@id":"https:\/\/didacta.com.uy\/sitio\/producto\/robo-alive-dinosaurio\/#primaryimage"},"image":{"@id":"https:\/\/didacta.com.uy\/sitio\/producto\/robo-alive-dinosaurio\/#primaryimage"},"thumbnailUrl":"https:\/\/didacta.com.uy\/sitio\/wp-content\/uploads\/2022\/10\/7132-ZURU-ROBO-ALIVE-DINO-WARS-SERIES-1-T-REX-03-scaled.webp","datePublished":"2022-10-28T17:10:53+00:00","dateModified":"2023-11-13T19:03:15+00:00","breadcrumb":{"@id":"https:\/\/didacta.com.uy\/sitio\/producto\/robo-alive-dinosaurio\/#breadcrumb"},"inLanguage":"es","potentialAction":[{"@type":"ReadAction","target":["https:\/\/didacta.com.uy\/sitio\/producto\/robo-alive-dinosaurio\/"]}]},{"@type":"ImageObject","inLanguage":"es","@id":"https:\/\/didacta.com.uy\/sitio\/producto\/robo-alive-dinosaurio\/#primaryimage","url":"https:\/\/didacta.com.uy\/sitio\/wp-content\/uploads\/2022\/10\/7132-ZURU-ROBO-ALIVE-DINO-WARS-SERIES-1-T-REX-03-scaled.webp","contentUrl":"https:\/\/didacta.com.uy\/sitio\/wp-content\/uploads\/2022\/10\/7132-ZURU-ROBO-ALIVE-DINO-WARS-SERIES-1-T-REX-03-scaled.webp","width":2560,"height":2560},{"@type":"BreadcrumbList","@id":"https:\/\/didacta.com.uy\/sitio\/producto\/robo-alive-dinosaurio\/#breadcrumb","itemListElement":[{"@type":"ListItem","position":1,"name":"Portada","item":"https:\/\/didacta.com.uy\/sitio\/"},{"@type":"ListItem","position":2,"name":"Inicio","item":"https:\/\/didacta.com.uy\/sitio\/"},{"@type":"ListItem","position":3,"name":"ROBO ALIVE DINOSAURIO T- REX"}]},{"@type":"WebSite","@id":"https:\/\/didacta.com.uy\/sitio\/#website","url":"https:\/\/didacta.com.uy\/sitio\/","name":"Didacta","description":"Con m\u00e1s de 20 a\u00f1os de experiencia, DIDACTA es la marca l\u00edder en el mercado uruguayo de juegos de mesa.","potentialAction":[{"@type":"SearchAction","target":{"@type":"EntryPoint","urlTemplate":"https:\/\/didacta.com.uy\/sitio\/?s={search_term_string}"},"query-input":{"@type":"PropertyValueSpecification","valueRequired":true,"valueName":"search_term_string"}}],"inLanguage":"es"}]}},"_links":{"self":[{"href":"https:\/\/didacta.com.uy\/sitio\/wp-json\/wp\/v2\/product\/210306","targetHints":{"allow":["GET"]}}],"collection":[{"href":"https:\/\/didacta.com.uy\/sitio\/wp-json\/wp\/v2\/product"}],"about":[{"href":"https:\/\/didacta.com.uy\/sitio\/wp-json\/wp\/v2\/types\/product"}],"replies":[{"embeddable":true,"href":"https:\/\/didacta.com.uy\/sitio\/wp-json\/wp\/v2\/comments?post=210306"}],"wp:featuredmedia":[{"embeddable":true,"href":"https:\/\/didacta.com.uy\/sitio\/wp-json\/wp\/v2\/media\/210309"}],"wp:attachment":[{"href":"https:\/\/didacta.com.uy\/sitio\/wp-json\/wp\/v2\/media?parent=210306"}],"wp:term":[{"taxonomy":"product_brand","embeddable":true,"href":"https:\/\/didacta.com.uy\/sitio\/wp-json\/wp\/v2\/product_brand?post=210306"},{"taxonomy":"product_cat","embeddable":true,"href":"https:\/\/didacta.com.uy\/sitio\/wp-json\/wp\/v2\/product_cat?post=210306"},{"taxonomy":"product_tag","embeddable":true,"href":"https:\/\/didacta.com.uy\/sitio\/wp-json\/wp\/v2\/product_tag?post=210306"}],"curies":[{"name":"wp","href":"https:\/\/api.w.org\/{rel}","templated":true}]}}