{"id":209505,"date":"2022-09-16T17:23:05","date_gmt":"2022-09-16T17:23:05","guid":{"rendered":"http:\/\/didacta.com.uy\/sitio\/?post_type=product&#038;p=209505"},"modified":"2024-02-14T04:59:57","modified_gmt":"2024-02-14T04:59:57","slug":"dino-come-todo","status":"publish","type":"product","link":"https:\/\/didacta.com.uy\/sitio\/producto\/dino-come-todo\/","title":{"rendered":"DINO COME TODO"},"content":{"rendered":"<p>Dale comida a Dino, \u00c9l come todo . \u00a1 Abre la boca y se traga el pollo, el pescado y la carne directamente! Luego, simplemente abre la barriga para comenzar de nuevo. Este amiguito tiene varias actividades que estimulan la creatividad.<\/p>\n<p><strong>C\u00f3digo: 972<\/strong><br \/>\n<strong>C\u00f3digo de barras:<\/strong> 7896448197203<br \/>\n<strong>Edad:<\/strong> 1 a\u00f1os en adelante<br \/>\n<strong>Medidas:<\/strong> 26 x 11 x 31 cm<\/p>\n","protected":false},"excerpt":{"rendered":"<p>Dale comida a Dino, \u00c9l come todo . \u00a1 Abre la boca y se traga el pollo, el pescado y la carne directamente! Luego, simplemente abre la barriga para comenzar de nuevo. Este amiguito tiene varias actividades que estimulan la creatividad.<\/p>\n<p><strong>C\u00f3digo: 972<\/strong><br \/>\n<strong>C\u00f3digo de barras:<\/strong> 7896448197203<br \/>\n<strong>Edad:<\/strong> 1 a\u00f1os en adelante<br \/>\n<strong>Medidas:<\/strong> 26 x 11 x 31 cm<\/p>\n","protected":false},"featured_media":212549,"comment_status":"closed","ping_status":"closed","template":"","meta":{"_et_pb_use_builder":"","_et_pb_old_content":"","_et_gb_content_width":"","_uf_show_specific_survey":0,"_uf_disable_surveys":false},"product_brand":[],"product_cat":[70,203],"product_tag":[],"class_list":{"0":"post-209505","1":"product","2":"type-product","3":"status-publish","4":"has-post-thumbnail","6":"product_cat-1-a-3-anos","7":"product_cat-elka-primer-infancia","9":"first","10":"instock","11":"purchasable","12":"product-type-simple"},"aioseo_notices":[],"yoast_head":"<!-- This site is optimized with the Yoast SEO plugin v24.8.1 - https:\/\/yoast.com\/wordpress\/plugins\/seo\/ -->\n<title>DINO COME TODO - Didacta<\/title>\n<meta name=\"robots\" content=\"index, follow, max-snippet:-1, max-image-preview:large, max-video-preview:-1\" \/>\n<link rel=\"canonical\" href=\"https:\/\/didacta.com.uy\/sitio\/producto\/dino-come-todo\/\" \/>\n<meta property=\"og:locale\" content=\"es_ES\" \/>\n<meta property=\"og:type\" content=\"article\" \/>\n<meta property=\"og:title\" content=\"DINO COME TODO - Didacta\" \/>\n<meta property=\"og:description\" content=\"Dale comida a Dino, \u00c9l come todo . \u00a1 Abre la boca y se traga el pollo, el pescado y la carne directamente! Luego, simplemente abre la barriga para comenzar de nuevo. Este amiguito tiene varias actividades que estimulan la creatividad.  C\u00f3digo: 972 C\u00f3digo de barras: 7896448197203 Edad: 1 a\u00f1os en adelante Medidas: 26 x 11 x 31 cm\" \/>\n<meta property=\"og:url\" content=\"https:\/\/didacta.com.uy\/sitio\/producto\/dino-come-todo\/\" \/>\n<meta property=\"og:site_name\" content=\"Didacta\" \/>\n<meta property=\"article:modified_time\" content=\"2024-02-14T04:59:57+00:00\" \/>\n<meta property=\"og:image\" content=\"https:\/\/didacta.com.uy\/sitio\/wp-content\/uploads\/2022\/09\/Captura-de-Pantalla-2023-07-29-a-las-09.56.53.png\" \/>\n\t<meta property=\"og:image:width\" content=\"378\" \/>\n\t<meta property=\"og:image:height\" content=\"438\" \/>\n\t<meta property=\"og:image:type\" content=\"image\/png\" \/>\n<meta name=\"twitter:card\" content=\"summary_large_image\" \/>\n<meta name=\"twitter:label1\" content=\"Tiempo de lectura\" \/>\n\t<meta name=\"twitter:data1\" content=\"1 minuto\" \/>\n<script type=\"application\/ld+json\" class=\"yoast-schema-graph\">{\"@context\":\"https:\/\/schema.org\",\"@graph\":[{\"@type\":\"WebPage\",\"@id\":\"https:\/\/didacta.com.uy\/sitio\/producto\/dino-come-todo\/\",\"url\":\"https:\/\/didacta.com.uy\/sitio\/producto\/dino-come-todo\/\",\"name\":\"DINO COME TODO - Didacta\",\"isPartOf\":{\"@id\":\"https:\/\/didacta.com.uy\/sitio\/#website\"},\"primaryImageOfPage\":{\"@id\":\"https:\/\/didacta.com.uy\/sitio\/producto\/dino-come-todo\/#primaryimage\"},\"image\":{\"@id\":\"https:\/\/didacta.com.uy\/sitio\/producto\/dino-come-todo\/#primaryimage\"},\"thumbnailUrl\":\"https:\/\/didacta.com.uy\/sitio\/wp-content\/uploads\/2022\/09\/Captura-de-Pantalla-2023-07-29-a-las-09.56.53.png\",\"datePublished\":\"2022-09-16T17:23:05+00:00\",\"dateModified\":\"2024-02-14T04:59:57+00:00\",\"breadcrumb\":{\"@id\":\"https:\/\/didacta.com.uy\/sitio\/producto\/dino-come-todo\/#breadcrumb\"},\"inLanguage\":\"es\",\"potentialAction\":[{\"@type\":\"ReadAction\",\"target\":[\"https:\/\/didacta.com.uy\/sitio\/producto\/dino-come-todo\/\"]}]},{\"@type\":\"ImageObject\",\"inLanguage\":\"es\",\"@id\":\"https:\/\/didacta.com.uy\/sitio\/producto\/dino-come-todo\/#primaryimage\",\"url\":\"https:\/\/didacta.com.uy\/sitio\/wp-content\/uploads\/2022\/09\/Captura-de-Pantalla-2023-07-29-a-las-09.56.53.png\",\"contentUrl\":\"https:\/\/didacta.com.uy\/sitio\/wp-content\/uploads\/2022\/09\/Captura-de-Pantalla-2023-07-29-a-las-09.56.53.png\",\"width\":378,\"height\":438},{\"@type\":\"BreadcrumbList\",\"@id\":\"https:\/\/didacta.com.uy\/sitio\/producto\/dino-come-todo\/#breadcrumb\",\"itemListElement\":[{\"@type\":\"ListItem\",\"position\":1,\"name\":\"Portada\",\"item\":\"https:\/\/didacta.com.uy\/sitio\/\"},{\"@type\":\"ListItem\",\"position\":2,\"name\":\"Inicio\",\"item\":\"https:\/\/didacta.com.uy\/sitio\/\"},{\"@type\":\"ListItem\",\"position\":3,\"name\":\"DINO COME TODO\"}]},{\"@type\":\"WebSite\",\"@id\":\"https:\/\/didacta.com.uy\/sitio\/#website\",\"url\":\"https:\/\/didacta.com.uy\/sitio\/\",\"name\":\"Didacta\",\"description\":\"Con m\u00e1s de 20 a\u00f1os de experiencia, DIDACTA es la marca l\u00edder en el mercado uruguayo de juegos de mesa.\",\"potentialAction\":[{\"@type\":\"SearchAction\",\"target\":{\"@type\":\"EntryPoint\",\"urlTemplate\":\"https:\/\/didacta.com.uy\/sitio\/?s={search_term_string}\"},\"query-input\":{\"@type\":\"PropertyValueSpecification\",\"valueRequired\":true,\"valueName\":\"search_term_string\"}}],\"inLanguage\":\"es\"}]}<\/script>\n<!-- \/ Yoast SEO plugin. -->","yoast_head_json":{"title":"DINO COME TODO - Didacta","robots":{"index":"index","follow":"follow","max-snippet":"max-snippet:-1","max-image-preview":"max-image-preview:large","max-video-preview":"max-video-preview:-1"},"canonical":"https:\/\/didacta.com.uy\/sitio\/producto\/dino-come-todo\/","og_locale":"es_ES","og_type":"article","og_title":"DINO COME TODO - Didacta","og_description":"Dale comida a Dino, \u00c9l come todo . \u00a1 Abre la boca y se traga el pollo, el pescado y la carne directamente! Luego, simplemente abre la barriga para comenzar de nuevo. Este amiguito tiene varias actividades que estimulan la creatividad.  C\u00f3digo: 972 C\u00f3digo de barras: 7896448197203 Edad: 1 a\u00f1os en adelante Medidas: 26 x 11 x 31 cm","og_url":"https:\/\/didacta.com.uy\/sitio\/producto\/dino-come-todo\/","og_site_name":"Didacta","article_modified_time":"2024-02-14T04:59:57+00:00","og_image":[{"width":378,"height":438,"url":"https:\/\/didacta.com.uy\/sitio\/wp-content\/uploads\/2022\/09\/Captura-de-Pantalla-2023-07-29-a-las-09.56.53.png","type":"image\/png"}],"twitter_card":"summary_large_image","twitter_misc":{"Tiempo de lectura":"1 minuto"},"schema":{"@context":"https:\/\/schema.org","@graph":[{"@type":"WebPage","@id":"https:\/\/didacta.com.uy\/sitio\/producto\/dino-come-todo\/","url":"https:\/\/didacta.com.uy\/sitio\/producto\/dino-come-todo\/","name":"DINO COME TODO - Didacta","isPartOf":{"@id":"https:\/\/didacta.com.uy\/sitio\/#website"},"primaryImageOfPage":{"@id":"https:\/\/didacta.com.uy\/sitio\/producto\/dino-come-todo\/#primaryimage"},"image":{"@id":"https:\/\/didacta.com.uy\/sitio\/producto\/dino-come-todo\/#primaryimage"},"thumbnailUrl":"https:\/\/didacta.com.uy\/sitio\/wp-content\/uploads\/2022\/09\/Captura-de-Pantalla-2023-07-29-a-las-09.56.53.png","datePublished":"2022-09-16T17:23:05+00:00","dateModified":"2024-02-14T04:59:57+00:00","breadcrumb":{"@id":"https:\/\/didacta.com.uy\/sitio\/producto\/dino-come-todo\/#breadcrumb"},"inLanguage":"es","potentialAction":[{"@type":"ReadAction","target":["https:\/\/didacta.com.uy\/sitio\/producto\/dino-come-todo\/"]}]},{"@type":"ImageObject","inLanguage":"es","@id":"https:\/\/didacta.com.uy\/sitio\/producto\/dino-come-todo\/#primaryimage","url":"https:\/\/didacta.com.uy\/sitio\/wp-content\/uploads\/2022\/09\/Captura-de-Pantalla-2023-07-29-a-las-09.56.53.png","contentUrl":"https:\/\/didacta.com.uy\/sitio\/wp-content\/uploads\/2022\/09\/Captura-de-Pantalla-2023-07-29-a-las-09.56.53.png","width":378,"height":438},{"@type":"BreadcrumbList","@id":"https:\/\/didacta.com.uy\/sitio\/producto\/dino-come-todo\/#breadcrumb","itemListElement":[{"@type":"ListItem","position":1,"name":"Portada","item":"https:\/\/didacta.com.uy\/sitio\/"},{"@type":"ListItem","position":2,"name":"Inicio","item":"https:\/\/didacta.com.uy\/sitio\/"},{"@type":"ListItem","position":3,"name":"DINO COME TODO"}]},{"@type":"WebSite","@id":"https:\/\/didacta.com.uy\/sitio\/#website","url":"https:\/\/didacta.com.uy\/sitio\/","name":"Didacta","description":"Con m\u00e1s de 20 a\u00f1os de experiencia, DIDACTA es la marca l\u00edder en el mercado uruguayo de juegos de mesa.","potentialAction":[{"@type":"SearchAction","target":{"@type":"EntryPoint","urlTemplate":"https:\/\/didacta.com.uy\/sitio\/?s={search_term_string}"},"query-input":{"@type":"PropertyValueSpecification","valueRequired":true,"valueName":"search_term_string"}}],"inLanguage":"es"}]}},"_links":{"self":[{"href":"https:\/\/didacta.com.uy\/sitio\/wp-json\/wp\/v2\/product\/209505","targetHints":{"allow":["GET"]}}],"collection":[{"href":"https:\/\/didacta.com.uy\/sitio\/wp-json\/wp\/v2\/product"}],"about":[{"href":"https:\/\/didacta.com.uy\/sitio\/wp-json\/wp\/v2\/types\/product"}],"replies":[{"embeddable":true,"href":"https:\/\/didacta.com.uy\/sitio\/wp-json\/wp\/v2\/comments?post=209505"}],"wp:featuredmedia":[{"embeddable":true,"href":"https:\/\/didacta.com.uy\/sitio\/wp-json\/wp\/v2\/media\/212549"}],"wp:attachment":[{"href":"https:\/\/didacta.com.uy\/sitio\/wp-json\/wp\/v2\/media?parent=209505"}],"wp:term":[{"taxonomy":"product_brand","embeddable":true,"href":"https:\/\/didacta.com.uy\/sitio\/wp-json\/wp\/v2\/product_brand?post=209505"},{"taxonomy":"product_cat","embeddable":true,"href":"https:\/\/didacta.com.uy\/sitio\/wp-json\/wp\/v2\/product_cat?post=209505"},{"taxonomy":"product_tag","embeddable":true,"href":"https:\/\/didacta.com.uy\/sitio\/wp-json\/wp\/v2\/product_tag?post=209505"}],"curies":[{"name":"wp","href":"https:\/\/api.w.org\/{rel}","templated":true}]}}