{"id":208885,"date":"2021-06-23T18:36:40","date_gmt":"2021-06-23T18:36:40","guid":{"rendered":"http:\/\/didacta.com.uy\/sitio\/?post_type=product&#038;p=208885"},"modified":"2022-10-05T12:01:06","modified_gmt":"2022-10-05T12:01:06","slug":"rampas-coloridas","status":"publish","type":"product","link":"https:\/\/didacta.com.uy\/sitio\/producto\/rampas-coloridas\/","title":{"rendered":"RAMPAS COLORIDAS"},"content":{"rendered":"<p>TOPA TOPA, los juguetes que introducen al ni\u00f1o en el mundo de las formas, los colores y el juego, estimulando su creatividad, habilidad manual y sus sentidos. Han sido dise\u00f1ados con formas redondeadas y materiales de calidad y resistencia, estudiados para garantizar la seguridad del ni\u00f1o. Contiene 4 bolas de coloras y 4 rampas para que bajen las bolas alrededor de ellas.<br \/>\nDidacta con Topa Topa inicia a ni\u00f1os y ni\u00f1as en el mundo del juguete incentivando el desarrollo de sus capacidades .<\/p>\n<p><strong><span style=\"color: #ff0000;\">C\u00f3digo:<\/span><\/strong> 600\/36<br \/>\n<strong><span style=\"color: #ff0000;\">C\u00f3digo de barras:<\/span><\/strong> 7730549005626<br \/>\n<strong><span style=\"color: #ff0000;\">Edad:<\/span><\/strong>\u00a01 a\u00f1o en adelante<br \/>\n<strong><span style=\"color: #ff0000;\">Contenido:<\/span><\/strong>\u00a08 piezas<br \/>\n<strong><span style=\"color: #ff0000;\">Medidas:<\/span> <\/strong>24,5 x 27,8 x 10,5 cms<br \/>\n<strong><span style=\"color: #ff0000;\">Instrucciones:<\/span> <\/strong><a href=\"#\">Descargar<\/a><\/p>\n","protected":false},"excerpt":{"rendered":"<p>TOPA TOPA, los juguetes que introducen al ni\u00f1o en el mundo de las formas, los colores y el juego, estimulando su creatividad, habilidad manual y sus sentidos. Han sido dise\u00f1ados con formas redondeadas y materiales de calidad y resistencia, estudiados para garantizar la seguridad del ni\u00f1o. Contiene 4 bolas de coloras y 4 rampas para que bajen las bolas alrededor de ellas.<br \/>\nDidacta con Topa Topa inicia a ni\u00f1os y ni\u00f1as en el mundo del juguete incentivando el desarrollo de sus capacidades .<\/p>\n<p><strong><span style=\"color: #ff0000;\">C\u00f3digo:<\/span><\/strong> 600\/36<br \/>\n<strong><span style=\"color: #ff0000;\">C\u00f3digo de barras:<\/span><\/strong> 7730549005626<br \/>\n<strong><span style=\"color: #ff0000;\">Edad:<\/span><\/strong>\u00a01 a\u00f1o en adelante<br \/>\n<strong><span style=\"color: #ff0000;\">Contenido:<\/span><\/strong>\u00a08 piezas<br \/>\n<strong><span style=\"color: #ff0000;\">Medidas:<\/span> <\/strong>24,5 x 27,8 x 10,5 cms<br \/>\n<strong><span style=\"color: #ff0000;\">Instrucciones:<\/span> <\/strong><a href=\"#\">Descargar<\/a><\/p>\n","protected":false},"featured_media":208937,"comment_status":"closed","ping_status":"closed","template":"","meta":{"_et_pb_use_builder":"","_et_pb_old_content":"","_et_gb_content_width":"","_uf_show_specific_survey":0,"_uf_disable_surveys":false},"product_brand":[],"product_cat":[69,70,27],"product_tag":[],"class_list":{"0":"post-208885","1":"product","2":"type-product","3":"status-publish","4":"has-post-thumbnail","6":"product_cat-0-a-1-ano","7":"product_cat-1-a-3-anos","8":"product_cat-topa-topa","10":"first","11":"instock","12":"taxable","13":"shipping-taxable","14":"purchasable","15":"product-type-simple"},"aioseo_notices":[],"yoast_head":"<!-- This site is optimized with the Yoast SEO plugin v24.8.1 - https:\/\/yoast.com\/wordpress\/plugins\/seo\/ -->\n<title>RAMPAS COLORIDAS - Didacta<\/title>\n<meta name=\"robots\" content=\"index, follow, max-snippet:-1, max-image-preview:large, max-video-preview:-1\" \/>\n<link rel=\"canonical\" href=\"https:\/\/didacta.com.uy\/sitio\/producto\/rampas-coloridas\/\" \/>\n<meta property=\"og:locale\" content=\"es_ES\" \/>\n<meta property=\"og:type\" content=\"article\" \/>\n<meta property=\"og:title\" content=\"RAMPAS COLORIDAS - Didacta\" \/>\n<meta property=\"og:description\" content=\"TOPA TOPA, los juguetes que introducen al ni\u00f1o en el mundo de las formas, los colores y el juego, estimulando su creatividad, habilidad manual y sus sentidos. Han sido dise\u00f1ados con formas redondeadas y materiales de calidad y resistencia, estudiados para garantizar la seguridad del ni\u00f1o. Contiene 4 bolas de coloras y 4 rampas para que bajen las bolas alrededor de ellas. Didacta con Topa Topa inicia a ni\u00f1os y ni\u00f1as en el mundo del juguete incentivando el desarrollo de sus capacidades .  C\u00f3digo: 600\/36 C\u00f3digo de barras: 7730549005626 Edad:\u00a01 a\u00f1o en adelante Contenido:\u00a08 piezas Medidas: 24,5 x 27,8 x 10,5 cms Instrucciones: Descargar\" \/>\n<meta property=\"og:url\" content=\"https:\/\/didacta.com.uy\/sitio\/producto\/rampas-coloridas\/\" \/>\n<meta property=\"og:site_name\" content=\"Didacta\" \/>\n<meta property=\"article:modified_time\" content=\"2022-10-05T12:01:06+00:00\" \/>\n<meta property=\"og:image\" content=\"https:\/\/didacta.com.uy\/sitio\/wp-content\/uploads\/2021\/06\/600-37_Rampas-Coloridas_TopaTopa-2.jpg\" \/>\n\t<meta property=\"og:image:width\" content=\"610\" \/>\n\t<meta property=\"og:image:height\" content=\"458\" \/>\n\t<meta property=\"og:image:type\" content=\"image\/jpeg\" \/>\n<meta name=\"twitter:card\" content=\"summary_large_image\" \/>\n<meta name=\"twitter:label1\" content=\"Tiempo de lectura\" \/>\n\t<meta name=\"twitter:data1\" content=\"1 minuto\" \/>\n<script type=\"application\/ld+json\" class=\"yoast-schema-graph\">{\"@context\":\"https:\/\/schema.org\",\"@graph\":[{\"@type\":\"WebPage\",\"@id\":\"https:\/\/didacta.com.uy\/sitio\/producto\/rampas-coloridas\/\",\"url\":\"https:\/\/didacta.com.uy\/sitio\/producto\/rampas-coloridas\/\",\"name\":\"RAMPAS COLORIDAS - Didacta\",\"isPartOf\":{\"@id\":\"https:\/\/didacta.com.uy\/sitio\/#website\"},\"primaryImageOfPage\":{\"@id\":\"https:\/\/didacta.com.uy\/sitio\/producto\/rampas-coloridas\/#primaryimage\"},\"image\":{\"@id\":\"https:\/\/didacta.com.uy\/sitio\/producto\/rampas-coloridas\/#primaryimage\"},\"thumbnailUrl\":\"https:\/\/didacta.com.uy\/sitio\/wp-content\/uploads\/2021\/06\/600-37_Rampas-Coloridas_TopaTopa-2.jpg\",\"datePublished\":\"2021-06-23T18:36:40+00:00\",\"dateModified\":\"2022-10-05T12:01:06+00:00\",\"breadcrumb\":{\"@id\":\"https:\/\/didacta.com.uy\/sitio\/producto\/rampas-coloridas\/#breadcrumb\"},\"inLanguage\":\"es\",\"potentialAction\":[{\"@type\":\"ReadAction\",\"target\":[\"https:\/\/didacta.com.uy\/sitio\/producto\/rampas-coloridas\/\"]}]},{\"@type\":\"ImageObject\",\"inLanguage\":\"es\",\"@id\":\"https:\/\/didacta.com.uy\/sitio\/producto\/rampas-coloridas\/#primaryimage\",\"url\":\"https:\/\/didacta.com.uy\/sitio\/wp-content\/uploads\/2021\/06\/600-37_Rampas-Coloridas_TopaTopa-2.jpg\",\"contentUrl\":\"https:\/\/didacta.com.uy\/sitio\/wp-content\/uploads\/2021\/06\/600-37_Rampas-Coloridas_TopaTopa-2.jpg\",\"width\":610,\"height\":458},{\"@type\":\"BreadcrumbList\",\"@id\":\"https:\/\/didacta.com.uy\/sitio\/producto\/rampas-coloridas\/#breadcrumb\",\"itemListElement\":[{\"@type\":\"ListItem\",\"position\":1,\"name\":\"Portada\",\"item\":\"https:\/\/didacta.com.uy\/sitio\/\"},{\"@type\":\"ListItem\",\"position\":2,\"name\":\"Inicio\",\"item\":\"https:\/\/didacta.com.uy\/sitio\/\"},{\"@type\":\"ListItem\",\"position\":3,\"name\":\"RAMPAS COLORIDAS\"}]},{\"@type\":\"WebSite\",\"@id\":\"https:\/\/didacta.com.uy\/sitio\/#website\",\"url\":\"https:\/\/didacta.com.uy\/sitio\/\",\"name\":\"Didacta\",\"description\":\"Con m\u00e1s de 20 a\u00f1os de experiencia, DIDACTA es la marca l\u00edder en el mercado uruguayo de juegos de mesa.\",\"potentialAction\":[{\"@type\":\"SearchAction\",\"target\":{\"@type\":\"EntryPoint\",\"urlTemplate\":\"https:\/\/didacta.com.uy\/sitio\/?s={search_term_string}\"},\"query-input\":{\"@type\":\"PropertyValueSpecification\",\"valueRequired\":true,\"valueName\":\"search_term_string\"}}],\"inLanguage\":\"es\"}]}<\/script>\n<!-- \/ Yoast SEO plugin. -->","yoast_head_json":{"title":"RAMPAS COLORIDAS - Didacta","robots":{"index":"index","follow":"follow","max-snippet":"max-snippet:-1","max-image-preview":"max-image-preview:large","max-video-preview":"max-video-preview:-1"},"canonical":"https:\/\/didacta.com.uy\/sitio\/producto\/rampas-coloridas\/","og_locale":"es_ES","og_type":"article","og_title":"RAMPAS COLORIDAS - Didacta","og_description":"TOPA TOPA, los juguetes que introducen al ni\u00f1o en el mundo de las formas, los colores y el juego, estimulando su creatividad, habilidad manual y sus sentidos. Han sido dise\u00f1ados con formas redondeadas y materiales de calidad y resistencia, estudiados para garantizar la seguridad del ni\u00f1o. Contiene 4 bolas de coloras y 4 rampas para que bajen las bolas alrededor de ellas. Didacta con Topa Topa inicia a ni\u00f1os y ni\u00f1as en el mundo del juguete incentivando el desarrollo de sus capacidades .  C\u00f3digo: 600\/36 C\u00f3digo de barras: 7730549005626 Edad:\u00a01 a\u00f1o en adelante Contenido:\u00a08 piezas Medidas: 24,5 x 27,8 x 10,5 cms Instrucciones: Descargar","og_url":"https:\/\/didacta.com.uy\/sitio\/producto\/rampas-coloridas\/","og_site_name":"Didacta","article_modified_time":"2022-10-05T12:01:06+00:00","og_image":[{"width":610,"height":458,"url":"https:\/\/didacta.com.uy\/sitio\/wp-content\/uploads\/2021\/06\/600-37_Rampas-Coloridas_TopaTopa-2.jpg","type":"image\/jpeg"}],"twitter_card":"summary_large_image","twitter_misc":{"Tiempo de lectura":"1 minuto"},"schema":{"@context":"https:\/\/schema.org","@graph":[{"@type":"WebPage","@id":"https:\/\/didacta.com.uy\/sitio\/producto\/rampas-coloridas\/","url":"https:\/\/didacta.com.uy\/sitio\/producto\/rampas-coloridas\/","name":"RAMPAS COLORIDAS - Didacta","isPartOf":{"@id":"https:\/\/didacta.com.uy\/sitio\/#website"},"primaryImageOfPage":{"@id":"https:\/\/didacta.com.uy\/sitio\/producto\/rampas-coloridas\/#primaryimage"},"image":{"@id":"https:\/\/didacta.com.uy\/sitio\/producto\/rampas-coloridas\/#primaryimage"},"thumbnailUrl":"https:\/\/didacta.com.uy\/sitio\/wp-content\/uploads\/2021\/06\/600-37_Rampas-Coloridas_TopaTopa-2.jpg","datePublished":"2021-06-23T18:36:40+00:00","dateModified":"2022-10-05T12:01:06+00:00","breadcrumb":{"@id":"https:\/\/didacta.com.uy\/sitio\/producto\/rampas-coloridas\/#breadcrumb"},"inLanguage":"es","potentialAction":[{"@type":"ReadAction","target":["https:\/\/didacta.com.uy\/sitio\/producto\/rampas-coloridas\/"]}]},{"@type":"ImageObject","inLanguage":"es","@id":"https:\/\/didacta.com.uy\/sitio\/producto\/rampas-coloridas\/#primaryimage","url":"https:\/\/didacta.com.uy\/sitio\/wp-content\/uploads\/2021\/06\/600-37_Rampas-Coloridas_TopaTopa-2.jpg","contentUrl":"https:\/\/didacta.com.uy\/sitio\/wp-content\/uploads\/2021\/06\/600-37_Rampas-Coloridas_TopaTopa-2.jpg","width":610,"height":458},{"@type":"BreadcrumbList","@id":"https:\/\/didacta.com.uy\/sitio\/producto\/rampas-coloridas\/#breadcrumb","itemListElement":[{"@type":"ListItem","position":1,"name":"Portada","item":"https:\/\/didacta.com.uy\/sitio\/"},{"@type":"ListItem","position":2,"name":"Inicio","item":"https:\/\/didacta.com.uy\/sitio\/"},{"@type":"ListItem","position":3,"name":"RAMPAS COLORIDAS"}]},{"@type":"WebSite","@id":"https:\/\/didacta.com.uy\/sitio\/#website","url":"https:\/\/didacta.com.uy\/sitio\/","name":"Didacta","description":"Con m\u00e1s de 20 a\u00f1os de experiencia, DIDACTA es la marca l\u00edder en el mercado uruguayo de juegos de mesa.","potentialAction":[{"@type":"SearchAction","target":{"@type":"EntryPoint","urlTemplate":"https:\/\/didacta.com.uy\/sitio\/?s={search_term_string}"},"query-input":{"@type":"PropertyValueSpecification","valueRequired":true,"valueName":"search_term_string"}}],"inLanguage":"es"}]}},"_links":{"self":[{"href":"https:\/\/didacta.com.uy\/sitio\/wp-json\/wp\/v2\/product\/208885","targetHints":{"allow":["GET"]}}],"collection":[{"href":"https:\/\/didacta.com.uy\/sitio\/wp-json\/wp\/v2\/product"}],"about":[{"href":"https:\/\/didacta.com.uy\/sitio\/wp-json\/wp\/v2\/types\/product"}],"replies":[{"embeddable":true,"href":"https:\/\/didacta.com.uy\/sitio\/wp-json\/wp\/v2\/comments?post=208885"}],"wp:featuredmedia":[{"embeddable":true,"href":"https:\/\/didacta.com.uy\/sitio\/wp-json\/wp\/v2\/media\/208937"}],"wp:attachment":[{"href":"https:\/\/didacta.com.uy\/sitio\/wp-json\/wp\/v2\/media?parent=208885"}],"wp:term":[{"taxonomy":"product_brand","embeddable":true,"href":"https:\/\/didacta.com.uy\/sitio\/wp-json\/wp\/v2\/product_brand?post=208885"},{"taxonomy":"product_cat","embeddable":true,"href":"https:\/\/didacta.com.uy\/sitio\/wp-json\/wp\/v2\/product_cat?post=208885"},{"taxonomy":"product_tag","embeddable":true,"href":"https:\/\/didacta.com.uy\/sitio\/wp-json\/wp\/v2\/product_tag?post=208885"}],"curies":[{"name":"wp","href":"https:\/\/api.w.org\/{rel}","templated":true}]}}