{"id":207840,"date":"2020-06-15T13:18:45","date_gmt":"2020-06-15T13:18:45","guid":{"rendered":"http:\/\/didacta.com.uy\/sitio\/?post_type=product&#038;p=207840"},"modified":"2024-01-09T15:11:53","modified_gmt":"2024-01-09T15:11:53","slug":"balde-de-encastres","status":"publish","type":"product","link":"https:\/\/didacta.com.uy\/sitio\/producto\/balde-de-encastres\/","title":{"rendered":"BALDE DE ENCASTRES"},"content":{"rendered":"<p>TOPA TOPA, los juguetes que introducen al ni\u00f1o en el mundo de las formas, los colores y el juego, estimulando su curiosidad, habilidad manual y sus sentidos. Han sido dise\u00f1ados con formas redondeadas y materiales de calidad y resistencia, estudiados para garantizar la seguridad del ni\u00f1o. Contiene 16 piezas multicolores de diversas formas para encastrar y guardar en un divertido balde.<br \/>\nDidacta con Topa Topa inicia a ni\u00f1os y ni\u00f1as en el mundo del juguete incentivando el desarrollo de sus capacidades .<\/p>\n<p><strong><span style=\"color: #ff0000;\">C\u00f3digo:<\/span> <\/strong>600\/34<br \/>\n<span style=\"color: #ff0000;\"><strong>C\u00f3digo de barras:<\/strong>\u00a0<span style=\"color: #808080;\">7730549004933<\/span><\/span><br \/>\n<strong><span style=\"color: #ff0000;\">Cantidad de jugadores:<\/span><\/strong> 1 o m\u00e1s jugadores<br \/>\n<strong><span style=\"color: #ff0000;\">Edad:<\/span><\/strong> 1 a\u00f1o en adelante<br \/>\n<strong><span style=\"color: #ff0000;\">Medidas:<\/span><\/strong>\u00a014 x 21 x 14 cm<br \/>\n<strong><span style=\"color: #ff0000;\">Instrucciones:<\/span> <\/strong><a href=\"#\">Descargar<\/a><\/p>\n<p><iframe loading=\"lazy\" width=\"560\" height=\"315\" src=\"https:\/\/www.youtube.com\/embed\/HKtFBTg6uxw?si=jb8VVZn_ukjJgRrm\" title=\"YouTube video player\" frameborder=\"0\" allow=\"accelerometer; autoplay; clipboard-write; encrypted-media; gyroscope; picture-in-picture; web-share\" allowfullscreen><\/iframe><\/p>\n","protected":false},"excerpt":{"rendered":"<p>TOPA TOPA, los juguetes que introducen al ni\u00f1o en el mundo de las formas, los colores y el juego, estimulando su curiosidad, habilidad manual y sus sentidos. Han sido dise\u00f1ados con formas redondeadas y materiales de calidad y resistencia, estudiados para garantizar la seguridad del ni\u00f1o. Contiene 16 piezas multicolores de diversas formas para encastrar y guardar en un divertido balde.<br \/>\nDidacta con Topa Topa inicia a ni\u00f1os y ni\u00f1as en el mundo del juguete incentivando el desarrollo de sus capacidades .<\/p>\n<p><strong><span style=\"color: #ff0000;\">C\u00f3digo:<\/span> <\/strong>600\/34<br \/>\n<span style=\"color: #ff0000;\"><strong>C\u00f3digo de barras:<\/strong>\u00a0<span style=\"color: #808080;\">7730549004933<\/span><\/span><br \/>\n<strong><span style=\"color: #ff0000;\">Cantidad de jugadores:<\/span><\/strong> 1 o m\u00e1s jugadores<br \/>\n<strong><span style=\"color: #ff0000;\">Edad:<\/span><\/strong> 1 a\u00f1o en adelante<br \/>\n<strong><span style=\"color: #ff0000;\">Medidas:<\/span><\/strong>\u00a014 x 21 x 14 cm<br \/>\n<strong><span style=\"color: #ff0000;\">Instrucciones:<\/span> <\/strong><a href=\"#\">Descargar<\/a><\/p>\n<p><iframe loading=\"lazy\" width=\"560\" height=\"315\" src=\"https:\/\/www.youtube.com\/embed\/HKtFBTg6uxw?si=jb8VVZn_ukjJgRrm\" title=\"YouTube video player\" frameborder=\"0\" allow=\"accelerometer; autoplay; clipboard-write; encrypted-media; gyroscope; picture-in-picture; web-share\" allowfullscreen><\/iframe><\/p>\n","protected":false},"featured_media":207841,"comment_status":"closed","ping_status":"closed","template":"","meta":{"_et_pb_use_builder":"","_et_pb_old_content":"","_et_gb_content_width":"","_uf_show_specific_survey":0,"_uf_disable_surveys":false},"product_brand":[],"product_cat":[70,27],"product_tag":[],"class_list":{"0":"post-207840","1":"product","2":"type-product","3":"status-publish","4":"has-post-thumbnail","6":"product_cat-1-a-3-anos","7":"product_cat-topa-topa","9":"first","10":"instock","11":"purchasable","12":"product-type-simple"},"aioseo_notices":[],"yoast_head":"<!-- This site is optimized with the Yoast SEO plugin v24.8.1 - https:\/\/yoast.com\/wordpress\/plugins\/seo\/ -->\n<title>BALDE DE ENCASTRES - Didacta<\/title>\n<meta name=\"robots\" content=\"index, follow, max-snippet:-1, max-image-preview:large, max-video-preview:-1\" \/>\n<link rel=\"canonical\" href=\"https:\/\/didacta.com.uy\/sitio\/producto\/balde-de-encastres\/\" \/>\n<meta property=\"og:locale\" content=\"es_ES\" \/>\n<meta property=\"og:type\" content=\"article\" \/>\n<meta property=\"og:title\" content=\"BALDE DE ENCASTRES - Didacta\" \/>\n<meta property=\"og:description\" content=\"TOPA TOPA, los juguetes que introducen al ni\u00f1o en el mundo de las formas, los colores y el juego, estimulando su curiosidad, habilidad manual y sus sentidos. Han sido dise\u00f1ados con formas redondeadas y materiales de calidad y resistencia, estudiados para garantizar la seguridad del ni\u00f1o. Contiene 16 piezas multicolores de diversas formas para encastrar y guardar en un divertido balde. Didacta con Topa Topa inicia a ni\u00f1os y ni\u00f1as en el mundo del juguete incentivando el desarrollo de sus capacidades .  C\u00f3digo: 600\/34 C\u00f3digo de barras:\u00a07730549004933 Cantidad de jugadores: 1 o m\u00e1s jugadores Edad: 1 a\u00f1o en adelante Medidas:\u00a014 x 21 x 14 cm Instrucciones: Descargar\" \/>\n<meta property=\"og:url\" content=\"https:\/\/didacta.com.uy\/sitio\/producto\/balde-de-encastres\/\" \/>\n<meta property=\"og:site_name\" content=\"Didacta\" \/>\n<meta property=\"article:modified_time\" content=\"2024-01-09T15:11:53+00:00\" \/>\n<meta property=\"og:image\" content=\"https:\/\/didacta.com.uy\/sitio\/wp-content\/uploads\/2020\/06\/a600-34_Balde-de-Encastres_Topa-Topa.png\" \/>\n\t<meta property=\"og:image:width\" content=\"800\" \/>\n\t<meta property=\"og:image:height\" content=\"600\" \/>\n\t<meta property=\"og:image:type\" content=\"image\/png\" \/>\n<meta name=\"twitter:card\" content=\"summary_large_image\" \/>\n<meta name=\"twitter:label1\" content=\"Tiempo de lectura\" \/>\n\t<meta name=\"twitter:data1\" content=\"1 minuto\" \/>\n<script type=\"application\/ld+json\" class=\"yoast-schema-graph\">{\"@context\":\"https:\/\/schema.org\",\"@graph\":[{\"@type\":\"WebPage\",\"@id\":\"https:\/\/didacta.com.uy\/sitio\/producto\/balde-de-encastres\/\",\"url\":\"https:\/\/didacta.com.uy\/sitio\/producto\/balde-de-encastres\/\",\"name\":\"BALDE DE ENCASTRES - Didacta\",\"isPartOf\":{\"@id\":\"https:\/\/didacta.com.uy\/sitio\/#website\"},\"primaryImageOfPage\":{\"@id\":\"https:\/\/didacta.com.uy\/sitio\/producto\/balde-de-encastres\/#primaryimage\"},\"image\":{\"@id\":\"https:\/\/didacta.com.uy\/sitio\/producto\/balde-de-encastres\/#primaryimage\"},\"thumbnailUrl\":\"https:\/\/didacta.com.uy\/sitio\/wp-content\/uploads\/2020\/06\/a600-34_Balde-de-Encastres_Topa-Topa.png\",\"datePublished\":\"2020-06-15T13:18:45+00:00\",\"dateModified\":\"2024-01-09T15:11:53+00:00\",\"breadcrumb\":{\"@id\":\"https:\/\/didacta.com.uy\/sitio\/producto\/balde-de-encastres\/#breadcrumb\"},\"inLanguage\":\"es\",\"potentialAction\":[{\"@type\":\"ReadAction\",\"target\":[\"https:\/\/didacta.com.uy\/sitio\/producto\/balde-de-encastres\/\"]}]},{\"@type\":\"ImageObject\",\"inLanguage\":\"es\",\"@id\":\"https:\/\/didacta.com.uy\/sitio\/producto\/balde-de-encastres\/#primaryimage\",\"url\":\"https:\/\/didacta.com.uy\/sitio\/wp-content\/uploads\/2020\/06\/a600-34_Balde-de-Encastres_Topa-Topa.png\",\"contentUrl\":\"https:\/\/didacta.com.uy\/sitio\/wp-content\/uploads\/2020\/06\/a600-34_Balde-de-Encastres_Topa-Topa.png\",\"width\":800,\"height\":600},{\"@type\":\"BreadcrumbList\",\"@id\":\"https:\/\/didacta.com.uy\/sitio\/producto\/balde-de-encastres\/#breadcrumb\",\"itemListElement\":[{\"@type\":\"ListItem\",\"position\":1,\"name\":\"Portada\",\"item\":\"https:\/\/didacta.com.uy\/sitio\/\"},{\"@type\":\"ListItem\",\"position\":2,\"name\":\"Inicio\",\"item\":\"https:\/\/didacta.com.uy\/sitio\/\"},{\"@type\":\"ListItem\",\"position\":3,\"name\":\"BALDE DE ENCASTRES\"}]},{\"@type\":\"WebSite\",\"@id\":\"https:\/\/didacta.com.uy\/sitio\/#website\",\"url\":\"https:\/\/didacta.com.uy\/sitio\/\",\"name\":\"Didacta\",\"description\":\"Con m\u00e1s de 20 a\u00f1os de experiencia, DIDACTA es la marca l\u00edder en el mercado uruguayo de juegos de mesa.\",\"potentialAction\":[{\"@type\":\"SearchAction\",\"target\":{\"@type\":\"EntryPoint\",\"urlTemplate\":\"https:\/\/didacta.com.uy\/sitio\/?s={search_term_string}\"},\"query-input\":{\"@type\":\"PropertyValueSpecification\",\"valueRequired\":true,\"valueName\":\"search_term_string\"}}],\"inLanguage\":\"es\"}]}<\/script>\n<!-- \/ Yoast SEO plugin. -->","yoast_head_json":{"title":"BALDE DE ENCASTRES - Didacta","robots":{"index":"index","follow":"follow","max-snippet":"max-snippet:-1","max-image-preview":"max-image-preview:large","max-video-preview":"max-video-preview:-1"},"canonical":"https:\/\/didacta.com.uy\/sitio\/producto\/balde-de-encastres\/","og_locale":"es_ES","og_type":"article","og_title":"BALDE DE ENCASTRES - Didacta","og_description":"TOPA TOPA, los juguetes que introducen al ni\u00f1o en el mundo de las formas, los colores y el juego, estimulando su curiosidad, habilidad manual y sus sentidos. Han sido dise\u00f1ados con formas redondeadas y materiales de calidad y resistencia, estudiados para garantizar la seguridad del ni\u00f1o. Contiene 16 piezas multicolores de diversas formas para encastrar y guardar en un divertido balde. Didacta con Topa Topa inicia a ni\u00f1os y ni\u00f1as en el mundo del juguete incentivando el desarrollo de sus capacidades .  C\u00f3digo: 600\/34 C\u00f3digo de barras:\u00a07730549004933 Cantidad de jugadores: 1 o m\u00e1s jugadores Edad: 1 a\u00f1o en adelante Medidas:\u00a014 x 21 x 14 cm Instrucciones: Descargar","og_url":"https:\/\/didacta.com.uy\/sitio\/producto\/balde-de-encastres\/","og_site_name":"Didacta","article_modified_time":"2024-01-09T15:11:53+00:00","og_image":[{"width":800,"height":600,"url":"https:\/\/didacta.com.uy\/sitio\/wp-content\/uploads\/2020\/06\/a600-34_Balde-de-Encastres_Topa-Topa.png","type":"image\/png"}],"twitter_card":"summary_large_image","twitter_misc":{"Tiempo de lectura":"1 minuto"},"schema":{"@context":"https:\/\/schema.org","@graph":[{"@type":"WebPage","@id":"https:\/\/didacta.com.uy\/sitio\/producto\/balde-de-encastres\/","url":"https:\/\/didacta.com.uy\/sitio\/producto\/balde-de-encastres\/","name":"BALDE DE ENCASTRES - Didacta","isPartOf":{"@id":"https:\/\/didacta.com.uy\/sitio\/#website"},"primaryImageOfPage":{"@id":"https:\/\/didacta.com.uy\/sitio\/producto\/balde-de-encastres\/#primaryimage"},"image":{"@id":"https:\/\/didacta.com.uy\/sitio\/producto\/balde-de-encastres\/#primaryimage"},"thumbnailUrl":"https:\/\/didacta.com.uy\/sitio\/wp-content\/uploads\/2020\/06\/a600-34_Balde-de-Encastres_Topa-Topa.png","datePublished":"2020-06-15T13:18:45+00:00","dateModified":"2024-01-09T15:11:53+00:00","breadcrumb":{"@id":"https:\/\/didacta.com.uy\/sitio\/producto\/balde-de-encastres\/#breadcrumb"},"inLanguage":"es","potentialAction":[{"@type":"ReadAction","target":["https:\/\/didacta.com.uy\/sitio\/producto\/balde-de-encastres\/"]}]},{"@type":"ImageObject","inLanguage":"es","@id":"https:\/\/didacta.com.uy\/sitio\/producto\/balde-de-encastres\/#primaryimage","url":"https:\/\/didacta.com.uy\/sitio\/wp-content\/uploads\/2020\/06\/a600-34_Balde-de-Encastres_Topa-Topa.png","contentUrl":"https:\/\/didacta.com.uy\/sitio\/wp-content\/uploads\/2020\/06\/a600-34_Balde-de-Encastres_Topa-Topa.png","width":800,"height":600},{"@type":"BreadcrumbList","@id":"https:\/\/didacta.com.uy\/sitio\/producto\/balde-de-encastres\/#breadcrumb","itemListElement":[{"@type":"ListItem","position":1,"name":"Portada","item":"https:\/\/didacta.com.uy\/sitio\/"},{"@type":"ListItem","position":2,"name":"Inicio","item":"https:\/\/didacta.com.uy\/sitio\/"},{"@type":"ListItem","position":3,"name":"BALDE DE ENCASTRES"}]},{"@type":"WebSite","@id":"https:\/\/didacta.com.uy\/sitio\/#website","url":"https:\/\/didacta.com.uy\/sitio\/","name":"Didacta","description":"Con m\u00e1s de 20 a\u00f1os de experiencia, DIDACTA es la marca l\u00edder en el mercado uruguayo de juegos de mesa.","potentialAction":[{"@type":"SearchAction","target":{"@type":"EntryPoint","urlTemplate":"https:\/\/didacta.com.uy\/sitio\/?s={search_term_string}"},"query-input":{"@type":"PropertyValueSpecification","valueRequired":true,"valueName":"search_term_string"}}],"inLanguage":"es"}]}},"_links":{"self":[{"href":"https:\/\/didacta.com.uy\/sitio\/wp-json\/wp\/v2\/product\/207840","targetHints":{"allow":["GET"]}}],"collection":[{"href":"https:\/\/didacta.com.uy\/sitio\/wp-json\/wp\/v2\/product"}],"about":[{"href":"https:\/\/didacta.com.uy\/sitio\/wp-json\/wp\/v2\/types\/product"}],"replies":[{"embeddable":true,"href":"https:\/\/didacta.com.uy\/sitio\/wp-json\/wp\/v2\/comments?post=207840"}],"wp:featuredmedia":[{"embeddable":true,"href":"https:\/\/didacta.com.uy\/sitio\/wp-json\/wp\/v2\/media\/207841"}],"wp:attachment":[{"href":"https:\/\/didacta.com.uy\/sitio\/wp-json\/wp\/v2\/media?parent=207840"}],"wp:term":[{"taxonomy":"product_brand","embeddable":true,"href":"https:\/\/didacta.com.uy\/sitio\/wp-json\/wp\/v2\/product_brand?post=207840"},{"taxonomy":"product_cat","embeddable":true,"href":"https:\/\/didacta.com.uy\/sitio\/wp-json\/wp\/v2\/product_cat?post=207840"},{"taxonomy":"product_tag","embeddable":true,"href":"https:\/\/didacta.com.uy\/sitio\/wp-json\/wp\/v2\/product_tag?post=207840"}],"curies":[{"name":"wp","href":"https:\/\/api.w.org\/{rel}","templated":true}]}}