{"id":206842,"date":"2020-02-10T13:09:41","date_gmt":"2020-02-10T13:09:41","guid":{"rendered":"http:\/\/didacta.com.uy\/sitio\/?post_type=product&#038;p=206842"},"modified":"2022-10-05T12:01:00","modified_gmt":"2022-10-05T12:01:00","slug":"la-ciencia-y-el-agua","status":"publish","type":"product","link":"https:\/\/didacta.com.uy\/sitio\/producto\/la-ciencia-y-el-agua\/","title":{"rendered":"LA CIENCIA Y EL AGUA"},"content":{"rendered":"<p>Descubre, experimenta, desarrolla \u00a1Convi\u00e9rtete en investigador\/a cient\u00edfico! Comprenda que es el agua pura y cultive el inter\u00e9s de ni\u00f1as y ni\u00f1os por la ciencia y el medio ambiente. A trav\u00e9s de experimentos, ni\u00f1as y ni\u00f1os pueden explorar las fuentes de agua pura y aprender la ciencia detr\u00e1s de la limpieza y reutilizaci\u00f3n del agua. Esta es una buena oportunidad para j\u00f3venes entusiastas de la ciencia, especialmente con el inter\u00e9s en el medio ambiente.<\/p>\n<p><strong><span style=\"color: #ff0000;\">C\u00f3digo:<\/span><\/strong> 350\/06.<br \/>\n<strong><span style=\"color: #ff0000;\">C\u00f3digo de barras:<\/span><\/strong> 7730549004698<br \/>\n<strong><span style=\"color: #ff0000;\">Edad:<\/span> <\/strong>8 a\u00f1os en adelante<br \/>\n<strong><span style=\"color: #ff0000;\">Jugadores:<\/span><\/strong> 1 o m\u00e1s jugadores<br \/>\n<strong><span style=\"color: #ff0000;\">Contenido:<\/span> <\/strong>6 trozos de papel de filtro, 2 esponjas, granito, arena de porcelana, carb\u00f3n activado, arena de cuarzo, tolva pl\u00e1stica, tubo de filtraci\u00f3n, 1 lente de seguridad, cobertura de pl\u00e1stico y envase de pl\u00e1stico.<br \/>\n<strong><span style=\"color: #ff0000;\">Medidas:<\/span><\/strong> 16,5 x 22 x 4,5 cm<br \/>\n<strong><span style=\"color: #ff0000;\">Instrucciones:<\/span> <\/strong><a href=\"#\">Descargar<\/a><\/p>\n","protected":false},"excerpt":{"rendered":"<p>Descubre, experimenta, desarrolla \u00a1Convi\u00e9rtete en investigador\/a cient\u00edfico! Comprenda que es el agua pura y cultive el inter\u00e9s de ni\u00f1as y ni\u00f1os por la ciencia y el medio ambiente. A trav\u00e9s de experimentos, ni\u00f1as y ni\u00f1os pueden explorar las fuentes de agua pura y aprender la ciencia detr\u00e1s de la limpieza y reutilizaci\u00f3n del agua. Esta es una buena oportunidad para j\u00f3venes entusiastas de la ciencia, especialmente con el inter\u00e9s en el medio ambiente.<\/p>\n<p><strong><span style=\"color: #ff0000;\">C\u00f3digo:<\/span><\/strong> 350\/06.<br \/>\n<strong><span style=\"color: #ff0000;\">C\u00f3digo de barras:<\/span><\/strong> 7730549004698<br \/>\n<strong><span style=\"color: #ff0000;\">Edad:<\/span> <\/strong>8 a\u00f1os en adelante<br \/>\n<strong><span style=\"color: #ff0000;\">Jugadores:<\/span><\/strong> 1 o m\u00e1s jugadores<br \/>\n<strong><span style=\"color: #ff0000;\">Contenido:<\/span><\/strong> 6 trozos de papel de filtro, 2 esponjas, granito, arena de porcelana, carb\u00f3n activado, arena de cuarzo, tolva pl\u00e1stica, tubo de filtraci\u00f3n, 1 lente de seguridad, cobertura de pl\u00e1stico y envase de pl\u00e1stico.<br \/>\n<strong><span style=\"color: #ff0000;\">Medidas:<\/span><\/strong> 16,5 x 22 x 4,5 cm<br \/>\n<strong><span style=\"color: #ff0000;\">Instrucciones:<\/span> <\/strong><a href=\"#\">Descargar<\/a><\/p>\n","protected":false},"featured_media":206843,"comment_status":"closed","ping_status":"closed","template":"","meta":{"_et_pb_use_builder":"","_et_pb_old_content":"","_et_gb_content_width":"","_uf_show_specific_survey":0,"_uf_disable_surveys":false},"product_brand":[],"product_cat":[73,72,114],"product_tag":[],"class_list":{"0":"post-206842","1":"product","2":"type-product","3":"status-publish","4":"has-post-thumbnail","6":"product_cat-10-a-mas-anos","7":"product_cat-6-a-9-anos","8":"product_cat-juego-eureka","10":"first","11":"instock","12":"taxable","13":"shipping-taxable","14":"purchasable","15":"product-type-simple"},"aioseo_notices":[],"yoast_head":"<!-- This site is optimized with the Yoast SEO plugin v24.8.1 - https:\/\/yoast.com\/wordpress\/plugins\/seo\/ -->\n<title>LA CIENCIA Y EL AGUA - Didacta<\/title>\n<meta name=\"robots\" content=\"index, follow, max-snippet:-1, max-image-preview:large, max-video-preview:-1\" \/>\n<link rel=\"canonical\" href=\"https:\/\/didacta.com.uy\/sitio\/producto\/la-ciencia-y-el-agua\/\" \/>\n<meta property=\"og:locale\" content=\"es_ES\" \/>\n<meta property=\"og:type\" content=\"article\" \/>\n<meta property=\"og:title\" content=\"LA CIENCIA Y EL AGUA - Didacta\" \/>\n<meta property=\"og:description\" content=\"Descubre, experimenta, desarrolla \u00a1Convi\u00e9rtete en investigador\/a cient\u00edfico! Comprenda que es el agua pura y cultive el inter\u00e9s de ni\u00f1as y ni\u00f1os por la ciencia y el medio ambiente. A trav\u00e9s de experimentos, ni\u00f1as y ni\u00f1os pueden explorar las fuentes de agua pura y aprender la ciencia detr\u00e1s de la limpieza y reutilizaci\u00f3n del agua. Esta es una buena oportunidad para j\u00f3venes entusiastas de la ciencia, especialmente con el inter\u00e9s en el medio ambiente.  C\u00f3digo: 350\/06. C\u00f3digo de barras: 7730549004698 Edad: 8 a\u00f1os en adelante Jugadores: 1 o m\u00e1s jugadores Contenido: 6 trozos de papel de filtro, 2 esponjas, granito, arena de porcelana, carb\u00f3n activado, arena de cuarzo, tolva pl\u00e1stica, tubo de filtraci\u00f3n, 1 lente de seguridad, cobertura de pl\u00e1stico y envase de pl\u00e1stico. Medidas: 16,5 x 22 x 4,5 cm Instrucciones: Descargar\" \/>\n<meta property=\"og:url\" content=\"https:\/\/didacta.com.uy\/sitio\/producto\/la-ciencia-y-el-agua\/\" \/>\n<meta property=\"og:site_name\" content=\"Didacta\" \/>\n<meta property=\"article:modified_time\" content=\"2022-10-05T12:01:00+00:00\" \/>\n<meta property=\"og:image\" content=\"https:\/\/didacta.com.uy\/sitio\/wp-content\/uploads\/2020\/02\/6-4.jpg\" \/>\n\t<meta property=\"og:image:width\" content=\"800\" \/>\n\t<meta property=\"og:image:height\" content=\"600\" \/>\n\t<meta property=\"og:image:type\" content=\"image\/jpeg\" \/>\n<meta name=\"twitter:card\" content=\"summary_large_image\" \/>\n<meta name=\"twitter:label1\" content=\"Tiempo de lectura\" \/>\n\t<meta name=\"twitter:data1\" content=\"1 minuto\" \/>\n<script type=\"application\/ld+json\" class=\"yoast-schema-graph\">{\"@context\":\"https:\/\/schema.org\",\"@graph\":[{\"@type\":\"WebPage\",\"@id\":\"https:\/\/didacta.com.uy\/sitio\/producto\/la-ciencia-y-el-agua\/\",\"url\":\"https:\/\/didacta.com.uy\/sitio\/producto\/la-ciencia-y-el-agua\/\",\"name\":\"LA CIENCIA Y EL AGUA - Didacta\",\"isPartOf\":{\"@id\":\"https:\/\/didacta.com.uy\/sitio\/#website\"},\"primaryImageOfPage\":{\"@id\":\"https:\/\/didacta.com.uy\/sitio\/producto\/la-ciencia-y-el-agua\/#primaryimage\"},\"image\":{\"@id\":\"https:\/\/didacta.com.uy\/sitio\/producto\/la-ciencia-y-el-agua\/#primaryimage\"},\"thumbnailUrl\":\"https:\/\/didacta.com.uy\/sitio\/wp-content\/uploads\/2020\/02\/6-4.jpg\",\"datePublished\":\"2020-02-10T13:09:41+00:00\",\"dateModified\":\"2022-10-05T12:01:00+00:00\",\"breadcrumb\":{\"@id\":\"https:\/\/didacta.com.uy\/sitio\/producto\/la-ciencia-y-el-agua\/#breadcrumb\"},\"inLanguage\":\"es\",\"potentialAction\":[{\"@type\":\"ReadAction\",\"target\":[\"https:\/\/didacta.com.uy\/sitio\/producto\/la-ciencia-y-el-agua\/\"]}]},{\"@type\":\"ImageObject\",\"inLanguage\":\"es\",\"@id\":\"https:\/\/didacta.com.uy\/sitio\/producto\/la-ciencia-y-el-agua\/#primaryimage\",\"url\":\"https:\/\/didacta.com.uy\/sitio\/wp-content\/uploads\/2020\/02\/6-4.jpg\",\"contentUrl\":\"https:\/\/didacta.com.uy\/sitio\/wp-content\/uploads\/2020\/02\/6-4.jpg\",\"width\":800,\"height\":600},{\"@type\":\"BreadcrumbList\",\"@id\":\"https:\/\/didacta.com.uy\/sitio\/producto\/la-ciencia-y-el-agua\/#breadcrumb\",\"itemListElement\":[{\"@type\":\"ListItem\",\"position\":1,\"name\":\"Portada\",\"item\":\"https:\/\/didacta.com.uy\/sitio\/\"},{\"@type\":\"ListItem\",\"position\":2,\"name\":\"Inicio\",\"item\":\"https:\/\/didacta.com.uy\/sitio\/\"},{\"@type\":\"ListItem\",\"position\":3,\"name\":\"LA CIENCIA Y EL AGUA\"}]},{\"@type\":\"WebSite\",\"@id\":\"https:\/\/didacta.com.uy\/sitio\/#website\",\"url\":\"https:\/\/didacta.com.uy\/sitio\/\",\"name\":\"Didacta\",\"description\":\"Con m\u00e1s de 20 a\u00f1os de experiencia, DIDACTA es la marca l\u00edder en el mercado uruguayo de juegos de mesa.\",\"potentialAction\":[{\"@type\":\"SearchAction\",\"target\":{\"@type\":\"EntryPoint\",\"urlTemplate\":\"https:\/\/didacta.com.uy\/sitio\/?s={search_term_string}\"},\"query-input\":{\"@type\":\"PropertyValueSpecification\",\"valueRequired\":true,\"valueName\":\"search_term_string\"}}],\"inLanguage\":\"es\"}]}<\/script>\n<!-- \/ Yoast SEO plugin. -->","yoast_head_json":{"title":"LA CIENCIA Y EL AGUA - Didacta","robots":{"index":"index","follow":"follow","max-snippet":"max-snippet:-1","max-image-preview":"max-image-preview:large","max-video-preview":"max-video-preview:-1"},"canonical":"https:\/\/didacta.com.uy\/sitio\/producto\/la-ciencia-y-el-agua\/","og_locale":"es_ES","og_type":"article","og_title":"LA CIENCIA Y EL AGUA - Didacta","og_description":"Descubre, experimenta, desarrolla \u00a1Convi\u00e9rtete en investigador\/a cient\u00edfico! Comprenda que es el agua pura y cultive el inter\u00e9s de ni\u00f1as y ni\u00f1os por la ciencia y el medio ambiente. A trav\u00e9s de experimentos, ni\u00f1as y ni\u00f1os pueden explorar las fuentes de agua pura y aprender la ciencia detr\u00e1s de la limpieza y reutilizaci\u00f3n del agua. Esta es una buena oportunidad para j\u00f3venes entusiastas de la ciencia, especialmente con el inter\u00e9s en el medio ambiente.  C\u00f3digo: 350\/06. C\u00f3digo de barras: 7730549004698 Edad: 8 a\u00f1os en adelante Jugadores: 1 o m\u00e1s jugadores Contenido: 6 trozos de papel de filtro, 2 esponjas, granito, arena de porcelana, carb\u00f3n activado, arena de cuarzo, tolva pl\u00e1stica, tubo de filtraci\u00f3n, 1 lente de seguridad, cobertura de pl\u00e1stico y envase de pl\u00e1stico. Medidas: 16,5 x 22 x 4,5 cm Instrucciones: Descargar","og_url":"https:\/\/didacta.com.uy\/sitio\/producto\/la-ciencia-y-el-agua\/","og_site_name":"Didacta","article_modified_time":"2022-10-05T12:01:00+00:00","og_image":[{"width":800,"height":600,"url":"https:\/\/didacta.com.uy\/sitio\/wp-content\/uploads\/2020\/02\/6-4.jpg","type":"image\/jpeg"}],"twitter_card":"summary_large_image","twitter_misc":{"Tiempo de lectura":"1 minuto"},"schema":{"@context":"https:\/\/schema.org","@graph":[{"@type":"WebPage","@id":"https:\/\/didacta.com.uy\/sitio\/producto\/la-ciencia-y-el-agua\/","url":"https:\/\/didacta.com.uy\/sitio\/producto\/la-ciencia-y-el-agua\/","name":"LA CIENCIA Y EL AGUA - Didacta","isPartOf":{"@id":"https:\/\/didacta.com.uy\/sitio\/#website"},"primaryImageOfPage":{"@id":"https:\/\/didacta.com.uy\/sitio\/producto\/la-ciencia-y-el-agua\/#primaryimage"},"image":{"@id":"https:\/\/didacta.com.uy\/sitio\/producto\/la-ciencia-y-el-agua\/#primaryimage"},"thumbnailUrl":"https:\/\/didacta.com.uy\/sitio\/wp-content\/uploads\/2020\/02\/6-4.jpg","datePublished":"2020-02-10T13:09:41+00:00","dateModified":"2022-10-05T12:01:00+00:00","breadcrumb":{"@id":"https:\/\/didacta.com.uy\/sitio\/producto\/la-ciencia-y-el-agua\/#breadcrumb"},"inLanguage":"es","potentialAction":[{"@type":"ReadAction","target":["https:\/\/didacta.com.uy\/sitio\/producto\/la-ciencia-y-el-agua\/"]}]},{"@type":"ImageObject","inLanguage":"es","@id":"https:\/\/didacta.com.uy\/sitio\/producto\/la-ciencia-y-el-agua\/#primaryimage","url":"https:\/\/didacta.com.uy\/sitio\/wp-content\/uploads\/2020\/02\/6-4.jpg","contentUrl":"https:\/\/didacta.com.uy\/sitio\/wp-content\/uploads\/2020\/02\/6-4.jpg","width":800,"height":600},{"@type":"BreadcrumbList","@id":"https:\/\/didacta.com.uy\/sitio\/producto\/la-ciencia-y-el-agua\/#breadcrumb","itemListElement":[{"@type":"ListItem","position":1,"name":"Portada","item":"https:\/\/didacta.com.uy\/sitio\/"},{"@type":"ListItem","position":2,"name":"Inicio","item":"https:\/\/didacta.com.uy\/sitio\/"},{"@type":"ListItem","position":3,"name":"LA CIENCIA Y EL AGUA"}]},{"@type":"WebSite","@id":"https:\/\/didacta.com.uy\/sitio\/#website","url":"https:\/\/didacta.com.uy\/sitio\/","name":"Didacta","description":"Con m\u00e1s de 20 a\u00f1os de experiencia, DIDACTA es la marca l\u00edder en el mercado uruguayo de juegos de mesa.","potentialAction":[{"@type":"SearchAction","target":{"@type":"EntryPoint","urlTemplate":"https:\/\/didacta.com.uy\/sitio\/?s={search_term_string}"},"query-input":{"@type":"PropertyValueSpecification","valueRequired":true,"valueName":"search_term_string"}}],"inLanguage":"es"}]}},"_links":{"self":[{"href":"https:\/\/didacta.com.uy\/sitio\/wp-json\/wp\/v2\/product\/206842","targetHints":{"allow":["GET"]}}],"collection":[{"href":"https:\/\/didacta.com.uy\/sitio\/wp-json\/wp\/v2\/product"}],"about":[{"href":"https:\/\/didacta.com.uy\/sitio\/wp-json\/wp\/v2\/types\/product"}],"replies":[{"embeddable":true,"href":"https:\/\/didacta.com.uy\/sitio\/wp-json\/wp\/v2\/comments?post=206842"}],"wp:featuredmedia":[{"embeddable":true,"href":"https:\/\/didacta.com.uy\/sitio\/wp-json\/wp\/v2\/media\/206843"}],"wp:attachment":[{"href":"https:\/\/didacta.com.uy\/sitio\/wp-json\/wp\/v2\/media?parent=206842"}],"wp:term":[{"taxonomy":"product_brand","embeddable":true,"href":"https:\/\/didacta.com.uy\/sitio\/wp-json\/wp\/v2\/product_brand?post=206842"},{"taxonomy":"product_cat","embeddable":true,"href":"https:\/\/didacta.com.uy\/sitio\/wp-json\/wp\/v2\/product_cat?post=206842"},{"taxonomy":"product_tag","embeddable":true,"href":"https:\/\/didacta.com.uy\/sitio\/wp-json\/wp\/v2\/product_tag?post=206842"}],"curies":[{"name":"wp","href":"https:\/\/api.w.org\/{rel}","templated":true}]}}