{"id":206710,"date":"2020-02-09T23:52:17","date_gmt":"2020-02-09T23:52:17","guid":{"rendered":"http:\/\/didacta.com.uy\/sitio\/?post_type=product&#038;p=206710"},"modified":"2024-06-24T16:51:42","modified_gmt":"2024-06-24T16:51:42","slug":"puzzles-formas-del-mar-x-6","status":"publish","type":"product","link":"https:\/\/didacta.com.uy\/sitio\/producto\/puzzles-formas-del-mar-x-6\/","title":{"rendered":"BEBE PUZZLES FORMAS MUNDO MARINO x 6"},"content":{"rendered":"<p style=\"text-align: left;\">Los primeros puzzles del beb\u00e9 para fomentar el desarrollo cognitivo y entretener did\u00e1cticamente a los m\u00e1s peque\u00f1os de la casa.<\/p>\n<p style=\"text-align: left;\"><strong><span style=\"color: #ff0000;\">C\u00f3digo:<\/span><\/strong> 120\/35<br \/>\n<strong><span style=\"color: #ff0000;\">C\u00f3digo de barras:<\/span><\/strong> 7730549004810<br \/>\n<strong><span style=\"color: #ff0000;\">Edad:<\/span><\/strong> 2 a\u00f1os en adelante<br \/>\n<strong><span style=\"color: #ff0000;\">Cantidad de piezas:<\/span><\/strong> 3 puzzles de 2 piezas y 3 puzzles de 3 piezas.<br \/>\n<strong><span style=\"color: #ff0000;\">Medidas:<\/span><\/strong> 26 x 19 x 4 cm.<br \/>\n<strong><span style=\"color: #ff0000;\">Instrucciones:<\/span> <\/strong><a href=\"#\">Descargar<\/a><\/p>\n","protected":false},"excerpt":{"rendered":"<p style=\"text-align: left;\">Los primeros puzzles del beb\u00e9 para fomentar el desarrollo cognitivo y entretener did\u00e1cticamente a los m\u00e1s peque\u00f1os de la casa.<\/p>\n<p style=\"text-align: left;\"><strong><span style=\"color: #ff0000;\">C\u00f3digo:<\/span><\/strong> 120\/35<br \/>\n<strong><span style=\"color: #ff0000;\">C\u00f3digo de barras:<\/span><\/strong> 7730549004810<br \/>\n<strong><span style=\"color: #ff0000;\">Edad:<\/span><\/strong> 2 a\u00f1os en adelante<br \/>\n<strong><span style=\"color: #ff0000;\">Cantidad de piezas:<\/span><\/strong> 3 puzzles de 2 piezas y 3 puzzles de 3 piezas.<br \/>\n<strong><span style=\"color: #ff0000;\">Medidas:<\/span><\/strong> 26 x 19 x 4 cm.<br \/>\n<strong><span style=\"color: #ff0000;\">Instrucciones:<\/span> <\/strong><a href=\"#\">Descargar<\/a><\/p>\n","protected":false},"featured_media":213347,"comment_status":"closed","ping_status":"closed","template":"","meta":{"_et_pb_use_builder":"","_et_pb_old_content":"","_et_gb_content_width":"","_uf_show_specific_survey":0,"_uf_disable_surveys":false},"product_brand":[],"product_cat":[70,92],"product_tag":[],"class_list":{"0":"post-206710","1":"product","2":"type-product","3":"status-publish","4":"has-post-thumbnail","6":"product_cat-1-a-3-anos","7":"product_cat-baby-puzzles","9":"first","10":"instock","11":"taxable","12":"shipping-taxable","13":"purchasable","14":"product-type-simple"},"aioseo_notices":[],"yoast_head":"<!-- This site is optimized with the Yoast SEO plugin v24.8.1 - https:\/\/yoast.com\/wordpress\/plugins\/seo\/ -->\n<title>BEBE PUZZLES FORMAS MUNDO MARINO x 6 - Didacta<\/title>\n<meta name=\"robots\" content=\"index, follow, max-snippet:-1, max-image-preview:large, max-video-preview:-1\" \/>\n<link rel=\"canonical\" href=\"https:\/\/didacta.com.uy\/sitio\/producto\/puzzles-formas-del-mar-x-6\/\" \/>\n<meta property=\"og:locale\" content=\"es_ES\" \/>\n<meta property=\"og:type\" content=\"article\" \/>\n<meta property=\"og:title\" content=\"BEBE PUZZLES FORMAS MUNDO MARINO x 6 - Didacta\" \/>\n<meta property=\"og:description\" content=\"Los primeros puzzles del beb\u00e9 para fomentar el desarrollo cognitivo y entretener did\u00e1cticamente a los m\u00e1s peque\u00f1os de la casa. C\u00f3digo: 120\/35 C\u00f3digo de barras: 7730549004810 Edad: 2 a\u00f1os en adelante Cantidad de piezas: 3 puzzles de 2 piezas y 3 puzzles de 3 piezas. Medidas: 26 x 19 x 4 cm. Instrucciones: Descargar\" \/>\n<meta property=\"og:url\" content=\"https:\/\/didacta.com.uy\/sitio\/producto\/puzzles-formas-del-mar-x-6\/\" \/>\n<meta property=\"og:site_name\" content=\"Didacta\" \/>\n<meta property=\"article:modified_time\" content=\"2024-06-24T16:51:42+00:00\" \/>\n<meta property=\"og:image\" content=\"https:\/\/didacta.com.uy\/sitio\/wp-content\/uploads\/2020\/02\/120-35-2.jpg\" \/>\n\t<meta property=\"og:image:width\" content=\"271\" \/>\n\t<meta property=\"og:image:height\" content=\"250\" \/>\n\t<meta property=\"og:image:type\" content=\"image\/jpeg\" \/>\n<meta name=\"twitter:card\" content=\"summary_large_image\" \/>\n<meta name=\"twitter:label1\" content=\"Tiempo de lectura\" \/>\n\t<meta name=\"twitter:data1\" content=\"1 minuto\" \/>\n<script type=\"application\/ld+json\" class=\"yoast-schema-graph\">{\"@context\":\"https:\/\/schema.org\",\"@graph\":[{\"@type\":\"WebPage\",\"@id\":\"https:\/\/didacta.com.uy\/sitio\/producto\/puzzles-formas-del-mar-x-6\/\",\"url\":\"https:\/\/didacta.com.uy\/sitio\/producto\/puzzles-formas-del-mar-x-6\/\",\"name\":\"BEBE PUZZLES FORMAS MUNDO MARINO x 6 - Didacta\",\"isPartOf\":{\"@id\":\"https:\/\/didacta.com.uy\/sitio\/#website\"},\"primaryImageOfPage\":{\"@id\":\"https:\/\/didacta.com.uy\/sitio\/producto\/puzzles-formas-del-mar-x-6\/#primaryimage\"},\"image\":{\"@id\":\"https:\/\/didacta.com.uy\/sitio\/producto\/puzzles-formas-del-mar-x-6\/#primaryimage\"},\"thumbnailUrl\":\"https:\/\/didacta.com.uy\/sitio\/wp-content\/uploads\/2020\/02\/120-35-2.jpg\",\"datePublished\":\"2020-02-09T23:52:17+00:00\",\"dateModified\":\"2024-06-24T16:51:42+00:00\",\"breadcrumb\":{\"@id\":\"https:\/\/didacta.com.uy\/sitio\/producto\/puzzles-formas-del-mar-x-6\/#breadcrumb\"},\"inLanguage\":\"es\",\"potentialAction\":[{\"@type\":\"ReadAction\",\"target\":[\"https:\/\/didacta.com.uy\/sitio\/producto\/puzzles-formas-del-mar-x-6\/\"]}]},{\"@type\":\"ImageObject\",\"inLanguage\":\"es\",\"@id\":\"https:\/\/didacta.com.uy\/sitio\/producto\/puzzles-formas-del-mar-x-6\/#primaryimage\",\"url\":\"https:\/\/didacta.com.uy\/sitio\/wp-content\/uploads\/2020\/02\/120-35-2.jpg\",\"contentUrl\":\"https:\/\/didacta.com.uy\/sitio\/wp-content\/uploads\/2020\/02\/120-35-2.jpg\",\"width\":271,\"height\":250},{\"@type\":\"BreadcrumbList\",\"@id\":\"https:\/\/didacta.com.uy\/sitio\/producto\/puzzles-formas-del-mar-x-6\/#breadcrumb\",\"itemListElement\":[{\"@type\":\"ListItem\",\"position\":1,\"name\":\"Portada\",\"item\":\"https:\/\/didacta.com.uy\/sitio\/\"},{\"@type\":\"ListItem\",\"position\":2,\"name\":\"Inicio\",\"item\":\"https:\/\/didacta.com.uy\/sitio\/\"},{\"@type\":\"ListItem\",\"position\":3,\"name\":\"BEBE PUZZLES FORMAS MUNDO MARINO x 6\"}]},{\"@type\":\"WebSite\",\"@id\":\"https:\/\/didacta.com.uy\/sitio\/#website\",\"url\":\"https:\/\/didacta.com.uy\/sitio\/\",\"name\":\"Didacta\",\"description\":\"Con m\u00e1s de 20 a\u00f1os de experiencia, DIDACTA es la marca l\u00edder en el mercado uruguayo de juegos de mesa.\",\"potentialAction\":[{\"@type\":\"SearchAction\",\"target\":{\"@type\":\"EntryPoint\",\"urlTemplate\":\"https:\/\/didacta.com.uy\/sitio\/?s={search_term_string}\"},\"query-input\":{\"@type\":\"PropertyValueSpecification\",\"valueRequired\":true,\"valueName\":\"search_term_string\"}}],\"inLanguage\":\"es\"}]}<\/script>\n<!-- \/ Yoast SEO plugin. -->","yoast_head_json":{"title":"BEBE PUZZLES FORMAS MUNDO MARINO x 6 - Didacta","robots":{"index":"index","follow":"follow","max-snippet":"max-snippet:-1","max-image-preview":"max-image-preview:large","max-video-preview":"max-video-preview:-1"},"canonical":"https:\/\/didacta.com.uy\/sitio\/producto\/puzzles-formas-del-mar-x-6\/","og_locale":"es_ES","og_type":"article","og_title":"BEBE PUZZLES FORMAS MUNDO MARINO x 6 - Didacta","og_description":"Los primeros puzzles del beb\u00e9 para fomentar el desarrollo cognitivo y entretener did\u00e1cticamente a los m\u00e1s peque\u00f1os de la casa. C\u00f3digo: 120\/35 C\u00f3digo de barras: 7730549004810 Edad: 2 a\u00f1os en adelante Cantidad de piezas: 3 puzzles de 2 piezas y 3 puzzles de 3 piezas. Medidas: 26 x 19 x 4 cm. Instrucciones: Descargar","og_url":"https:\/\/didacta.com.uy\/sitio\/producto\/puzzles-formas-del-mar-x-6\/","og_site_name":"Didacta","article_modified_time":"2024-06-24T16:51:42+00:00","og_image":[{"width":271,"height":250,"url":"https:\/\/didacta.com.uy\/sitio\/wp-content\/uploads\/2020\/02\/120-35-2.jpg","type":"image\/jpeg"}],"twitter_card":"summary_large_image","twitter_misc":{"Tiempo de lectura":"1 minuto"},"schema":{"@context":"https:\/\/schema.org","@graph":[{"@type":"WebPage","@id":"https:\/\/didacta.com.uy\/sitio\/producto\/puzzles-formas-del-mar-x-6\/","url":"https:\/\/didacta.com.uy\/sitio\/producto\/puzzles-formas-del-mar-x-6\/","name":"BEBE PUZZLES FORMAS MUNDO MARINO x 6 - Didacta","isPartOf":{"@id":"https:\/\/didacta.com.uy\/sitio\/#website"},"primaryImageOfPage":{"@id":"https:\/\/didacta.com.uy\/sitio\/producto\/puzzles-formas-del-mar-x-6\/#primaryimage"},"image":{"@id":"https:\/\/didacta.com.uy\/sitio\/producto\/puzzles-formas-del-mar-x-6\/#primaryimage"},"thumbnailUrl":"https:\/\/didacta.com.uy\/sitio\/wp-content\/uploads\/2020\/02\/120-35-2.jpg","datePublished":"2020-02-09T23:52:17+00:00","dateModified":"2024-06-24T16:51:42+00:00","breadcrumb":{"@id":"https:\/\/didacta.com.uy\/sitio\/producto\/puzzles-formas-del-mar-x-6\/#breadcrumb"},"inLanguage":"es","potentialAction":[{"@type":"ReadAction","target":["https:\/\/didacta.com.uy\/sitio\/producto\/puzzles-formas-del-mar-x-6\/"]}]},{"@type":"ImageObject","inLanguage":"es","@id":"https:\/\/didacta.com.uy\/sitio\/producto\/puzzles-formas-del-mar-x-6\/#primaryimage","url":"https:\/\/didacta.com.uy\/sitio\/wp-content\/uploads\/2020\/02\/120-35-2.jpg","contentUrl":"https:\/\/didacta.com.uy\/sitio\/wp-content\/uploads\/2020\/02\/120-35-2.jpg","width":271,"height":250},{"@type":"BreadcrumbList","@id":"https:\/\/didacta.com.uy\/sitio\/producto\/puzzles-formas-del-mar-x-6\/#breadcrumb","itemListElement":[{"@type":"ListItem","position":1,"name":"Portada","item":"https:\/\/didacta.com.uy\/sitio\/"},{"@type":"ListItem","position":2,"name":"Inicio","item":"https:\/\/didacta.com.uy\/sitio\/"},{"@type":"ListItem","position":3,"name":"BEBE PUZZLES FORMAS MUNDO MARINO x 6"}]},{"@type":"WebSite","@id":"https:\/\/didacta.com.uy\/sitio\/#website","url":"https:\/\/didacta.com.uy\/sitio\/","name":"Didacta","description":"Con m\u00e1s de 20 a\u00f1os de experiencia, DIDACTA es la marca l\u00edder en el mercado uruguayo de juegos de mesa.","potentialAction":[{"@type":"SearchAction","target":{"@type":"EntryPoint","urlTemplate":"https:\/\/didacta.com.uy\/sitio\/?s={search_term_string}"},"query-input":{"@type":"PropertyValueSpecification","valueRequired":true,"valueName":"search_term_string"}}],"inLanguage":"es"}]}},"_links":{"self":[{"href":"https:\/\/didacta.com.uy\/sitio\/wp-json\/wp\/v2\/product\/206710","targetHints":{"allow":["GET"]}}],"collection":[{"href":"https:\/\/didacta.com.uy\/sitio\/wp-json\/wp\/v2\/product"}],"about":[{"href":"https:\/\/didacta.com.uy\/sitio\/wp-json\/wp\/v2\/types\/product"}],"replies":[{"embeddable":true,"href":"https:\/\/didacta.com.uy\/sitio\/wp-json\/wp\/v2\/comments?post=206710"}],"wp:featuredmedia":[{"embeddable":true,"href":"https:\/\/didacta.com.uy\/sitio\/wp-json\/wp\/v2\/media\/213347"}],"wp:attachment":[{"href":"https:\/\/didacta.com.uy\/sitio\/wp-json\/wp\/v2\/media?parent=206710"}],"wp:term":[{"taxonomy":"product_brand","embeddable":true,"href":"https:\/\/didacta.com.uy\/sitio\/wp-json\/wp\/v2\/product_brand?post=206710"},{"taxonomy":"product_cat","embeddable":true,"href":"https:\/\/didacta.com.uy\/sitio\/wp-json\/wp\/v2\/product_cat?post=206710"},{"taxonomy":"product_tag","embeddable":true,"href":"https:\/\/didacta.com.uy\/sitio\/wp-json\/wp\/v2\/product_tag?post=206710"}],"curies":[{"name":"wp","href":"https:\/\/api.w.org\/{rel}","templated":true}]}}