{"id":205759,"date":"2018-10-03T18:13:07","date_gmt":"2018-10-03T18:13:07","guid":{"rendered":"http:\/\/didacta.com.uy\/sitio\/producto\/ajedrez\/"},"modified":"2024-08-02T16:44:26","modified_gmt":"2024-08-02T16:44:26","slug":"ajedrez","status":"publish","type":"product","link":"https:\/\/didacta.com.uy\/sitio\/producto\/ajedrez\/","title":{"rendered":"AJEDREZ"},"content":{"rendered":"<p>El ajedrez ha sido definido de muchas y diferentes formas: \u00bfes un juego?, \u00bfes una ciencia?, \u00bfes un deporte?, \u00bfes una estrategia?, \u00bfes una t\u00e9cnica educativa actitudinal, conceptual y procedimental?, \u00bfes un modo de ver la vida y la guerra?, \u00bfes una actividad puramente intelectual?, \u00bfes un ejercicio de razonamiento y concentraci\u00f3n? \u00bfO es todas esas cosas juntas?<br \/>\nEste deporte-ciencia-juego de ingenio ha adquirido gran popularidad. Se juega entre dos oponentes y no interviene para nada el azar, sino la estrategia de quienes juegan.<\/p>\n<p><strong><span style=\"color: #ff0000;\">C\u00f3digo:<\/span><\/strong> 151\/85<br \/>\n<strong><span style=\"color: #ff0000;\">C\u00f3digo de barras:<\/span><\/strong> 77305491151859<br \/>\n<strong><span style=\"color: #ff0000;\">Edad:<\/span><\/strong> 8 a\u00f1os en adelante<br \/>\n<strong><span style=\"color: #ff0000;\">Cantidad de jugadores:<\/span><\/strong> 2 jugadores<br \/>\n<strong><span style=\"color: #ff0000;\">Contenido:<\/span><\/strong> Tablero, 32 piezas de ajedrez<br \/>\n<strong><span style=\"color: #ff0000;\">Medidas:<\/span><\/strong> 33 x 23 x 4,5 cm<br \/>\n<strong><span style=\"color: #ff0000;\">Instrucciones:<\/span><\/strong> <a href=\"https:\/\/didacta.com.uy\/sitio\/wp-content\/uploads\/2023\/09\/Clasicos_151-85_Ajedrez_Instrucciones_APPWEB_v2021.pdf\" target=\"_blank\" rel=\"noopener\">Descargar<\/a><\/p>\n","protected":false},"excerpt":{"rendered":"<p>El ajedrez ha sido definido de muchas y diferentes formas: \u00bfes un juego?, \u00bfes una ciencia?, \u00bfes un deporte?, \u00bfes una estrategia?, \u00bfes una t\u00e9cnica educativa actitudinal, conceptual y procedimental?, \u00bfes un modo de ver la vida y la guerra?, \u00bfes una actividad puramente intelectual?, \u00bfes un ejercicio de razonamiento y concentraci\u00f3n? \u00bfO es todas esas cosas juntas?<br \/>\nEste deporte-ciencia-juego de ingenio ha adquirido gran popularidad. Se juega entre dos oponentes y no interviene para nada el azar, sino la estrategia de quienes juegan.<\/p>\n<p><strong><span style=\"color: #ff0000;\">C\u00f3digo:<\/span><\/strong> 151\/85<br \/>\n<strong><span style=\"color: #ff0000;\">C\u00f3digo de barras:<\/span><\/strong> 77305491151859<br \/>\n<strong><span style=\"color: #ff0000;\">Edad:<\/span><\/strong> 8 a\u00f1os en adelante<br \/>\n<strong><span style=\"color: #ff0000;\">Cantidad de jugadores:<\/span><\/strong> 2 jugadores<br \/>\n<strong><span style=\"color: #ff0000;\">Contenido:<\/span><\/strong> Tablero, 32 piezas de ajedrez<br \/>\n<strong><span style=\"color: #ff0000;\">Medidas:<\/span><\/strong> 33 x 23 x 4,5 cm<br \/>\n<strong><span style=\"color: #ff0000;\">Instrucciones:<\/span><\/strong> <a href=\"https:\/\/didacta.com.uy\/sitio\/wp-content\/uploads\/2023\/09\/Clasicos_151-85_Ajedrez_Instrucciones_APPWEB_v2021.pdf\" target=\"_blank\" rel=\"noopener\">Descargar<\/a><\/p>\n","protected":false},"featured_media":208983,"comment_status":"closed","ping_status":"closed","template":"","meta":{"_et_pb_use_builder":"","_et_pb_old_content":"","_et_gb_content_width":"","_uf_show_specific_survey":0,"_uf_disable_surveys":false},"product_brand":[],"product_cat":[73,72,83],"product_tag":[],"class_list":{"0":"post-205759","1":"product","2":"type-product","3":"status-publish","4":"has-post-thumbnail","6":"product_cat-10-a-mas-anos","7":"product_cat-6-a-9-anos","8":"product_cat-juegos-clasicos","10":"first","11":"instock","12":"purchasable","13":"product-type-simple"},"aioseo_notices":[],"yoast_head":"<!-- This site is optimized with the Yoast SEO plugin v24.8.1 - https:\/\/yoast.com\/wordpress\/plugins\/seo\/ -->\n<title>AJEDREZ - Didacta<\/title>\n<meta name=\"robots\" content=\"index, follow, max-snippet:-1, max-image-preview:large, max-video-preview:-1\" \/>\n<link rel=\"canonical\" href=\"https:\/\/didacta.com.uy\/sitio\/producto\/ajedrez\/\" \/>\n<meta property=\"og:locale\" content=\"es_ES\" \/>\n<meta property=\"og:type\" content=\"article\" \/>\n<meta property=\"og:title\" content=\"AJEDREZ - Didacta\" \/>\n<meta property=\"og:description\" content=\"El ajedrez ha sido definido de muchas y diferentes formas: \u00bfes un juego?, \u00bfes una ciencia?, \u00bfes un deporte?, \u00bfes una estrategia?, \u00bfes una t\u00e9cnica educativa actitudinal, conceptual y procedimental?, \u00bfes un modo de ver la vida y la guerra?, \u00bfes una actividad puramente intelectual?, \u00bfes un ejercicio de razonamiento y concentraci\u00f3n? \u00bfO es todas esas cosas juntas? Este deporte-ciencia-juego de ingenio ha adquirido gran popularidad. Se juega entre dos oponentes y no interviene para nada el azar, sino la estrategia de quienes juegan.  C\u00f3digo: 151\/85 C\u00f3digo de barras: 77305491151859 Edad: 8 a\u00f1os en adelante Cantidad de jugadores: 2 jugadores Contenido: Tablero, 32 piezas de ajedrez Medidas: 33 x 23 x 4,5 cm Instrucciones: Descargar\" \/>\n<meta property=\"og:url\" content=\"https:\/\/didacta.com.uy\/sitio\/producto\/ajedrez\/\" \/>\n<meta property=\"og:site_name\" content=\"Didacta\" \/>\n<meta property=\"article:modified_time\" content=\"2024-08-02T16:44:26+00:00\" \/>\n<meta property=\"og:image\" content=\"https:\/\/didacta.com.uy\/sitio\/wp-content\/uploads\/2018\/10\/Ajedrez_335x230x33.jpg\" \/>\n\t<meta property=\"og:image:width\" content=\"1019\" \/>\n\t<meta property=\"og:image:height\" content=\"800\" \/>\n\t<meta property=\"og:image:type\" content=\"image\/jpeg\" \/>\n<meta name=\"twitter:card\" content=\"summary_large_image\" \/>\n<meta name=\"twitter:label1\" content=\"Tiempo de lectura\" \/>\n\t<meta name=\"twitter:data1\" content=\"1 minuto\" \/>\n<script type=\"application\/ld+json\" class=\"yoast-schema-graph\">{\"@context\":\"https:\/\/schema.org\",\"@graph\":[{\"@type\":\"WebPage\",\"@id\":\"https:\/\/didacta.com.uy\/sitio\/producto\/ajedrez\/\",\"url\":\"https:\/\/didacta.com.uy\/sitio\/producto\/ajedrez\/\",\"name\":\"AJEDREZ - Didacta\",\"isPartOf\":{\"@id\":\"https:\/\/didacta.com.uy\/sitio\/#website\"},\"primaryImageOfPage\":{\"@id\":\"https:\/\/didacta.com.uy\/sitio\/producto\/ajedrez\/#primaryimage\"},\"image\":{\"@id\":\"https:\/\/didacta.com.uy\/sitio\/producto\/ajedrez\/#primaryimage\"},\"thumbnailUrl\":\"https:\/\/didacta.com.uy\/sitio\/wp-content\/uploads\/2018\/10\/Ajedrez_335x230x33.jpg\",\"datePublished\":\"2018-10-03T18:13:07+00:00\",\"dateModified\":\"2024-08-02T16:44:26+00:00\",\"breadcrumb\":{\"@id\":\"https:\/\/didacta.com.uy\/sitio\/producto\/ajedrez\/#breadcrumb\"},\"inLanguage\":\"es\",\"potentialAction\":[{\"@type\":\"ReadAction\",\"target\":[\"https:\/\/didacta.com.uy\/sitio\/producto\/ajedrez\/\"]}]},{\"@type\":\"ImageObject\",\"inLanguage\":\"es\",\"@id\":\"https:\/\/didacta.com.uy\/sitio\/producto\/ajedrez\/#primaryimage\",\"url\":\"https:\/\/didacta.com.uy\/sitio\/wp-content\/uploads\/2018\/10\/Ajedrez_335x230x33.jpg\",\"contentUrl\":\"https:\/\/didacta.com.uy\/sitio\/wp-content\/uploads\/2018\/10\/Ajedrez_335x230x33.jpg\",\"width\":1019,\"height\":800},{\"@type\":\"BreadcrumbList\",\"@id\":\"https:\/\/didacta.com.uy\/sitio\/producto\/ajedrez\/#breadcrumb\",\"itemListElement\":[{\"@type\":\"ListItem\",\"position\":1,\"name\":\"Portada\",\"item\":\"https:\/\/didacta.com.uy\/sitio\/\"},{\"@type\":\"ListItem\",\"position\":2,\"name\":\"Inicio\",\"item\":\"https:\/\/didacta.com.uy\/sitio\/\"},{\"@type\":\"ListItem\",\"position\":3,\"name\":\"AJEDREZ\"}]},{\"@type\":\"WebSite\",\"@id\":\"https:\/\/didacta.com.uy\/sitio\/#website\",\"url\":\"https:\/\/didacta.com.uy\/sitio\/\",\"name\":\"Didacta\",\"description\":\"Con m\u00e1s de 20 a\u00f1os de experiencia, DIDACTA es la marca l\u00edder en el mercado uruguayo de juegos de mesa.\",\"potentialAction\":[{\"@type\":\"SearchAction\",\"target\":{\"@type\":\"EntryPoint\",\"urlTemplate\":\"https:\/\/didacta.com.uy\/sitio\/?s={search_term_string}\"},\"query-input\":{\"@type\":\"PropertyValueSpecification\",\"valueRequired\":true,\"valueName\":\"search_term_string\"}}],\"inLanguage\":\"es\"}]}<\/script>\n<!-- \/ Yoast SEO plugin. -->","yoast_head_json":{"title":"AJEDREZ - Didacta","robots":{"index":"index","follow":"follow","max-snippet":"max-snippet:-1","max-image-preview":"max-image-preview:large","max-video-preview":"max-video-preview:-1"},"canonical":"https:\/\/didacta.com.uy\/sitio\/producto\/ajedrez\/","og_locale":"es_ES","og_type":"article","og_title":"AJEDREZ - Didacta","og_description":"El ajedrez ha sido definido de muchas y diferentes formas: \u00bfes un juego?, \u00bfes una ciencia?, \u00bfes un deporte?, \u00bfes una estrategia?, \u00bfes una t\u00e9cnica educativa actitudinal, conceptual y procedimental?, \u00bfes un modo de ver la vida y la guerra?, \u00bfes una actividad puramente intelectual?, \u00bfes un ejercicio de razonamiento y concentraci\u00f3n? \u00bfO es todas esas cosas juntas? Este deporte-ciencia-juego de ingenio ha adquirido gran popularidad. Se juega entre dos oponentes y no interviene para nada el azar, sino la estrategia de quienes juegan.  C\u00f3digo: 151\/85 C\u00f3digo de barras: 77305491151859 Edad: 8 a\u00f1os en adelante Cantidad de jugadores: 2 jugadores Contenido: Tablero, 32 piezas de ajedrez Medidas: 33 x 23 x 4,5 cm Instrucciones: Descargar","og_url":"https:\/\/didacta.com.uy\/sitio\/producto\/ajedrez\/","og_site_name":"Didacta","article_modified_time":"2024-08-02T16:44:26+00:00","og_image":[{"width":1019,"height":800,"url":"https:\/\/didacta.com.uy\/sitio\/wp-content\/uploads\/2018\/10\/Ajedrez_335x230x33.jpg","type":"image\/jpeg"}],"twitter_card":"summary_large_image","twitter_misc":{"Tiempo de lectura":"1 minuto"},"schema":{"@context":"https:\/\/schema.org","@graph":[{"@type":"WebPage","@id":"https:\/\/didacta.com.uy\/sitio\/producto\/ajedrez\/","url":"https:\/\/didacta.com.uy\/sitio\/producto\/ajedrez\/","name":"AJEDREZ - Didacta","isPartOf":{"@id":"https:\/\/didacta.com.uy\/sitio\/#website"},"primaryImageOfPage":{"@id":"https:\/\/didacta.com.uy\/sitio\/producto\/ajedrez\/#primaryimage"},"image":{"@id":"https:\/\/didacta.com.uy\/sitio\/producto\/ajedrez\/#primaryimage"},"thumbnailUrl":"https:\/\/didacta.com.uy\/sitio\/wp-content\/uploads\/2018\/10\/Ajedrez_335x230x33.jpg","datePublished":"2018-10-03T18:13:07+00:00","dateModified":"2024-08-02T16:44:26+00:00","breadcrumb":{"@id":"https:\/\/didacta.com.uy\/sitio\/producto\/ajedrez\/#breadcrumb"},"inLanguage":"es","potentialAction":[{"@type":"ReadAction","target":["https:\/\/didacta.com.uy\/sitio\/producto\/ajedrez\/"]}]},{"@type":"ImageObject","inLanguage":"es","@id":"https:\/\/didacta.com.uy\/sitio\/producto\/ajedrez\/#primaryimage","url":"https:\/\/didacta.com.uy\/sitio\/wp-content\/uploads\/2018\/10\/Ajedrez_335x230x33.jpg","contentUrl":"https:\/\/didacta.com.uy\/sitio\/wp-content\/uploads\/2018\/10\/Ajedrez_335x230x33.jpg","width":1019,"height":800},{"@type":"BreadcrumbList","@id":"https:\/\/didacta.com.uy\/sitio\/producto\/ajedrez\/#breadcrumb","itemListElement":[{"@type":"ListItem","position":1,"name":"Portada","item":"https:\/\/didacta.com.uy\/sitio\/"},{"@type":"ListItem","position":2,"name":"Inicio","item":"https:\/\/didacta.com.uy\/sitio\/"},{"@type":"ListItem","position":3,"name":"AJEDREZ"}]},{"@type":"WebSite","@id":"https:\/\/didacta.com.uy\/sitio\/#website","url":"https:\/\/didacta.com.uy\/sitio\/","name":"Didacta","description":"Con m\u00e1s de 20 a\u00f1os de experiencia, DIDACTA es la marca l\u00edder en el mercado uruguayo de juegos de mesa.","potentialAction":[{"@type":"SearchAction","target":{"@type":"EntryPoint","urlTemplate":"https:\/\/didacta.com.uy\/sitio\/?s={search_term_string}"},"query-input":{"@type":"PropertyValueSpecification","valueRequired":true,"valueName":"search_term_string"}}],"inLanguage":"es"}]}},"_links":{"self":[{"href":"https:\/\/didacta.com.uy\/sitio\/wp-json\/wp\/v2\/product\/205759","targetHints":{"allow":["GET"]}}],"collection":[{"href":"https:\/\/didacta.com.uy\/sitio\/wp-json\/wp\/v2\/product"}],"about":[{"href":"https:\/\/didacta.com.uy\/sitio\/wp-json\/wp\/v2\/types\/product"}],"replies":[{"embeddable":true,"href":"https:\/\/didacta.com.uy\/sitio\/wp-json\/wp\/v2\/comments?post=205759"}],"wp:featuredmedia":[{"embeddable":true,"href":"https:\/\/didacta.com.uy\/sitio\/wp-json\/wp\/v2\/media\/208983"}],"wp:attachment":[{"href":"https:\/\/didacta.com.uy\/sitio\/wp-json\/wp\/v2\/media?parent=205759"}],"wp:term":[{"taxonomy":"product_brand","embeddable":true,"href":"https:\/\/didacta.com.uy\/sitio\/wp-json\/wp\/v2\/product_brand?post=205759"},{"taxonomy":"product_cat","embeddable":true,"href":"https:\/\/didacta.com.uy\/sitio\/wp-json\/wp\/v2\/product_cat?post=205759"},{"taxonomy":"product_tag","embeddable":true,"href":"https:\/\/didacta.com.uy\/sitio\/wp-json\/wp\/v2\/product_tag?post=205759"}],"curies":[{"name":"wp","href":"https:\/\/api.w.org\/{rel}","templated":true}]}}