{"id":205753,"date":"2018-10-03T18:12:52","date_gmt":"2018-10-03T18:12:52","guid":{"rendered":"http:\/\/didacta.com.uy\/sitio\/producto\/pictograma-jr\/"},"modified":"2022-10-05T12:00:51","modified_gmt":"2022-10-05T12:00:51","slug":"pictograma-jr","status":"publish","type":"product","link":"https:\/\/didacta.com.uy\/sitio\/producto\/pictograma-jr\/","title":{"rendered":"PICTOGRAMA JR."},"content":{"rendered":"<p>Pictograma Junior es la edici\u00f3n del Pictograma dise\u00f1ado para ni\u00f1os de 6 a 12 a\u00f1os de edad. Se juega por equipos. Un jugador intentar\u00e1, por medio de dibujos y trazos sencillos, que sus compa\u00f1eros de equipo adivinen una palabra, en el tiempo dado por el reloj de arena. Ganar\u00e1 el equipo que consiga recorrer primero todas las casillas del tablero. Para jugar, s\u00f3lo se necesita imaginaci\u00f3n y ganas de divertirse.<\/p>\n<p><strong><span style=\"color: #ff0000;\">C\u00f3digo:<\/span> <\/strong>150\/66<br \/>\n<strong><span style=\"color: #ff0000;\">C\u00f3digo de barras:<\/span> <\/strong>7730549150661<br \/>\n<strong><span style=\"color: #ff0000;\">Edad:<\/span><\/strong> 6 a 12 a\u00f1os<br \/>\n<strong><span style=\"color: #ff0000;\">Cantidad de jugadores:<\/span> <\/strong>3 a 16 jugadores<br \/>\n<strong><span style=\"color: #ff0000;\">Contenido:<\/span> <\/strong>Tablero, peones, crayones, tarjetas, libretas y reloj de arena<br \/>\n<strong><span style=\"color: #ff0000;\">Medidas:<\/span> <\/strong>45 x 19 x 6 cm<br \/>\n<strong><span style=\"color: #ff0000;\">Instrucciones:<\/span> <\/strong><a href=\"http:\/\/didacta.com.uy\/didacta\/images\/productos\/425_producto_instrucciones.pdf\" target=\"_blank\" rel=\"noopener\">Descargar<\/a><\/p>\n","protected":false},"excerpt":{"rendered":"<p>Pictograma Junior es la edici\u00f3n del Pictograma dise\u00f1ado para ni\u00f1os de 6 a 12 a\u00f1os de edad. Se juega por equipos. Un jugador intentar\u00e1, por medio de dibujos y trazos sencillos, que sus compa\u00f1eros de equipo adivinen una palabra, en el tiempo dado por el reloj de arena. Ganar\u00e1 el equipo que consiga recorrer primero todas las casillas del tablero. Para jugar, s\u00f3lo se necesita imaginaci\u00f3n y ganas de divertirse.<\/p>\n<p><strong><span style=\"color: #ff0000;\">C\u00f3digo:<\/span> <\/strong>150\/66<br \/>\n<strong><span style=\"color: #ff0000;\">C\u00f3digo de barras:<\/span> <\/strong>7730549150661<br \/>\n<strong><span style=\"color: #ff0000;\">Edad:<\/span><\/strong> 6 a 12 a\u00f1os<br \/>\n<strong><span style=\"color: #ff0000;\">Cantidad de jugadores:<\/span> <\/strong>3 a 16 jugadores<br \/>\n<strong><span style=\"color: #ff0000;\">Contenido:<\/span> <\/strong>Tablero, peones, crayones, tarjetas, libretas y reloj de arena<br \/>\n<strong><span style=\"color: #ff0000;\">Medidas:<\/span> <\/strong>45 x 19 x 6 cm<br \/>\n<strong><span style=\"color: #ff0000;\">Instrucciones:<\/span> <\/strong><a href=\"http:\/\/didacta.com.uy\/didacta\/images\/productos\/425_producto_instrucciones.pdf\" target=\"_blank\" rel=\"noopener\">Descargar<\/a><\/p>\n","protected":false},"featured_media":208955,"comment_status":"closed","ping_status":"closed","template":"","meta":{"_et_pb_use_builder":"","_et_pb_old_content":"","_et_gb_content_width":"","_uf_show_specific_survey":0,"_uf_disable_surveys":false},"product_brand":[],"product_cat":[73,72,29],"product_tag":[],"class_list":{"0":"post-205753","1":"product","2":"type-product","3":"status-publish","4":"has-post-thumbnail","6":"product_cat-10-a-mas-anos","7":"product_cat-6-a-9-anos","8":"product_cat-pictograma","10":"first","11":"instock","12":"purchasable","13":"product-type-simple"},"aioseo_notices":[],"yoast_head":"<!-- This site is optimized with the Yoast SEO plugin v24.8.1 - https:\/\/yoast.com\/wordpress\/plugins\/seo\/ -->\n<title>PICTOGRAMA JR. - Didacta<\/title>\n<meta name=\"robots\" content=\"index, follow, max-snippet:-1, max-image-preview:large, max-video-preview:-1\" \/>\n<link rel=\"canonical\" href=\"https:\/\/didacta.com.uy\/sitio\/producto\/pictograma-jr\/\" \/>\n<meta property=\"og:locale\" content=\"es_ES\" \/>\n<meta property=\"og:type\" content=\"article\" \/>\n<meta property=\"og:title\" content=\"PICTOGRAMA JR. - Didacta\" \/>\n<meta property=\"og:description\" content=\"Pictograma Junior es la edici\u00f3n del Pictograma dise\u00f1ado para ni\u00f1os de 6 a 12 a\u00f1os de edad. Se juega por equipos. Un jugador intentar\u00e1, por medio de dibujos y trazos sencillos, que sus compa\u00f1eros de equipo adivinen una palabra, en el tiempo dado por el reloj de arena. Ganar\u00e1 el equipo que consiga recorrer primero todas las casillas del tablero. Para jugar, s\u00f3lo se necesita imaginaci\u00f3n y ganas de divertirse.  C\u00f3digo: 150\/66 C\u00f3digo de barras: 7730549150661 Edad: 6 a 12 a\u00f1os Cantidad de jugadores: 3 a 16 jugadores Contenido: Tablero, peones, crayones, tarjetas, libretas y reloj de arena Medidas: 45 x 19 x 6 cm Instrucciones: Descargar\" \/>\n<meta property=\"og:url\" content=\"https:\/\/didacta.com.uy\/sitio\/producto\/pictograma-jr\/\" \/>\n<meta property=\"og:site_name\" content=\"Didacta\" \/>\n<meta property=\"article:modified_time\" content=\"2022-10-05T12:00:51+00:00\" \/>\n<meta property=\"og:image\" content=\"https:\/\/didacta.com.uy\/sitio\/wp-content\/uploads\/2018\/10\/150-66_Pictograma_JR_Nuevo-Formato.jpg\" \/>\n\t<meta property=\"og:image:width\" content=\"1412\" \/>\n\t<meta property=\"og:image:height\" content=\"924\" \/>\n\t<meta property=\"og:image:type\" content=\"image\/jpeg\" \/>\n<meta name=\"twitter:card\" content=\"summary_large_image\" \/>\n<meta name=\"twitter:label1\" content=\"Tiempo de lectura\" \/>\n\t<meta name=\"twitter:data1\" content=\"1 minuto\" \/>\n<script type=\"application\/ld+json\" class=\"yoast-schema-graph\">{\"@context\":\"https:\/\/schema.org\",\"@graph\":[{\"@type\":\"WebPage\",\"@id\":\"https:\/\/didacta.com.uy\/sitio\/producto\/pictograma-jr\/\",\"url\":\"https:\/\/didacta.com.uy\/sitio\/producto\/pictograma-jr\/\",\"name\":\"PICTOGRAMA JR. - Didacta\",\"isPartOf\":{\"@id\":\"https:\/\/didacta.com.uy\/sitio\/#website\"},\"primaryImageOfPage\":{\"@id\":\"https:\/\/didacta.com.uy\/sitio\/producto\/pictograma-jr\/#primaryimage\"},\"image\":{\"@id\":\"https:\/\/didacta.com.uy\/sitio\/producto\/pictograma-jr\/#primaryimage\"},\"thumbnailUrl\":\"https:\/\/didacta.com.uy\/sitio\/wp-content\/uploads\/2018\/10\/150-66_Pictograma_JR_Nuevo-Formato.jpg\",\"datePublished\":\"2018-10-03T18:12:52+00:00\",\"dateModified\":\"2022-10-05T12:00:51+00:00\",\"breadcrumb\":{\"@id\":\"https:\/\/didacta.com.uy\/sitio\/producto\/pictograma-jr\/#breadcrumb\"},\"inLanguage\":\"es\",\"potentialAction\":[{\"@type\":\"ReadAction\",\"target\":[\"https:\/\/didacta.com.uy\/sitio\/producto\/pictograma-jr\/\"]}]},{\"@type\":\"ImageObject\",\"inLanguage\":\"es\",\"@id\":\"https:\/\/didacta.com.uy\/sitio\/producto\/pictograma-jr\/#primaryimage\",\"url\":\"https:\/\/didacta.com.uy\/sitio\/wp-content\/uploads\/2018\/10\/150-66_Pictograma_JR_Nuevo-Formato.jpg\",\"contentUrl\":\"https:\/\/didacta.com.uy\/sitio\/wp-content\/uploads\/2018\/10\/150-66_Pictograma_JR_Nuevo-Formato.jpg\",\"width\":1412,\"height\":924},{\"@type\":\"BreadcrumbList\",\"@id\":\"https:\/\/didacta.com.uy\/sitio\/producto\/pictograma-jr\/#breadcrumb\",\"itemListElement\":[{\"@type\":\"ListItem\",\"position\":1,\"name\":\"Portada\",\"item\":\"https:\/\/didacta.com.uy\/sitio\/\"},{\"@type\":\"ListItem\",\"position\":2,\"name\":\"Inicio\",\"item\":\"https:\/\/didacta.com.uy\/sitio\/\"},{\"@type\":\"ListItem\",\"position\":3,\"name\":\"PICTOGRAMA JR.\"}]},{\"@type\":\"WebSite\",\"@id\":\"https:\/\/didacta.com.uy\/sitio\/#website\",\"url\":\"https:\/\/didacta.com.uy\/sitio\/\",\"name\":\"Didacta\",\"description\":\"Con m\u00e1s de 20 a\u00f1os de experiencia, DIDACTA es la marca l\u00edder en el mercado uruguayo de juegos de mesa.\",\"potentialAction\":[{\"@type\":\"SearchAction\",\"target\":{\"@type\":\"EntryPoint\",\"urlTemplate\":\"https:\/\/didacta.com.uy\/sitio\/?s={search_term_string}\"},\"query-input\":{\"@type\":\"PropertyValueSpecification\",\"valueRequired\":true,\"valueName\":\"search_term_string\"}}],\"inLanguage\":\"es\"}]}<\/script>\n<!-- \/ Yoast SEO plugin. -->","yoast_head_json":{"title":"PICTOGRAMA JR. - Didacta","robots":{"index":"index","follow":"follow","max-snippet":"max-snippet:-1","max-image-preview":"max-image-preview:large","max-video-preview":"max-video-preview:-1"},"canonical":"https:\/\/didacta.com.uy\/sitio\/producto\/pictograma-jr\/","og_locale":"es_ES","og_type":"article","og_title":"PICTOGRAMA JR. - Didacta","og_description":"Pictograma Junior es la edici\u00f3n del Pictograma dise\u00f1ado para ni\u00f1os de 6 a 12 a\u00f1os de edad. Se juega por equipos. Un jugador intentar\u00e1, por medio de dibujos y trazos sencillos, que sus compa\u00f1eros de equipo adivinen una palabra, en el tiempo dado por el reloj de arena. Ganar\u00e1 el equipo que consiga recorrer primero todas las casillas del tablero. Para jugar, s\u00f3lo se necesita imaginaci\u00f3n y ganas de divertirse.  C\u00f3digo: 150\/66 C\u00f3digo de barras: 7730549150661 Edad: 6 a 12 a\u00f1os Cantidad de jugadores: 3 a 16 jugadores Contenido: Tablero, peones, crayones, tarjetas, libretas y reloj de arena Medidas: 45 x 19 x 6 cm Instrucciones: Descargar","og_url":"https:\/\/didacta.com.uy\/sitio\/producto\/pictograma-jr\/","og_site_name":"Didacta","article_modified_time":"2022-10-05T12:00:51+00:00","og_image":[{"width":1412,"height":924,"url":"https:\/\/didacta.com.uy\/sitio\/wp-content\/uploads\/2018\/10\/150-66_Pictograma_JR_Nuevo-Formato.jpg","type":"image\/jpeg"}],"twitter_card":"summary_large_image","twitter_misc":{"Tiempo de lectura":"1 minuto"},"schema":{"@context":"https:\/\/schema.org","@graph":[{"@type":"WebPage","@id":"https:\/\/didacta.com.uy\/sitio\/producto\/pictograma-jr\/","url":"https:\/\/didacta.com.uy\/sitio\/producto\/pictograma-jr\/","name":"PICTOGRAMA JR. - Didacta","isPartOf":{"@id":"https:\/\/didacta.com.uy\/sitio\/#website"},"primaryImageOfPage":{"@id":"https:\/\/didacta.com.uy\/sitio\/producto\/pictograma-jr\/#primaryimage"},"image":{"@id":"https:\/\/didacta.com.uy\/sitio\/producto\/pictograma-jr\/#primaryimage"},"thumbnailUrl":"https:\/\/didacta.com.uy\/sitio\/wp-content\/uploads\/2018\/10\/150-66_Pictograma_JR_Nuevo-Formato.jpg","datePublished":"2018-10-03T18:12:52+00:00","dateModified":"2022-10-05T12:00:51+00:00","breadcrumb":{"@id":"https:\/\/didacta.com.uy\/sitio\/producto\/pictograma-jr\/#breadcrumb"},"inLanguage":"es","potentialAction":[{"@type":"ReadAction","target":["https:\/\/didacta.com.uy\/sitio\/producto\/pictograma-jr\/"]}]},{"@type":"ImageObject","inLanguage":"es","@id":"https:\/\/didacta.com.uy\/sitio\/producto\/pictograma-jr\/#primaryimage","url":"https:\/\/didacta.com.uy\/sitio\/wp-content\/uploads\/2018\/10\/150-66_Pictograma_JR_Nuevo-Formato.jpg","contentUrl":"https:\/\/didacta.com.uy\/sitio\/wp-content\/uploads\/2018\/10\/150-66_Pictograma_JR_Nuevo-Formato.jpg","width":1412,"height":924},{"@type":"BreadcrumbList","@id":"https:\/\/didacta.com.uy\/sitio\/producto\/pictograma-jr\/#breadcrumb","itemListElement":[{"@type":"ListItem","position":1,"name":"Portada","item":"https:\/\/didacta.com.uy\/sitio\/"},{"@type":"ListItem","position":2,"name":"Inicio","item":"https:\/\/didacta.com.uy\/sitio\/"},{"@type":"ListItem","position":3,"name":"PICTOGRAMA JR."}]},{"@type":"WebSite","@id":"https:\/\/didacta.com.uy\/sitio\/#website","url":"https:\/\/didacta.com.uy\/sitio\/","name":"Didacta","description":"Con m\u00e1s de 20 a\u00f1os de experiencia, DIDACTA es la marca l\u00edder en el mercado uruguayo de juegos de mesa.","potentialAction":[{"@type":"SearchAction","target":{"@type":"EntryPoint","urlTemplate":"https:\/\/didacta.com.uy\/sitio\/?s={search_term_string}"},"query-input":{"@type":"PropertyValueSpecification","valueRequired":true,"valueName":"search_term_string"}}],"inLanguage":"es"}]}},"_links":{"self":[{"href":"https:\/\/didacta.com.uy\/sitio\/wp-json\/wp\/v2\/product\/205753","targetHints":{"allow":["GET"]}}],"collection":[{"href":"https:\/\/didacta.com.uy\/sitio\/wp-json\/wp\/v2\/product"}],"about":[{"href":"https:\/\/didacta.com.uy\/sitio\/wp-json\/wp\/v2\/types\/product"}],"replies":[{"embeddable":true,"href":"https:\/\/didacta.com.uy\/sitio\/wp-json\/wp\/v2\/comments?post=205753"}],"wp:featuredmedia":[{"embeddable":true,"href":"https:\/\/didacta.com.uy\/sitio\/wp-json\/wp\/v2\/media\/208955"}],"wp:attachment":[{"href":"https:\/\/didacta.com.uy\/sitio\/wp-json\/wp\/v2\/media?parent=205753"}],"wp:term":[{"taxonomy":"product_brand","embeddable":true,"href":"https:\/\/didacta.com.uy\/sitio\/wp-json\/wp\/v2\/product_brand?post=205753"},{"taxonomy":"product_cat","embeddable":true,"href":"https:\/\/didacta.com.uy\/sitio\/wp-json\/wp\/v2\/product_cat?post=205753"},{"taxonomy":"product_tag","embeddable":true,"href":"https:\/\/didacta.com.uy\/sitio\/wp-json\/wp\/v2\/product_tag?post=205753"}],"curies":[{"name":"wp","href":"https:\/\/api.w.org\/{rel}","templated":true}]}}