{"id":205746,"date":"2018-10-03T18:12:35","date_gmt":"2018-10-03T18:12:35","guid":{"rendered":"http:\/\/didacta.com.uy\/sitio\/producto\/1000-nombres\/"},"modified":"2024-04-11T15:12:52","modified_gmt":"2024-04-11T15:12:52","slug":"1000-nombres","status":"publish","type":"product","link":"https:\/\/didacta.com.uy\/sitio\/producto\/1000-nombres\/","title":{"rendered":"1000 NOMBRES"},"content":{"rendered":"<p>Divertite con la m\u00e1s emocionante batalla de letras y todo lo que pueda surgir de tu creatividad e imaginaci\u00f3n.<br \/>\nDependiendo el lugar que se encuentre tu pe\u00f3n en el tablero y la letra que te corresponda en la carta, deber\u00e1s decir su nombre para avanzar.<br \/>\nPor ejemplo: en la casilla B, una prenda de vestir que empiece por esa letra: Blusa! En la J, un pa\u00eds: Jap\u00f3n! En la P, instrumento musical: Piano!<br \/>\nMil nombres de los m\u00e1s variados temas que ir\u00e1s aprendiendo a lo largo del juego. El primero que llegue a la V ser\u00e1 el ganador.<\/p>\n<p><strong><span style=\"color: #ff0000;\">C\u00f3digo:<\/span><\/strong> 154\/02<br \/>\n<strong><span style=\"color: #ff0000;\">C\u00f3digo de barras:<\/span><\/strong> 7792745043239<br \/>\n<strong><span style=\"color: #ff0000;\">Edad:<\/span><\/strong> 7 a\u00f1os en adelante<br \/>\n<strong><span style=\"color: #ff0000;\">Cantidad de jugadores:<\/span><\/strong> 2 a 6 jugadores<br \/>\n<strong><span style=\"color: #ff0000;\">Contenido:<\/span><\/strong> 1 tablero, 6 peones, 24 cartas<br \/>\n<strong><span style=\"color: #ff0000;\">Medidas:<\/span> <\/strong>33,5 x 23 x 3,5 cm<br \/>\n<strong><span style=\"color: #ff0000;\">Instrucciones:<\/span> <\/strong><a href=\"http:\/\/didacta.com.uy\/sitio\/wp-content\/uploads\/2021\/11\/instrucciones_1000nombres.pdf\" target=\"_blank\" rel=\"noopener\">Descargar<\/a><\/p>\n<p><iframe loading=\"lazy\" title=\"YouTube video player\" src=\"https:\/\/www.youtube.com\/embed\/uaJBM26T884?si=cR58eCZvvD9geBy5\" width=\"560\" height=\"315\" frameborder=\"0\" allowfullscreen=\"allowfullscreen\"><\/iframe><\/p>\n","protected":false},"excerpt":{"rendered":"<p>&nbsp;<\/p>\n<p>Divertite con la m\u00e1s emocionante batalla de letras y todo lo que pueda surgir de tu creatividad e imaginaci\u00f3n.<br \/>\nDependiendo el lugar que se encuentre tu pe\u00f3n en el tablero y la letra que te corresponda en la carta, deber\u00e1s decir su nombre para avanzar.<br \/>\nPor ejemplo: en la casilla B, una prenda de vestir que empiece por esa letra: Blusa! En la J, un pa\u00eds: Jap\u00f3n! En la P, instrumento musical: Piano!<br \/>\nMil nombres de los m\u00e1s variados temas que ir\u00e1s aprendiendo a lo largo del juego. El primero que llegue a la V ser\u00e1 el ganador.<\/p>\n<p><strong><span style=\"color: #ff0000;\">C\u00f3digo:<\/span><\/strong> 154\/02<br \/>\n<strong><span style=\"color: #ff0000;\">C\u00f3digo de barras:<\/span><\/strong> 7792745043239<br \/>\n<strong><span style=\"color: #ff0000;\">Edad:<\/span><\/strong> 7 a\u00f1os en adelante<br \/>\n<strong><span style=\"color: #ff0000;\">Cantidad de jugadores:<\/span><\/strong> 2 a 6 jugadores<br \/>\n<strong><span style=\"color: #ff0000;\">Contenido:<\/span><\/strong> 1 tablero, 6 peones, 24 cartas<br \/>\n<strong><span style=\"color: #ff0000;\">Medidas:<\/span> <\/strong>33,5 x 23 x 3,5 cm<br \/>\n<strong><span style=\"color: #ff0000;\">Instrucciones:<\/span> <\/strong><a href=\"http:\/\/didacta.com.uy\/sitio\/wp-content\/uploads\/2021\/11\/instrucciones_1000nombres.pdf\" target=\"_blank\" rel=\"noopener\">Descargar<\/a><\/p>\n<p><iframe loading=\"lazy\" title=\"YouTube video player\" src=\"https:\/\/www.youtube.com\/embed\/uaJBM26T884?si=cR58eCZvvD9geBy5\" width=\"560\" height=\"315\" frameborder=\"0\" allowfullscreen=\"allowfullscreen\"><\/iframe><\/p>\n","protected":false},"featured_media":208823,"comment_status":"closed","ping_status":"closed","template":"","meta":{"_et_pb_use_builder":"","_et_pb_old_content":"","_et_gb_content_width":"","_uf_show_specific_survey":0,"_uf_disable_surveys":false},"product_brand":[],"product_cat":[72,80],"product_tag":[],"class_list":{"0":"post-205746","1":"product","2":"type-product","3":"status-publish","4":"has-post-thumbnail","6":"product_cat-6-a-9-anos","7":"product_cat-jugar-y-aprender","9":"first","10":"instock","11":"purchasable","12":"product-type-simple"},"aioseo_notices":[],"yoast_head":"<!-- This site is optimized with the Yoast SEO plugin v24.8.1 - https:\/\/yoast.com\/wordpress\/plugins\/seo\/ -->\n<title>1000 NOMBRES - Didacta<\/title>\n<meta name=\"robots\" content=\"index, follow, max-snippet:-1, max-image-preview:large, max-video-preview:-1\" \/>\n<link rel=\"canonical\" href=\"https:\/\/didacta.com.uy\/sitio\/producto\/1000-nombres\/\" \/>\n<meta property=\"og:locale\" content=\"es_ES\" \/>\n<meta property=\"og:type\" content=\"article\" \/>\n<meta property=\"og:title\" content=\"1000 NOMBRES - Didacta\" \/>\n<meta property=\"og:description\" content=\"&nbsp;  Divertite con la m\u00e1s emocionante batalla de letras y todo lo que pueda surgir de tu creatividad e imaginaci\u00f3n. Dependiendo el lugar que se encuentre tu pe\u00f3n en el tablero y la letra que te corresponda en la carta, deber\u00e1s decir su nombre para avanzar. Por ejemplo: en la casilla B, una prenda de vestir que empiece por esa letra: Blusa! En la J, un pa\u00eds: Jap\u00f3n! En la P, instrumento musical: Piano! Mil nombres de los m\u00e1s variados temas que ir\u00e1s aprendiendo a lo largo del juego. El primero que llegue a la V ser\u00e1 el ganador.  C\u00f3digo: 154\/02 C\u00f3digo de barras: 7792745043239 Edad: 7 a\u00f1os en adelante Cantidad de jugadores: 2 a 6 jugadores Contenido: 1 tablero, 6 peones, 24 cartas Medidas: 33,5 x 23 x 3,5 cm Instrucciones: Descargar\" \/>\n<meta property=\"og:url\" content=\"https:\/\/didacta.com.uy\/sitio\/producto\/1000-nombres\/\" \/>\n<meta property=\"og:site_name\" content=\"Didacta\" \/>\n<meta property=\"article:modified_time\" content=\"2024-04-11T15:12:52+00:00\" \/>\n<meta property=\"og:image\" content=\"https:\/\/didacta.com.uy\/sitio\/wp-content\/uploads\/2018\/10\/1000Nombres.jpg\" \/>\n\t<meta property=\"og:image:width\" content=\"800\" \/>\n\t<meta property=\"og:image:height\" content=\"600\" \/>\n\t<meta property=\"og:image:type\" content=\"image\/jpeg\" \/>\n<meta name=\"twitter:card\" content=\"summary_large_image\" \/>\n<meta name=\"twitter:label1\" content=\"Tiempo de lectura\" \/>\n\t<meta name=\"twitter:data1\" content=\"1 minuto\" \/>\n<script type=\"application\/ld+json\" class=\"yoast-schema-graph\">{\"@context\":\"https:\/\/schema.org\",\"@graph\":[{\"@type\":\"WebPage\",\"@id\":\"https:\/\/didacta.com.uy\/sitio\/producto\/1000-nombres\/\",\"url\":\"https:\/\/didacta.com.uy\/sitio\/producto\/1000-nombres\/\",\"name\":\"1000 NOMBRES - Didacta\",\"isPartOf\":{\"@id\":\"https:\/\/didacta.com.uy\/sitio\/#website\"},\"primaryImageOfPage\":{\"@id\":\"https:\/\/didacta.com.uy\/sitio\/producto\/1000-nombres\/#primaryimage\"},\"image\":{\"@id\":\"https:\/\/didacta.com.uy\/sitio\/producto\/1000-nombres\/#primaryimage\"},\"thumbnailUrl\":\"https:\/\/didacta.com.uy\/sitio\/wp-content\/uploads\/2018\/10\/1000Nombres.jpg\",\"datePublished\":\"2018-10-03T18:12:35+00:00\",\"dateModified\":\"2024-04-11T15:12:52+00:00\",\"breadcrumb\":{\"@id\":\"https:\/\/didacta.com.uy\/sitio\/producto\/1000-nombres\/#breadcrumb\"},\"inLanguage\":\"es\",\"potentialAction\":[{\"@type\":\"ReadAction\",\"target\":[\"https:\/\/didacta.com.uy\/sitio\/producto\/1000-nombres\/\"]}]},{\"@type\":\"ImageObject\",\"inLanguage\":\"es\",\"@id\":\"https:\/\/didacta.com.uy\/sitio\/producto\/1000-nombres\/#primaryimage\",\"url\":\"https:\/\/didacta.com.uy\/sitio\/wp-content\/uploads\/2018\/10\/1000Nombres.jpg\",\"contentUrl\":\"https:\/\/didacta.com.uy\/sitio\/wp-content\/uploads\/2018\/10\/1000Nombres.jpg\",\"width\":800,\"height\":600},{\"@type\":\"BreadcrumbList\",\"@id\":\"https:\/\/didacta.com.uy\/sitio\/producto\/1000-nombres\/#breadcrumb\",\"itemListElement\":[{\"@type\":\"ListItem\",\"position\":1,\"name\":\"Portada\",\"item\":\"https:\/\/didacta.com.uy\/sitio\/\"},{\"@type\":\"ListItem\",\"position\":2,\"name\":\"Inicio\",\"item\":\"https:\/\/didacta.com.uy\/sitio\/\"},{\"@type\":\"ListItem\",\"position\":3,\"name\":\"1000 NOMBRES\"}]},{\"@type\":\"WebSite\",\"@id\":\"https:\/\/didacta.com.uy\/sitio\/#website\",\"url\":\"https:\/\/didacta.com.uy\/sitio\/\",\"name\":\"Didacta\",\"description\":\"Con m\u00e1s de 20 a\u00f1os de experiencia, DIDACTA es la marca l\u00edder en el mercado uruguayo de juegos de mesa.\",\"potentialAction\":[{\"@type\":\"SearchAction\",\"target\":{\"@type\":\"EntryPoint\",\"urlTemplate\":\"https:\/\/didacta.com.uy\/sitio\/?s={search_term_string}\"},\"query-input\":{\"@type\":\"PropertyValueSpecification\",\"valueRequired\":true,\"valueName\":\"search_term_string\"}}],\"inLanguage\":\"es\"}]}<\/script>\n<!-- \/ Yoast SEO plugin. -->","yoast_head_json":{"title":"1000 NOMBRES - Didacta","robots":{"index":"index","follow":"follow","max-snippet":"max-snippet:-1","max-image-preview":"max-image-preview:large","max-video-preview":"max-video-preview:-1"},"canonical":"https:\/\/didacta.com.uy\/sitio\/producto\/1000-nombres\/","og_locale":"es_ES","og_type":"article","og_title":"1000 NOMBRES - Didacta","og_description":"&nbsp;  Divertite con la m\u00e1s emocionante batalla de letras y todo lo que pueda surgir de tu creatividad e imaginaci\u00f3n. Dependiendo el lugar que se encuentre tu pe\u00f3n en el tablero y la letra que te corresponda en la carta, deber\u00e1s decir su nombre para avanzar. Por ejemplo: en la casilla B, una prenda de vestir que empiece por esa letra: Blusa! En la J, un pa\u00eds: Jap\u00f3n! En la P, instrumento musical: Piano! Mil nombres de los m\u00e1s variados temas que ir\u00e1s aprendiendo a lo largo del juego. El primero que llegue a la V ser\u00e1 el ganador.  C\u00f3digo: 154\/02 C\u00f3digo de barras: 7792745043239 Edad: 7 a\u00f1os en adelante Cantidad de jugadores: 2 a 6 jugadores Contenido: 1 tablero, 6 peones, 24 cartas Medidas: 33,5 x 23 x 3,5 cm Instrucciones: Descargar","og_url":"https:\/\/didacta.com.uy\/sitio\/producto\/1000-nombres\/","og_site_name":"Didacta","article_modified_time":"2024-04-11T15:12:52+00:00","og_image":[{"width":800,"height":600,"url":"https:\/\/didacta.com.uy\/sitio\/wp-content\/uploads\/2018\/10\/1000Nombres.jpg","type":"image\/jpeg"}],"twitter_card":"summary_large_image","twitter_misc":{"Tiempo de lectura":"1 minuto"},"schema":{"@context":"https:\/\/schema.org","@graph":[{"@type":"WebPage","@id":"https:\/\/didacta.com.uy\/sitio\/producto\/1000-nombres\/","url":"https:\/\/didacta.com.uy\/sitio\/producto\/1000-nombres\/","name":"1000 NOMBRES - Didacta","isPartOf":{"@id":"https:\/\/didacta.com.uy\/sitio\/#website"},"primaryImageOfPage":{"@id":"https:\/\/didacta.com.uy\/sitio\/producto\/1000-nombres\/#primaryimage"},"image":{"@id":"https:\/\/didacta.com.uy\/sitio\/producto\/1000-nombres\/#primaryimage"},"thumbnailUrl":"https:\/\/didacta.com.uy\/sitio\/wp-content\/uploads\/2018\/10\/1000Nombres.jpg","datePublished":"2018-10-03T18:12:35+00:00","dateModified":"2024-04-11T15:12:52+00:00","breadcrumb":{"@id":"https:\/\/didacta.com.uy\/sitio\/producto\/1000-nombres\/#breadcrumb"},"inLanguage":"es","potentialAction":[{"@type":"ReadAction","target":["https:\/\/didacta.com.uy\/sitio\/producto\/1000-nombres\/"]}]},{"@type":"ImageObject","inLanguage":"es","@id":"https:\/\/didacta.com.uy\/sitio\/producto\/1000-nombres\/#primaryimage","url":"https:\/\/didacta.com.uy\/sitio\/wp-content\/uploads\/2018\/10\/1000Nombres.jpg","contentUrl":"https:\/\/didacta.com.uy\/sitio\/wp-content\/uploads\/2018\/10\/1000Nombres.jpg","width":800,"height":600},{"@type":"BreadcrumbList","@id":"https:\/\/didacta.com.uy\/sitio\/producto\/1000-nombres\/#breadcrumb","itemListElement":[{"@type":"ListItem","position":1,"name":"Portada","item":"https:\/\/didacta.com.uy\/sitio\/"},{"@type":"ListItem","position":2,"name":"Inicio","item":"https:\/\/didacta.com.uy\/sitio\/"},{"@type":"ListItem","position":3,"name":"1000 NOMBRES"}]},{"@type":"WebSite","@id":"https:\/\/didacta.com.uy\/sitio\/#website","url":"https:\/\/didacta.com.uy\/sitio\/","name":"Didacta","description":"Con m\u00e1s de 20 a\u00f1os de experiencia, DIDACTA es la marca l\u00edder en el mercado uruguayo de juegos de mesa.","potentialAction":[{"@type":"SearchAction","target":{"@type":"EntryPoint","urlTemplate":"https:\/\/didacta.com.uy\/sitio\/?s={search_term_string}"},"query-input":{"@type":"PropertyValueSpecification","valueRequired":true,"valueName":"search_term_string"}}],"inLanguage":"es"}]}},"_links":{"self":[{"href":"https:\/\/didacta.com.uy\/sitio\/wp-json\/wp\/v2\/product\/205746","targetHints":{"allow":["GET"]}}],"collection":[{"href":"https:\/\/didacta.com.uy\/sitio\/wp-json\/wp\/v2\/product"}],"about":[{"href":"https:\/\/didacta.com.uy\/sitio\/wp-json\/wp\/v2\/types\/product"}],"replies":[{"embeddable":true,"href":"https:\/\/didacta.com.uy\/sitio\/wp-json\/wp\/v2\/comments?post=205746"}],"wp:featuredmedia":[{"embeddable":true,"href":"https:\/\/didacta.com.uy\/sitio\/wp-json\/wp\/v2\/media\/208823"}],"wp:attachment":[{"href":"https:\/\/didacta.com.uy\/sitio\/wp-json\/wp\/v2\/media?parent=205746"}],"wp:term":[{"taxonomy":"product_brand","embeddable":true,"href":"https:\/\/didacta.com.uy\/sitio\/wp-json\/wp\/v2\/product_brand?post=205746"},{"taxonomy":"product_cat","embeddable":true,"href":"https:\/\/didacta.com.uy\/sitio\/wp-json\/wp\/v2\/product_cat?post=205746"},{"taxonomy":"product_tag","embeddable":true,"href":"https:\/\/didacta.com.uy\/sitio\/wp-json\/wp\/v2\/product_tag?post=205746"}],"curies":[{"name":"wp","href":"https:\/\/api.w.org\/{rel}","templated":true}]}}