{"id":205744,"date":"2018-10-03T18:12:27","date_gmt":"2018-10-03T18:12:27","guid":{"rendered":"http:\/\/didacta.com.uy\/sitio\/producto\/metropoly-junior\/"},"modified":"2022-10-05T12:00:51","modified_gmt":"2022-10-05T12:00:51","slug":"metropoly-junior","status":"publish","type":"product","link":"https:\/\/didacta.com.uy\/sitio\/producto\/metropoly-junior\/","title":{"rendered":"METROPOLY JUNIOR"},"content":{"rendered":"<p>Compra terrenos, construye casas, hipoteca propiedades para adquirir la Compa\u00f1\u00eda de Aviaci\u00f3n con la que cobrar\u00e1s m\u00e1s dividendos que aumentar\u00e1n tu fortuna.<br \/>\nEl cl\u00e1sico juego de las finanzas, en su versi\u00f3n para los m\u00e1s chicos.<\/p>\n<p><span style=\"color: #ff0000;\"><strong>C\u00f3digo: <\/strong><\/span>150\/64<br \/>\n<strong><span style=\"color: #ff0000;\">C\u00f3digo de barras:<\/span> <\/strong>7730549150647<br \/>\n<strong><span style=\"color: #ff0000;\">Edad:<\/span><\/strong> 5 a\u00f1os en adelante<br \/>\n<strong><span style=\"color: #ff0000;\">Cantidad de jugadores:<\/span><\/strong> 2 a 4 jugadores<br \/>\n<strong><span style=\"color: #ff0000;\">Contenido:<\/span> <\/strong>tablero, dado,autitos, billetes, tarjetas y boleterias<br \/>\n<strong><span style=\"color: #ff0000;\">Medidas:<\/span> <\/strong>33 x 23 x 4,5 cm<br \/>\n<strong><span style=\"color: #ff0000;\">Instrucciones:<\/span> <\/strong><a href=\"http:\/\/didacta.com.uy\/sitio\/wp-content\/uploads\/2021\/03\/instrucciones_metropolyjunior.pdf\" target=\"_blank\" rel=\"noopener\">Descargar<\/a><\/p>\n","protected":false},"excerpt":{"rendered":"<p>Compra terrenos, construye casas, hipoteca propiedades para adquirir la Compa\u00f1\u00eda de Aviaci\u00f3n con la que cobrar\u00e1s m\u00e1s dividendos que aumentar\u00e1n tu fortuna.<br \/>\nEl cl\u00e1sico juego de las finanzas, en su versi\u00f3n para los m\u00e1s chicos.<\/p>\n<p><span style=\"color: #ff0000;\"><strong>C\u00f3digo: <\/strong><\/span>150\/64<br \/>\n<strong><span style=\"color: #ff0000;\">C\u00f3digo de barras:<\/span> <\/strong>7730549150647<br \/>\n<strong><span style=\"color: #ff0000;\">Edad:<\/span><\/strong> 5 a\u00f1os en adelante<br \/>\n<strong><span style=\"color: #ff0000;\">Cantidad de jugadores:<\/span><\/strong> 2 a 4 jugadores<br \/>\n<strong><span style=\"color: #ff0000;\">Contenido:<\/span> <\/strong>tablero, dado,autitos, billetes, tarjetas y boleterias<br \/>\n<strong><span style=\"color: #ff0000;\">Medidas:<\/span> <\/strong>33 x 23 x 4,5 cm<br \/>\n<strong><span style=\"color: #ff0000;\">Instrucciones:<\/span> <\/strong><a href=\"http:\/\/didacta.com.uy\/sitio\/wp-content\/uploads\/2021\/03\/instrucciones_metropolyjunior.pdf\" target=\"_blank\" rel=\"noopener\">Descargar<\/a><\/p>\n","protected":false},"featured_media":208993,"comment_status":"closed","ping_status":"closed","template":"","meta":{"_et_pb_use_builder":"","_et_pb_old_content":"","_et_gb_content_width":"","_uf_show_specific_survey":0,"_uf_disable_surveys":false},"product_brand":[],"product_cat":[72,32],"product_tag":[],"class_list":{"0":"post-205744","1":"product","2":"type-product","3":"status-publish","4":"has-post-thumbnail","6":"product_cat-6-a-9-anos","7":"product_cat-metropoly","9":"first","10":"instock","11":"purchasable","12":"product-type-simple"},"aioseo_notices":[],"yoast_head":"<!-- This site is optimized with the Yoast SEO plugin v24.8.1 - https:\/\/yoast.com\/wordpress\/plugins\/seo\/ -->\n<title>METROPOLY JUNIOR - Didacta<\/title>\n<meta name=\"robots\" content=\"index, follow, max-snippet:-1, max-image-preview:large, max-video-preview:-1\" \/>\n<link rel=\"canonical\" href=\"https:\/\/didacta.com.uy\/sitio\/producto\/metropoly-junior\/\" \/>\n<meta property=\"og:locale\" content=\"es_ES\" \/>\n<meta property=\"og:type\" content=\"article\" \/>\n<meta property=\"og:title\" content=\"METROPOLY JUNIOR - Didacta\" \/>\n<meta property=\"og:description\" content=\"Compra terrenos, construye casas, hipoteca propiedades para adquirir la Compa\u00f1\u00eda de Aviaci\u00f3n con la que cobrar\u00e1s m\u00e1s dividendos que aumentar\u00e1n tu fortuna. El cl\u00e1sico juego de las finanzas, en su versi\u00f3n para los m\u00e1s chicos.  C\u00f3digo: 150\/64 C\u00f3digo de barras: 7730549150647 Edad: 5 a\u00f1os en adelante Cantidad de jugadores: 2 a 4 jugadores Contenido: tablero, dado,autitos, billetes, tarjetas y boleterias Medidas: 33 x 23 x 4,5 cm Instrucciones: Descargar\" \/>\n<meta property=\"og:url\" content=\"https:\/\/didacta.com.uy\/sitio\/producto\/metropoly-junior\/\" \/>\n<meta property=\"og:site_name\" content=\"Didacta\" \/>\n<meta property=\"article:modified_time\" content=\"2022-10-05T12:00:51+00:00\" \/>\n<meta property=\"og:image\" content=\"https:\/\/didacta.com.uy\/sitio\/wp-content\/uploads\/2018\/10\/150-64_Metropoly-Junior_Metropoly.jpg\" \/>\n\t<meta property=\"og:image:width\" content=\"1019\" \/>\n\t<meta property=\"og:image:height\" content=\"800\" \/>\n\t<meta property=\"og:image:type\" content=\"image\/jpeg\" \/>\n<meta name=\"twitter:card\" content=\"summary_large_image\" \/>\n<script type=\"application\/ld+json\" class=\"yoast-schema-graph\">{\"@context\":\"https:\/\/schema.org\",\"@graph\":[{\"@type\":\"WebPage\",\"@id\":\"https:\/\/didacta.com.uy\/sitio\/producto\/metropoly-junior\/\",\"url\":\"https:\/\/didacta.com.uy\/sitio\/producto\/metropoly-junior\/\",\"name\":\"METROPOLY JUNIOR - Didacta\",\"isPartOf\":{\"@id\":\"https:\/\/didacta.com.uy\/sitio\/#website\"},\"primaryImageOfPage\":{\"@id\":\"https:\/\/didacta.com.uy\/sitio\/producto\/metropoly-junior\/#primaryimage\"},\"image\":{\"@id\":\"https:\/\/didacta.com.uy\/sitio\/producto\/metropoly-junior\/#primaryimage\"},\"thumbnailUrl\":\"https:\/\/didacta.com.uy\/sitio\/wp-content\/uploads\/2018\/10\/150-64_Metropoly-Junior_Metropoly.jpg\",\"datePublished\":\"2018-10-03T18:12:27+00:00\",\"dateModified\":\"2022-10-05T12:00:51+00:00\",\"breadcrumb\":{\"@id\":\"https:\/\/didacta.com.uy\/sitio\/producto\/metropoly-junior\/#breadcrumb\"},\"inLanguage\":\"es\",\"potentialAction\":[{\"@type\":\"ReadAction\",\"target\":[\"https:\/\/didacta.com.uy\/sitio\/producto\/metropoly-junior\/\"]}]},{\"@type\":\"ImageObject\",\"inLanguage\":\"es\",\"@id\":\"https:\/\/didacta.com.uy\/sitio\/producto\/metropoly-junior\/#primaryimage\",\"url\":\"https:\/\/didacta.com.uy\/sitio\/wp-content\/uploads\/2018\/10\/150-64_Metropoly-Junior_Metropoly.jpg\",\"contentUrl\":\"https:\/\/didacta.com.uy\/sitio\/wp-content\/uploads\/2018\/10\/150-64_Metropoly-Junior_Metropoly.jpg\",\"width\":1019,\"height\":800},{\"@type\":\"BreadcrumbList\",\"@id\":\"https:\/\/didacta.com.uy\/sitio\/producto\/metropoly-junior\/#breadcrumb\",\"itemListElement\":[{\"@type\":\"ListItem\",\"position\":1,\"name\":\"Portada\",\"item\":\"https:\/\/didacta.com.uy\/sitio\/\"},{\"@type\":\"ListItem\",\"position\":2,\"name\":\"Inicio\",\"item\":\"https:\/\/didacta.com.uy\/sitio\/\"},{\"@type\":\"ListItem\",\"position\":3,\"name\":\"METROPOLY JUNIOR\"}]},{\"@type\":\"WebSite\",\"@id\":\"https:\/\/didacta.com.uy\/sitio\/#website\",\"url\":\"https:\/\/didacta.com.uy\/sitio\/\",\"name\":\"Didacta\",\"description\":\"Con m\u00e1s de 20 a\u00f1os de experiencia, DIDACTA es la marca l\u00edder en el mercado uruguayo de juegos de mesa.\",\"potentialAction\":[{\"@type\":\"SearchAction\",\"target\":{\"@type\":\"EntryPoint\",\"urlTemplate\":\"https:\/\/didacta.com.uy\/sitio\/?s={search_term_string}\"},\"query-input\":{\"@type\":\"PropertyValueSpecification\",\"valueRequired\":true,\"valueName\":\"search_term_string\"}}],\"inLanguage\":\"es\"}]}<\/script>\n<!-- \/ Yoast SEO plugin. -->","yoast_head_json":{"title":"METROPOLY JUNIOR - Didacta","robots":{"index":"index","follow":"follow","max-snippet":"max-snippet:-1","max-image-preview":"max-image-preview:large","max-video-preview":"max-video-preview:-1"},"canonical":"https:\/\/didacta.com.uy\/sitio\/producto\/metropoly-junior\/","og_locale":"es_ES","og_type":"article","og_title":"METROPOLY JUNIOR - Didacta","og_description":"Compra terrenos, construye casas, hipoteca propiedades para adquirir la Compa\u00f1\u00eda de Aviaci\u00f3n con la que cobrar\u00e1s m\u00e1s dividendos que aumentar\u00e1n tu fortuna. El cl\u00e1sico juego de las finanzas, en su versi\u00f3n para los m\u00e1s chicos.  C\u00f3digo: 150\/64 C\u00f3digo de barras: 7730549150647 Edad: 5 a\u00f1os en adelante Cantidad de jugadores: 2 a 4 jugadores Contenido: tablero, dado,autitos, billetes, tarjetas y boleterias Medidas: 33 x 23 x 4,5 cm Instrucciones: Descargar","og_url":"https:\/\/didacta.com.uy\/sitio\/producto\/metropoly-junior\/","og_site_name":"Didacta","article_modified_time":"2022-10-05T12:00:51+00:00","og_image":[{"width":1019,"height":800,"url":"https:\/\/didacta.com.uy\/sitio\/wp-content\/uploads\/2018\/10\/150-64_Metropoly-Junior_Metropoly.jpg","type":"image\/jpeg"}],"twitter_card":"summary_large_image","schema":{"@context":"https:\/\/schema.org","@graph":[{"@type":"WebPage","@id":"https:\/\/didacta.com.uy\/sitio\/producto\/metropoly-junior\/","url":"https:\/\/didacta.com.uy\/sitio\/producto\/metropoly-junior\/","name":"METROPOLY JUNIOR - Didacta","isPartOf":{"@id":"https:\/\/didacta.com.uy\/sitio\/#website"},"primaryImageOfPage":{"@id":"https:\/\/didacta.com.uy\/sitio\/producto\/metropoly-junior\/#primaryimage"},"image":{"@id":"https:\/\/didacta.com.uy\/sitio\/producto\/metropoly-junior\/#primaryimage"},"thumbnailUrl":"https:\/\/didacta.com.uy\/sitio\/wp-content\/uploads\/2018\/10\/150-64_Metropoly-Junior_Metropoly.jpg","datePublished":"2018-10-03T18:12:27+00:00","dateModified":"2022-10-05T12:00:51+00:00","breadcrumb":{"@id":"https:\/\/didacta.com.uy\/sitio\/producto\/metropoly-junior\/#breadcrumb"},"inLanguage":"es","potentialAction":[{"@type":"ReadAction","target":["https:\/\/didacta.com.uy\/sitio\/producto\/metropoly-junior\/"]}]},{"@type":"ImageObject","inLanguage":"es","@id":"https:\/\/didacta.com.uy\/sitio\/producto\/metropoly-junior\/#primaryimage","url":"https:\/\/didacta.com.uy\/sitio\/wp-content\/uploads\/2018\/10\/150-64_Metropoly-Junior_Metropoly.jpg","contentUrl":"https:\/\/didacta.com.uy\/sitio\/wp-content\/uploads\/2018\/10\/150-64_Metropoly-Junior_Metropoly.jpg","width":1019,"height":800},{"@type":"BreadcrumbList","@id":"https:\/\/didacta.com.uy\/sitio\/producto\/metropoly-junior\/#breadcrumb","itemListElement":[{"@type":"ListItem","position":1,"name":"Portada","item":"https:\/\/didacta.com.uy\/sitio\/"},{"@type":"ListItem","position":2,"name":"Inicio","item":"https:\/\/didacta.com.uy\/sitio\/"},{"@type":"ListItem","position":3,"name":"METROPOLY JUNIOR"}]},{"@type":"WebSite","@id":"https:\/\/didacta.com.uy\/sitio\/#website","url":"https:\/\/didacta.com.uy\/sitio\/","name":"Didacta","description":"Con m\u00e1s de 20 a\u00f1os de experiencia, DIDACTA es la marca l\u00edder en el mercado uruguayo de juegos de mesa.","potentialAction":[{"@type":"SearchAction","target":{"@type":"EntryPoint","urlTemplate":"https:\/\/didacta.com.uy\/sitio\/?s={search_term_string}"},"query-input":{"@type":"PropertyValueSpecification","valueRequired":true,"valueName":"search_term_string"}}],"inLanguage":"es"}]}},"_links":{"self":[{"href":"https:\/\/didacta.com.uy\/sitio\/wp-json\/wp\/v2\/product\/205744","targetHints":{"allow":["GET"]}}],"collection":[{"href":"https:\/\/didacta.com.uy\/sitio\/wp-json\/wp\/v2\/product"}],"about":[{"href":"https:\/\/didacta.com.uy\/sitio\/wp-json\/wp\/v2\/types\/product"}],"replies":[{"embeddable":true,"href":"https:\/\/didacta.com.uy\/sitio\/wp-json\/wp\/v2\/comments?post=205744"}],"wp:featuredmedia":[{"embeddable":true,"href":"https:\/\/didacta.com.uy\/sitio\/wp-json\/wp\/v2\/media\/208993"}],"wp:attachment":[{"href":"https:\/\/didacta.com.uy\/sitio\/wp-json\/wp\/v2\/media?parent=205744"}],"wp:term":[{"taxonomy":"product_brand","embeddable":true,"href":"https:\/\/didacta.com.uy\/sitio\/wp-json\/wp\/v2\/product_brand?post=205744"},{"taxonomy":"product_cat","embeddable":true,"href":"https:\/\/didacta.com.uy\/sitio\/wp-json\/wp\/v2\/product_cat?post=205744"},{"taxonomy":"product_tag","embeddable":true,"href":"https:\/\/didacta.com.uy\/sitio\/wp-json\/wp\/v2\/product_tag?post=205744"}],"curies":[{"name":"wp","href":"https:\/\/api.w.org\/{rel}","templated":true}]}}