{"id":205743,"date":"2018-10-03T18:12:25","date_gmt":"2018-10-03T18:12:25","guid":{"rendered":"http:\/\/didacta.com.uy\/sitio\/producto\/metropoly-americas\/"},"modified":"2022-10-05T12:00:51","modified_gmt":"2022-10-05T12:00:51","slug":"metropoly-americas","status":"publish","type":"product","link":"https:\/\/didacta.com.uy\/sitio\/producto\/metropoly-americas\/","title":{"rendered":"METROPOLY AM\u00c9RICAS"},"content":{"rendered":"<p>El mercado inmobiliario est\u00e1 cada vez m\u00e1s competitivo. Convi\u00e9rtase en millonario invirtiendo en todas las ciudades de Am\u00e9rica. Uno de los juegos m\u00e1s divertidos que se han creado para toda la familia. Con \u00e9l, los m\u00e1s peque\u00f1os aprender\u00e1n a manejar el dinero y los j\u00f3venes sus finanzas. Junto a los adultos todos se divertir\u00e1n y disfrutar\u00e1n de momentos entretenidos. METROPOLY AM\u00c9RICAS, el juego de los negocios inmobiliarios.<\/p>\n<p><strong><span style=\"color: #ff0000;\">C\u00f3digo:<\/span><\/strong> 150\/63<br \/>\n<strong><span style=\"color: #ff0000;\">C\u00f3digo de barras:<\/span> <\/strong>7730549001376<br \/>\n<strong><span style=\"color: #ff0000;\">Edad:<\/span><\/strong> 8 a\u00f1os en adelante<br \/>\n<strong><span style=\"color: #ff0000;\">Cantidad de jugadores:<\/span><\/strong> 2 a 6 jugadores<br \/>\n<strong><span style=\"color: #ff0000;\">Contenido:<\/span><\/strong> 1 tablero, 2 dados, 6 peones, 14 hoteles, 62 tarjetas suerte\/rev\u00e9s, 30 tarjetas de t\u00edtulo de propiedad de ciudad o compa\u00f1\u00eda, billetes.<br \/>\n<strong><span style=\"color: #ff0000;\">Medidas:<\/span><\/strong> 46,5 x 25 x 4,5 cm<br \/>\n<strong><span style=\"color: #ff0000;\">Instrucciones:<\/span> <\/strong><a href=\"http:\/\/didacta.com.uy\/sitio\/wp-content\/uploads\/2021\/03\/instrucciones_metropolyamerica.pdf\" target=\"_blank\" rel=\"noopener\">Descargar<\/a><\/p>\n","protected":false},"excerpt":{"rendered":"<p>El mercado inmobiliario est\u00e1 cada vez m\u00e1s competitivo. Convi\u00e9rtase en millonario invirtiendo en todas las ciudades de Am\u00e9rica. Uno de los juegos m\u00e1s divertidos que se han creado para toda la familia. Con \u00e9l, los m\u00e1s peque\u00f1os aprender\u00e1n a manejar el dinero y los j\u00f3venes sus finanzas. Junto a los adultos todos se divertir\u00e1n y disfrutar\u00e1n de momentos entretenidos. METROPOLY AM\u00c9RICAS, el juego de los negocios inmobiliarios.<\/p>\n<p><strong><span style=\"color: #ff0000;\">C\u00f3digo:<\/span><\/strong> 150\/63<br \/>\n<strong><span style=\"color: #ff0000;\">C\u00f3digo de barras:<\/span> <\/strong>7730549001376<br \/>\n<strong><span style=\"color: #ff0000;\">Edad:<\/span><\/strong> 8 a\u00f1os en adelante<br \/>\n<strong><span style=\"color: #ff0000;\">Cantidad de jugadores:<\/span><\/strong> 2 a 6 jugadores<br \/>\n<strong><span style=\"color: #ff0000;\">Contenido:<\/span><\/strong> 1 tablero, 2 dados, 6 peones, 14 hoteles, 62 tarjetas suerte\/rev\u00e9s, 30 tarjetas de t\u00edtulo de propiedad de ciudad o compa\u00f1\u00eda, billetes.<br \/>\n<strong><span style=\"color: #ff0000;\">Medidas:<\/span><\/strong> 46,5 x 25 x 4,5 cm<br \/>\n<strong><span style=\"color: #ff0000;\">Instrucciones:<\/span> <\/strong><a href=\"http:\/\/didacta.com.uy\/sitio\/wp-content\/uploads\/2021\/03\/instrucciones_metropolyamerica.pdf\" target=\"_blank\" rel=\"noopener\">Descargar<\/a><\/p>\n","protected":false},"featured_media":208994,"comment_status":"closed","ping_status":"closed","template":"","meta":{"_et_pb_use_builder":"","_et_pb_old_content":"","_et_gb_content_width":"","_uf_show_specific_survey":0,"_uf_disable_surveys":false},"product_brand":[],"product_cat":[72,32],"product_tag":[],"class_list":{"0":"post-205743","1":"product","2":"type-product","3":"status-publish","4":"has-post-thumbnail","6":"product_cat-6-a-9-anos","7":"product_cat-metropoly","9":"first","10":"instock","11":"purchasable","12":"product-type-simple"},"aioseo_notices":[],"yoast_head":"<!-- This site is optimized with the Yoast SEO plugin v24.8.1 - https:\/\/yoast.com\/wordpress\/plugins\/seo\/ -->\n<title>METROPOLY AM\u00c9RICAS - Didacta<\/title>\n<meta name=\"robots\" content=\"index, follow, max-snippet:-1, max-image-preview:large, max-video-preview:-1\" \/>\n<link rel=\"canonical\" href=\"https:\/\/didacta.com.uy\/sitio\/producto\/metropoly-americas\/\" \/>\n<meta property=\"og:locale\" content=\"es_ES\" \/>\n<meta property=\"og:type\" content=\"article\" \/>\n<meta property=\"og:title\" content=\"METROPOLY AM\u00c9RICAS - Didacta\" \/>\n<meta property=\"og:description\" content=\"El mercado inmobiliario est\u00e1 cada vez m\u00e1s competitivo. Convi\u00e9rtase en millonario invirtiendo en todas las ciudades de Am\u00e9rica. Uno de los juegos m\u00e1s divertidos que se han creado para toda la familia. Con \u00e9l, los m\u00e1s peque\u00f1os aprender\u00e1n a manejar el dinero y los j\u00f3venes sus finanzas. Junto a los adultos todos se divertir\u00e1n y disfrutar\u00e1n de momentos entretenidos. METROPOLY AM\u00c9RICAS, el juego de los negocios inmobiliarios.  C\u00f3digo: 150\/63 C\u00f3digo de barras: 7730549001376 Edad: 8 a\u00f1os en adelante Cantidad de jugadores: 2 a 6 jugadores Contenido: 1 tablero, 2 dados, 6 peones, 14 hoteles, 62 tarjetas suerte\/rev\u00e9s, 30 tarjetas de t\u00edtulo de propiedad de ciudad o compa\u00f1\u00eda, billetes. Medidas: 46,5 x 25 x 4,5 cm Instrucciones: Descargar\" \/>\n<meta property=\"og:url\" content=\"https:\/\/didacta.com.uy\/sitio\/producto\/metropoly-americas\/\" \/>\n<meta property=\"og:site_name\" content=\"Didacta\" \/>\n<meta property=\"article:modified_time\" content=\"2022-10-05T12:00:51+00:00\" \/>\n<meta property=\"og:image\" content=\"https:\/\/didacta.com.uy\/sitio\/wp-content\/uploads\/2018\/10\/150-63_Metropoly_Americas_2021.jpg\" \/>\n\t<meta property=\"og:image:width\" content=\"1105\" \/>\n\t<meta property=\"og:image:height\" content=\"800\" \/>\n\t<meta property=\"og:image:type\" content=\"image\/jpeg\" \/>\n<meta name=\"twitter:card\" content=\"summary_large_image\" \/>\n<meta name=\"twitter:label1\" content=\"Tiempo de lectura\" \/>\n\t<meta name=\"twitter:data1\" content=\"1 minuto\" \/>\n<script type=\"application\/ld+json\" class=\"yoast-schema-graph\">{\"@context\":\"https:\/\/schema.org\",\"@graph\":[{\"@type\":\"WebPage\",\"@id\":\"https:\/\/didacta.com.uy\/sitio\/producto\/metropoly-americas\/\",\"url\":\"https:\/\/didacta.com.uy\/sitio\/producto\/metropoly-americas\/\",\"name\":\"METROPOLY AM\u00c9RICAS - Didacta\",\"isPartOf\":{\"@id\":\"https:\/\/didacta.com.uy\/sitio\/#website\"},\"primaryImageOfPage\":{\"@id\":\"https:\/\/didacta.com.uy\/sitio\/producto\/metropoly-americas\/#primaryimage\"},\"image\":{\"@id\":\"https:\/\/didacta.com.uy\/sitio\/producto\/metropoly-americas\/#primaryimage\"},\"thumbnailUrl\":\"https:\/\/didacta.com.uy\/sitio\/wp-content\/uploads\/2018\/10\/150-63_Metropoly_Americas_2021.jpg\",\"datePublished\":\"2018-10-03T18:12:25+00:00\",\"dateModified\":\"2022-10-05T12:00:51+00:00\",\"breadcrumb\":{\"@id\":\"https:\/\/didacta.com.uy\/sitio\/producto\/metropoly-americas\/#breadcrumb\"},\"inLanguage\":\"es\",\"potentialAction\":[{\"@type\":\"ReadAction\",\"target\":[\"https:\/\/didacta.com.uy\/sitio\/producto\/metropoly-americas\/\"]}]},{\"@type\":\"ImageObject\",\"inLanguage\":\"es\",\"@id\":\"https:\/\/didacta.com.uy\/sitio\/producto\/metropoly-americas\/#primaryimage\",\"url\":\"https:\/\/didacta.com.uy\/sitio\/wp-content\/uploads\/2018\/10\/150-63_Metropoly_Americas_2021.jpg\",\"contentUrl\":\"https:\/\/didacta.com.uy\/sitio\/wp-content\/uploads\/2018\/10\/150-63_Metropoly_Americas_2021.jpg\",\"width\":1105,\"height\":800},{\"@type\":\"BreadcrumbList\",\"@id\":\"https:\/\/didacta.com.uy\/sitio\/producto\/metropoly-americas\/#breadcrumb\",\"itemListElement\":[{\"@type\":\"ListItem\",\"position\":1,\"name\":\"Portada\",\"item\":\"https:\/\/didacta.com.uy\/sitio\/\"},{\"@type\":\"ListItem\",\"position\":2,\"name\":\"Inicio\",\"item\":\"https:\/\/didacta.com.uy\/sitio\/\"},{\"@type\":\"ListItem\",\"position\":3,\"name\":\"METROPOLY AM\u00c9RICAS\"}]},{\"@type\":\"WebSite\",\"@id\":\"https:\/\/didacta.com.uy\/sitio\/#website\",\"url\":\"https:\/\/didacta.com.uy\/sitio\/\",\"name\":\"Didacta\",\"description\":\"Con m\u00e1s de 20 a\u00f1os de experiencia, DIDACTA es la marca l\u00edder en el mercado uruguayo de juegos de mesa.\",\"potentialAction\":[{\"@type\":\"SearchAction\",\"target\":{\"@type\":\"EntryPoint\",\"urlTemplate\":\"https:\/\/didacta.com.uy\/sitio\/?s={search_term_string}\"},\"query-input\":{\"@type\":\"PropertyValueSpecification\",\"valueRequired\":true,\"valueName\":\"search_term_string\"}}],\"inLanguage\":\"es\"}]}<\/script>\n<!-- \/ Yoast SEO plugin. -->","yoast_head_json":{"title":"METROPOLY AM\u00c9RICAS - Didacta","robots":{"index":"index","follow":"follow","max-snippet":"max-snippet:-1","max-image-preview":"max-image-preview:large","max-video-preview":"max-video-preview:-1"},"canonical":"https:\/\/didacta.com.uy\/sitio\/producto\/metropoly-americas\/","og_locale":"es_ES","og_type":"article","og_title":"METROPOLY AM\u00c9RICAS - Didacta","og_description":"El mercado inmobiliario est\u00e1 cada vez m\u00e1s competitivo. Convi\u00e9rtase en millonario invirtiendo en todas las ciudades de Am\u00e9rica. Uno de los juegos m\u00e1s divertidos que se han creado para toda la familia. Con \u00e9l, los m\u00e1s peque\u00f1os aprender\u00e1n a manejar el dinero y los j\u00f3venes sus finanzas. Junto a los adultos todos se divertir\u00e1n y disfrutar\u00e1n de momentos entretenidos. METROPOLY AM\u00c9RICAS, el juego de los negocios inmobiliarios.  C\u00f3digo: 150\/63 C\u00f3digo de barras: 7730549001376 Edad: 8 a\u00f1os en adelante Cantidad de jugadores: 2 a 6 jugadores Contenido: 1 tablero, 2 dados, 6 peones, 14 hoteles, 62 tarjetas suerte\/rev\u00e9s, 30 tarjetas de t\u00edtulo de propiedad de ciudad o compa\u00f1\u00eda, billetes. Medidas: 46,5 x 25 x 4,5 cm Instrucciones: Descargar","og_url":"https:\/\/didacta.com.uy\/sitio\/producto\/metropoly-americas\/","og_site_name":"Didacta","article_modified_time":"2022-10-05T12:00:51+00:00","og_image":[{"width":1105,"height":800,"url":"https:\/\/didacta.com.uy\/sitio\/wp-content\/uploads\/2018\/10\/150-63_Metropoly_Americas_2021.jpg","type":"image\/jpeg"}],"twitter_card":"summary_large_image","twitter_misc":{"Tiempo de lectura":"1 minuto"},"schema":{"@context":"https:\/\/schema.org","@graph":[{"@type":"WebPage","@id":"https:\/\/didacta.com.uy\/sitio\/producto\/metropoly-americas\/","url":"https:\/\/didacta.com.uy\/sitio\/producto\/metropoly-americas\/","name":"METROPOLY AM\u00c9RICAS - Didacta","isPartOf":{"@id":"https:\/\/didacta.com.uy\/sitio\/#website"},"primaryImageOfPage":{"@id":"https:\/\/didacta.com.uy\/sitio\/producto\/metropoly-americas\/#primaryimage"},"image":{"@id":"https:\/\/didacta.com.uy\/sitio\/producto\/metropoly-americas\/#primaryimage"},"thumbnailUrl":"https:\/\/didacta.com.uy\/sitio\/wp-content\/uploads\/2018\/10\/150-63_Metropoly_Americas_2021.jpg","datePublished":"2018-10-03T18:12:25+00:00","dateModified":"2022-10-05T12:00:51+00:00","breadcrumb":{"@id":"https:\/\/didacta.com.uy\/sitio\/producto\/metropoly-americas\/#breadcrumb"},"inLanguage":"es","potentialAction":[{"@type":"ReadAction","target":["https:\/\/didacta.com.uy\/sitio\/producto\/metropoly-americas\/"]}]},{"@type":"ImageObject","inLanguage":"es","@id":"https:\/\/didacta.com.uy\/sitio\/producto\/metropoly-americas\/#primaryimage","url":"https:\/\/didacta.com.uy\/sitio\/wp-content\/uploads\/2018\/10\/150-63_Metropoly_Americas_2021.jpg","contentUrl":"https:\/\/didacta.com.uy\/sitio\/wp-content\/uploads\/2018\/10\/150-63_Metropoly_Americas_2021.jpg","width":1105,"height":800},{"@type":"BreadcrumbList","@id":"https:\/\/didacta.com.uy\/sitio\/producto\/metropoly-americas\/#breadcrumb","itemListElement":[{"@type":"ListItem","position":1,"name":"Portada","item":"https:\/\/didacta.com.uy\/sitio\/"},{"@type":"ListItem","position":2,"name":"Inicio","item":"https:\/\/didacta.com.uy\/sitio\/"},{"@type":"ListItem","position":3,"name":"METROPOLY AM\u00c9RICAS"}]},{"@type":"WebSite","@id":"https:\/\/didacta.com.uy\/sitio\/#website","url":"https:\/\/didacta.com.uy\/sitio\/","name":"Didacta","description":"Con m\u00e1s de 20 a\u00f1os de experiencia, DIDACTA es la marca l\u00edder en el mercado uruguayo de juegos de mesa.","potentialAction":[{"@type":"SearchAction","target":{"@type":"EntryPoint","urlTemplate":"https:\/\/didacta.com.uy\/sitio\/?s={search_term_string}"},"query-input":{"@type":"PropertyValueSpecification","valueRequired":true,"valueName":"search_term_string"}}],"inLanguage":"es"}]}},"_links":{"self":[{"href":"https:\/\/didacta.com.uy\/sitio\/wp-json\/wp\/v2\/product\/205743","targetHints":{"allow":["GET"]}}],"collection":[{"href":"https:\/\/didacta.com.uy\/sitio\/wp-json\/wp\/v2\/product"}],"about":[{"href":"https:\/\/didacta.com.uy\/sitio\/wp-json\/wp\/v2\/types\/product"}],"replies":[{"embeddable":true,"href":"https:\/\/didacta.com.uy\/sitio\/wp-json\/wp\/v2\/comments?post=205743"}],"wp:featuredmedia":[{"embeddable":true,"href":"https:\/\/didacta.com.uy\/sitio\/wp-json\/wp\/v2\/media\/208994"}],"wp:attachment":[{"href":"https:\/\/didacta.com.uy\/sitio\/wp-json\/wp\/v2\/media?parent=205743"}],"wp:term":[{"taxonomy":"product_brand","embeddable":true,"href":"https:\/\/didacta.com.uy\/sitio\/wp-json\/wp\/v2\/product_brand?post=205743"},{"taxonomy":"product_cat","embeddable":true,"href":"https:\/\/didacta.com.uy\/sitio\/wp-json\/wp\/v2\/product_cat?post=205743"},{"taxonomy":"product_tag","embeddable":true,"href":"https:\/\/didacta.com.uy\/sitio\/wp-json\/wp\/v2\/product_tag?post=205743"}],"curies":[{"name":"wp","href":"https:\/\/api.w.org\/{rel}","templated":true}]}}